{"id":1020,"date":"2025-11-14T19:12:02","date_gmt":"2025-11-14T19:12:02","guid":{"rendered":"https:\/\/www.mundilibros.cl\/web\/?post_type=product&#038;p=1020"},"modified":"2025-11-14T19:14:18","modified_gmt":"2025-11-14T19:14:18","slug":"historia-de-la-brujeria","status":"publish","type":"product","link":"https:\/\/www.mundilibros.cl\/web\/producto\/historia-de-la-brujeria\/","title":{"rendered":"HISTORIA DE LA BRUJER\u00cdA"},"content":{"rendered":"<p>Esta obra propone desmitificar un tema de ayer, de hoy y de siempre, tan sugestivo, atrayente y lleno de misterio como ha sido y contin\u00faa siendo la brujer\u00eda. La brujer\u00eda ha sido y es uno de tantos fen\u00f3menos de tipo paranormal que ha vivido la historia de la humanidad, surgido por un c\u00famulo de circunstancias pol\u00edticas, sociales, econ\u00f3micas, a las que se debe a\u00f1adir las espirituales, mentales y religiosas.<br \/>\nDesde su aparici\u00f3n sobre la Tierra, los seres humanos han sentido la necesidad de buscar enlaces con ese supuesto o real m\u00e1s all\u00e1 y de contestar a las preguntas: \u00bfqui\u00e9nes somos?, \u00bfde d\u00f3nde venimos? y \u00bfa d\u00f3nde vamos?, sin conseguir unas respuestas plenamente satisfactorias. Las brujas han sido, para bien o para mal, un veh\u00edculo de uni\u00f3n con lo desconocido.<br \/>\nEl profesor Cardona ha puesto los puntos sobre las \u00edes sobre ellas, reflejando los cambios de mentalidad en las diversas \u00e9pocas y pa\u00edses, llegando hasta la \u00e9poca presente y profundizando en la brujer\u00eda espa\u00f1ola y latinoamericana y en las injustas persecuciones de que fue objeto desde mediados de la Edad Media hasta el siglo XVII. En la obra se han analizado tambi\u00e9n las misas negras y la perduraci\u00f3n de la brujer\u00eda en el continente africano, para terminar con una aproximaci\u00f3n a las fiestas populares protagonizadas por brujas o demonios.<\/p>\n","protected":false},"excerpt":{"rendered":"<p>Esta obra propone desmitificar un tema de ayer, de hoy y de siempre, tan sugestivo, atrayente y lleno de misterio como ha sido y contin\u00faa siendo<span class=\"excerpt-hellip\"> [\u2026]<\/span><\/p>\n","protected":false},"featured_media":1072,"comment_status":"closed","ping_status":"closed","template":"","meta":[],"product_brand":[],"product_cat":[89],"product_tag":[],"class_list":{"0":"post-1020","1":"product","2":"type-product","3":"status-publish","4":"has-post-thumbnail","6":"product_cat-ofertas","8":"first","9":"instock","10":"sale","11":"taxable","12":"shipping-taxable","13":"purchasable","14":"product-type-simple"},"_links":{"self":[{"href":"https:\/\/www.mundilibros.cl\/web\/wp-json\/wp\/v2\/product\/1020","targetHints":{"allow":["GET"]}}],"collection":[{"href":"https:\/\/www.mundilibros.cl\/web\/wp-json\/wp\/v2\/product"}],"about":[{"href":"https:\/\/www.mundilibros.cl\/web\/wp-json\/wp\/v2\/types\/product"}],"replies":[{"embeddable":true,"href":"https:\/\/www.mundilibros.cl\/web\/wp-json\/wp\/v2\/comments?post=1020"}],"wp:featuredmedia":[{"embeddable":true,"href":"https:\/\/www.mundilibros.cl\/web\/wp-json\/wp\/v2\/media\/1072"}],"wp:attachment":[{"href":"https:\/\/www.mundilibros.cl\/web\/wp-json\/wp\/v2\/media?parent=1020"}],"wp:term":[{"taxonomy":"product_brand","embeddable":true,"href":"https:\/\/www.mundilibros.cl\/web\/wp-json\/wp\/v2\/product_brand?post=1020"},{"taxonomy":"product_cat","embeddable":true,"href":"https:\/\/www.mundilibros.cl\/web\/wp-json\/wp\/v2\/product_cat?post=1020"},{"taxonomy":"product_tag","embeddable":true,"href":"https:\/\/www.mundilibros.cl\/web\/wp-json\/wp\/v2\/product_tag?post=1020"}],"curies":[{"name":"wp","href":"https:\/\/api.w.org\/{rel}","templated":true}]}}