{"id":1022,"date":"2025-11-14T19:12:02","date_gmt":"2025-11-14T19:12:02","guid":{"rendered":"https:\/\/www.mundilibros.cl\/web\/?post_type=product&#038;p=1022"},"modified":"2025-11-14T19:14:20","modified_gmt":"2025-11-14T19:14:20","slug":"requiem","status":"publish","type":"product","link":"https:\/\/www.mundilibros.cl\/web\/producto\/requiem\/","title":{"rendered":"REQUIEM"},"content":{"rendered":"<p>Han tratado de acabar con nosotros. Pero todav\u00eda estamos aqu\u00ed. Y cada d\u00eda somos m\u00e1s. Quiz\u00e1 tengan raz\u00f3n y nuestros sentimientos nos vuelven locos. Tal vez el amor es una enfermedad de la que tendr\u00edamos que curarnos. Sin embargo, hemos elegido un camino diferente. Y al final, esa es la mejor cura: ser libres para elegir. Ser libres para elegir&#8230; aunque sea equivocadamente. La rebeli\u00f3n que tom\u00f3 forma en\u00bbPademonium\u00bbse ha transformado en una revoluci\u00f3n sin cuartel en\u00bbRequiem\u00bb. Y en el centro de esa lucha est\u00e1 Lena, nuestra protagonista. Despu\u00e9s e rescatara a Julian de una sentencia de muerte, Lena y sus amigos huyen a la Tierra Salvaje. Pero ya no hay refugio seguro. Los focos de rebeli\u00f3n se han extendido por todo el pa\u00eds y el gobierno, que ya no puede negar la existencia de los inv\u00e1lidos, act\u00faa con contundencia. Agentes del gobierno se infiltran en las zonas fronterizas, dando caza a los insurrectos. Y mientras Lena se interna en situaciones y terrenos cada vez m\u00e1s peligrosos, Hana, su mejor amiga, lleva una c\u00f3moda y placentera vida en Portland, siendo la novia de un joven alcalde. Requiem est\u00e1 narrada siguiendo los puntos de vista de Lena y Hana. Su vida, que ha discurrido separada tras los \u00faltimos acontecimientos narrados a lo largo de los dos primeros t\u00edtulos de la saga (\u00abDelirium\u00bby\u00bbPandemonium\u00bb) por fin converge en un final explosivo.<\/p>\n","protected":false},"excerpt":{"rendered":"<p>Han tratado de acabar con nosotros. Pero todav\u00eda estamos aqu\u00ed. Y cada d\u00eda somos m\u00e1s. Quiz\u00e1 tengan raz\u00f3n y nuestros sentimientos nos vuelven locos. Tal vez<span class=\"excerpt-hellip\"> [\u2026]<\/span><\/p>\n","protected":false},"featured_media":1074,"comment_status":"closed","ping_status":"closed","template":"","meta":[],"product_brand":[],"product_cat":[58],"product_tag":[],"class_list":{"0":"post-1022","1":"product","2":"type-product","3":"status-publish","4":"has-post-thumbnail","6":"product_cat-juvenil","8":"first","9":"outofstock","10":"taxable","11":"shipping-taxable","12":"purchasable","13":"product-type-simple"},"_links":{"self":[{"href":"https:\/\/www.mundilibros.cl\/web\/wp-json\/wp\/v2\/product\/1022","targetHints":{"allow":["GET"]}}],"collection":[{"href":"https:\/\/www.mundilibros.cl\/web\/wp-json\/wp\/v2\/product"}],"about":[{"href":"https:\/\/www.mundilibros.cl\/web\/wp-json\/wp\/v2\/types\/product"}],"replies":[{"embeddable":true,"href":"https:\/\/www.mundilibros.cl\/web\/wp-json\/wp\/v2\/comments?post=1022"}],"wp:featuredmedia":[{"embeddable":true,"href":"https:\/\/www.mundilibros.cl\/web\/wp-json\/wp\/v2\/media\/1074"}],"wp:attachment":[{"href":"https:\/\/www.mundilibros.cl\/web\/wp-json\/wp\/v2\/media?parent=1022"}],"wp:term":[{"taxonomy":"product_brand","embeddable":true,"href":"https:\/\/www.mundilibros.cl\/web\/wp-json\/wp\/v2\/product_brand?post=1022"},{"taxonomy":"product_cat","embeddable":true,"href":"https:\/\/www.mundilibros.cl\/web\/wp-json\/wp\/v2\/product_cat?post=1022"},{"taxonomy":"product_tag","embeddable":true,"href":"https:\/\/www.mundilibros.cl\/web\/wp-json\/wp\/v2\/product_tag?post=1022"}],"curies":[{"name":"wp","href":"https:\/\/api.w.org\/{rel}","templated":true}]}}