{"id":1035,"date":"2025-11-14T19:12:29","date_gmt":"2025-11-14T19:12:29","guid":{"rendered":"https:\/\/www.mundilibros.cl\/web\/?post_type=product&#038;p=1035"},"modified":"2025-11-14T19:14:49","modified_gmt":"2025-11-14T19:14:49","slug":"descubriendo-a-los-sadik","status":"publish","type":"product","link":"https:\/\/www.mundilibros.cl\/web\/producto\/descubriendo-a-los-sadik\/","title":{"rendered":"DESCUBRIENDO A LOS SADIK"},"content":{"rendered":"<h3><\/h3>\n<p>Son el sue\u00f1o literario hecho realidad de cualquier lectora.<\/p>\n<p>Serios, rom\u00e1nticos, seductores, carism\u00e1ticos, muy sensuales y misteriosos<\/p>\n<p>Ellos son due\u00f1os de una editorial por lo que su mayor arma para ganarse a su publico, es ser simplemente ellos y citar frases de libros en el momento indicado.<\/p>\n<p>Evie Edevaine cae en la empresa de estos chicos con la \u00fanica intenci\u00f3n de conseguir un trabajo que d\u00e9 lo suficiente para ser el sustento de su familia.<\/p>\n<p>trabajar en una editorial no suena para nada malo, o al menos, eso cree.<\/p>\n<p>\u00bfSer\u00e1 este empleo junto con aquellos hombres su salvaci\u00f3n o su perdici\u00f3n?<\/p>\n","protected":false},"excerpt":{"rendered":"<h2>Disponible<\/h2>\n","protected":false},"featured_media":1079,"comment_status":"closed","ping_status":"closed","template":"","meta":[],"product_brand":[],"product_cat":[58],"product_tag":[],"class_list":{"0":"post-1035","1":"product","2":"type-product","3":"status-publish","4":"has-post-thumbnail","6":"product_cat-juvenil","8":"first","9":"instock","10":"sale","11":"taxable","12":"shipping-taxable","13":"purchasable","14":"product-type-simple"},"_links":{"self":[{"href":"https:\/\/www.mundilibros.cl\/web\/wp-json\/wp\/v2\/product\/1035","targetHints":{"allow":["GET"]}}],"collection":[{"href":"https:\/\/www.mundilibros.cl\/web\/wp-json\/wp\/v2\/product"}],"about":[{"href":"https:\/\/www.mundilibros.cl\/web\/wp-json\/wp\/v2\/types\/product"}],"replies":[{"embeddable":true,"href":"https:\/\/www.mundilibros.cl\/web\/wp-json\/wp\/v2\/comments?post=1035"}],"wp:featuredmedia":[{"embeddable":true,"href":"https:\/\/www.mundilibros.cl\/web\/wp-json\/wp\/v2\/media\/1079"}],"wp:attachment":[{"href":"https:\/\/www.mundilibros.cl\/web\/wp-json\/wp\/v2\/media?parent=1035"}],"wp:term":[{"taxonomy":"product_brand","embeddable":true,"href":"https:\/\/www.mundilibros.cl\/web\/wp-json\/wp\/v2\/product_brand?post=1035"},{"taxonomy":"product_cat","embeddable":true,"href":"https:\/\/www.mundilibros.cl\/web\/wp-json\/wp\/v2\/product_cat?post=1035"},{"taxonomy":"product_tag","embeddable":true,"href":"https:\/\/www.mundilibros.cl\/web\/wp-json\/wp\/v2\/product_tag?post=1035"}],"curies":[{"name":"wp","href":"https:\/\/api.w.org\/{rel}","templated":true}]}}