{"id":1097,"date":"2025-11-14T19:15:32","date_gmt":"2025-11-14T19:15:32","guid":{"rendered":"https:\/\/www.mundilibros.cl\/web\/?post_type=product&#038;p=1097"},"modified":"2025-11-14T19:15:45","modified_gmt":"2025-11-14T19:15:45","slug":"tarot-de-marsella","status":"publish","type":"product","link":"https:\/\/www.mundilibros.cl\/web\/producto\/tarot-de-marsella\/","title":{"rendered":"TAROT DE MARSELLA"},"content":{"rendered":"<h2 class=\"title\" data-v-3261ed2a=\"\">EL TAROT DE MARSELLA (INCLUYE BARAJA)<\/h2>\n<div data-v-e7bfe3ec=\"\" data-v-8f658ab8=\"\" data-v-3261ed2a=\"\">\n<div class=\"short\" data-v-e7bfe3ec=\"\">\n<div class=\"resume-body\" data-v-e7bfe3ec=\"\" data-v-8f658ab8=\"\">La vida nos est\u00e1 hablando todo el tiempo, pero desgraciadamente los seres humanos hemos olvidado c\u00f3mo escuchar sus mensajes. Ahora, con el Tarot de Marsella y el sencillo manual contenidos en este estuche, podr\u00e1s evaluar f\u00e1cilmente aquellas situaciones que se escapen al an\u00e1lisis directo de tu mente racional. Adem\u00e1s, la lectura del Tarot no requiere dotes especiales de clarividencia, ni cualquier otra habilidad extra\u00f1a.<\/div>\n<\/div>\n<\/div>\n","protected":false},"excerpt":{"rendered":"<h4>LIBRO + CARTAS<\/h4>\n","protected":false},"featured_media":1109,"comment_status":"closed","ping_status":"closed","template":"","meta":[],"product_brand":[],"product_cat":[162],"product_tag":[],"class_list":{"0":"post-1097","1":"product","2":"type-product","3":"status-publish","4":"has-post-thumbnail","6":"product_cat-tarots","8":"first","9":"outofstock","10":"taxable","11":"shipping-taxable","12":"purchasable","13":"product-type-simple"},"_links":{"self":[{"href":"https:\/\/www.mundilibros.cl\/web\/wp-json\/wp\/v2\/product\/1097","targetHints":{"allow":["GET"]}}],"collection":[{"href":"https:\/\/www.mundilibros.cl\/web\/wp-json\/wp\/v2\/product"}],"about":[{"href":"https:\/\/www.mundilibros.cl\/web\/wp-json\/wp\/v2\/types\/product"}],"replies":[{"embeddable":true,"href":"https:\/\/www.mundilibros.cl\/web\/wp-json\/wp\/v2\/comments?post=1097"}],"wp:featuredmedia":[{"embeddable":true,"href":"https:\/\/www.mundilibros.cl\/web\/wp-json\/wp\/v2\/media\/1109"}],"wp:attachment":[{"href":"https:\/\/www.mundilibros.cl\/web\/wp-json\/wp\/v2\/media?parent=1097"}],"wp:term":[{"taxonomy":"product_brand","embeddable":true,"href":"https:\/\/www.mundilibros.cl\/web\/wp-json\/wp\/v2\/product_brand?post=1097"},{"taxonomy":"product_cat","embeddable":true,"href":"https:\/\/www.mundilibros.cl\/web\/wp-json\/wp\/v2\/product_cat?post=1097"},{"taxonomy":"product_tag","embeddable":true,"href":"https:\/\/www.mundilibros.cl\/web\/wp-json\/wp\/v2\/product_tag?post=1097"}],"curies":[{"name":"wp","href":"https:\/\/api.w.org\/{rel}","templated":true}]}}