{"id":1130,"date":"2025-11-14T19:16:22","date_gmt":"2025-11-14T19:16:22","guid":{"rendered":"https:\/\/www.mundilibros.cl\/web\/?post_type=product&#038;p=1130"},"modified":"2025-11-14T19:17:05","modified_gmt":"2025-11-14T19:17:05","slug":"ariana-la-de-las-flores","status":"publish","type":"product","link":"https:\/\/www.mundilibros.cl\/web\/producto\/ariana-la-de-las-flores\/","title":{"rendered":"ARIANA LA DE LAS FLORES"},"content":{"rendered":"<p>Bel\u00e9n, una chica com\u00fan y corriente que hace poco se ha independizado, consigue un puesto como secretaria en la revista literaria \u00abRose Gold\u00bb para trabajar en lo que m\u00e1s ama: los libros. Desde su peque\u00f1a oficina, puede ver a Ariana, la directora general de la aclamada revista, cuya sonrisa brillante, caminar distinguido y una rosa siempre en las manos, resultan un deleite para los ojos. El romance florecer\u00e1 poco a poco, haciendo que el mundo gris de Bel\u00e9n se ti\u00f1a con el color de las rosas y se perfume con su aroma. Sin embargo, el camino hacia el verdadero amor est\u00e1 lleno de obst\u00e1culos; ambas deber\u00e1n crecer, madurar y arriesgar m\u00e1s de lo que jam\u00e1s imaginaron, si quieren que su amor florezca.<\/p>\n","protected":false},"excerpt":{"rendered":"<p>Bel\u00e9n, una chica com\u00fan y corriente que hace poco se ha independizado, consigue un puesto como secretaria en la revista literaria \u00abRose Gold\u00bb para trabajar en<span class=\"excerpt-hellip\"> [\u2026]<\/span><\/p>\n","protected":false},"featured_media":1149,"comment_status":"closed","ping_status":"closed","template":"","meta":[],"product_brand":[],"product_cat":[58],"product_tag":[],"class_list":{"0":"post-1130","1":"product","2":"type-product","3":"status-publish","4":"has-post-thumbnail","6":"product_cat-juvenil","8":"first","9":"instock","10":"sale","11":"taxable","12":"shipping-taxable","13":"purchasable","14":"product-type-simple"},"_links":{"self":[{"href":"https:\/\/www.mundilibros.cl\/web\/wp-json\/wp\/v2\/product\/1130","targetHints":{"allow":["GET"]}}],"collection":[{"href":"https:\/\/www.mundilibros.cl\/web\/wp-json\/wp\/v2\/product"}],"about":[{"href":"https:\/\/www.mundilibros.cl\/web\/wp-json\/wp\/v2\/types\/product"}],"replies":[{"embeddable":true,"href":"https:\/\/www.mundilibros.cl\/web\/wp-json\/wp\/v2\/comments?post=1130"}],"wp:featuredmedia":[{"embeddable":true,"href":"https:\/\/www.mundilibros.cl\/web\/wp-json\/wp\/v2\/media\/1149"}],"wp:attachment":[{"href":"https:\/\/www.mundilibros.cl\/web\/wp-json\/wp\/v2\/media?parent=1130"}],"wp:term":[{"taxonomy":"product_brand","embeddable":true,"href":"https:\/\/www.mundilibros.cl\/web\/wp-json\/wp\/v2\/product_brand?post=1130"},{"taxonomy":"product_cat","embeddable":true,"href":"https:\/\/www.mundilibros.cl\/web\/wp-json\/wp\/v2\/product_cat?post=1130"},{"taxonomy":"product_tag","embeddable":true,"href":"https:\/\/www.mundilibros.cl\/web\/wp-json\/wp\/v2\/product_tag?post=1130"}],"curies":[{"name":"wp","href":"https:\/\/api.w.org\/{rel}","templated":true}]}}