{"id":1176,"date":"2025-11-14T19:17:41","date_gmt":"2025-11-14T19:17:41","guid":{"rendered":"https:\/\/www.mundilibros.cl\/web\/?post_type=product&#038;p=1176"},"modified":"2025-11-14T19:18:15","modified_gmt":"2025-11-14T19:18:15","slug":"cronicas-de-narnia-pack-serie-completa","status":"publish","type":"product","link":"https:\/\/www.mundilibros.cl\/web\/producto\/cronicas-de-narnia-pack-serie-completa\/","title":{"rendered":"CRONICAS DE NARNIA PACK SERIE COMPLETA"},"content":{"rendered":"<p>Abre las puertas a un mundo fant\u00e1stico donde la imaginaci\u00f3n no tiene l\u00edmites.Contiene:1. El sobrino del mago2. El le\u00f3n, la bruja y el armario3. El caballo y el muchacho4. El pr\u00edncipe Caspian5. La traves\u00eda del Viajero del Alba6. La silla de plata7. La \u00faltima batalla<\/p>\n","protected":false},"excerpt":{"rendered":"<p>Abre las puertas a un mundo fant\u00e1stico donde la imaginaci\u00f3n no tiene l\u00edmites.Contiene:1. El sobrino del mago2. El le\u00f3n, la bruja y el armario3. El caballo<span class=\"excerpt-hellip\"> [\u2026]<\/span><\/p>\n","protected":false},"featured_media":1193,"comment_status":"closed","ping_status":"closed","template":"","meta":[],"product_brand":[],"product_cat":[65],"product_tag":[],"class_list":{"0":"post-1176","1":"product","2":"type-product","3":"status-publish","4":"has-post-thumbnail","6":"product_cat-narrativa-fantastica","8":"first","9":"outofstock","10":"sale","11":"taxable","12":"shipping-taxable","13":"purchasable","14":"product-type-simple"},"_links":{"self":[{"href":"https:\/\/www.mundilibros.cl\/web\/wp-json\/wp\/v2\/product\/1176","targetHints":{"allow":["GET"]}}],"collection":[{"href":"https:\/\/www.mundilibros.cl\/web\/wp-json\/wp\/v2\/product"}],"about":[{"href":"https:\/\/www.mundilibros.cl\/web\/wp-json\/wp\/v2\/types\/product"}],"replies":[{"embeddable":true,"href":"https:\/\/www.mundilibros.cl\/web\/wp-json\/wp\/v2\/comments?post=1176"}],"wp:featuredmedia":[{"embeddable":true,"href":"https:\/\/www.mundilibros.cl\/web\/wp-json\/wp\/v2\/media\/1193"}],"wp:attachment":[{"href":"https:\/\/www.mundilibros.cl\/web\/wp-json\/wp\/v2\/media?parent=1176"}],"wp:term":[{"taxonomy":"product_brand","embeddable":true,"href":"https:\/\/www.mundilibros.cl\/web\/wp-json\/wp\/v2\/product_brand?post=1176"},{"taxonomy":"product_cat","embeddable":true,"href":"https:\/\/www.mundilibros.cl\/web\/wp-json\/wp\/v2\/product_cat?post=1176"},{"taxonomy":"product_tag","embeddable":true,"href":"https:\/\/www.mundilibros.cl\/web\/wp-json\/wp\/v2\/product_tag?post=1176"}],"curies":[{"name":"wp","href":"https:\/\/api.w.org\/{rel}","templated":true}]}}