{"id":1204,"date":"2025-11-14T19:18:28","date_gmt":"2025-11-14T19:18:28","guid":{"rendered":"https:\/\/www.mundilibros.cl\/web\/?post_type=product&#038;p=1204"},"modified":"2025-11-14T19:18:39","modified_gmt":"2025-11-14T19:18:39","slug":"veganomicon","status":"publish","type":"product","link":"https:\/\/www.mundilibros.cl\/web\/producto\/veganomicon\/","title":{"rendered":"VEGANOMICON"},"content":{"rendered":"<p>Estimado Veganomic\u00f3n: Llevo a\u00f1os alejada de la carne y de los productos l\u00e1cteos, pero no soy capaz de comer verduras. Me resultan tan sosas e ins\u00edpidas que bien podr\u00eda masticar una servilleta para conseguir la misma raci\u00f3n de fibra; as\u00ed me ahorrar\u00eda adem\u00e1s el elemento verde que tanto repel\u00fas me da. No obstante, tengo entendido que ingerir estos productos que crecen del esti\u00e9rcol tiene sus ventajas. \u00bfQu\u00e9 me aconsejas? Un cordial saludo, Do\u00f1a Cautelosa de las Hierbas Estimada Cautelosa: No temas. A nosotras nos gusta la comida sabrosa tanto como a ti. Perm\u00edtenos presentarte 250 deliciosas recetas del Veganomic\u00f3n elaboradas con sencillas t\u00e9cnicas culinarias. Con tu permiso, te ayudaremos a transformar ra\u00edces, brotes, hojas y frutos comestibles de gran variedad de plantas en alimentos sumamente gratos al paladar mediante la aplicaci\u00f3n puntual de calor, aceites y condimentos. Te encantar\u00e1 el resultado. Post data: A petici\u00f3n del p\u00fablico hemos incluido tambi\u00e9n diferentes men\u00fas para ocasiones especiales, adem\u00e1s de numerosas recetas exentas de soja, sin gluten y bajas en calor\u00edas. Y en caso de que est\u00e9s tremendamente ocupada y apenas dispongas de tiempo de preparar la cena, ten en cuenta que muchos de nuestros platos pueden elaborarse en menos de 45 minutos. \u00a1Incluso hay algunos que requieren menos de 15 minutos! Con cari\u00f1o, Isa y Terry<\/p>\n","protected":false},"excerpt":{"rendered":"<p>Estimado Veganomic\u00f3n: Llevo a\u00f1os alejada de la carne y de los productos l\u00e1cteos, pero no soy capaz de comer verduras. Me resultan tan sosas e ins\u00edpidas<span class=\"excerpt-hellip\"> [\u2026]<\/span><\/p>\n","protected":false},"featured_media":1214,"comment_status":"closed","ping_status":"closed","template":"","meta":[],"product_brand":[],"product_cat":[47],"product_tag":[],"class_list":{"0":"post-1204","1":"product","2":"type-product","3":"status-publish","4":"has-post-thumbnail","6":"product_cat-cocina","8":"first","9":"instock","10":"sale","11":"taxable","12":"shipping-taxable","13":"purchasable","14":"product-type-simple"},"_links":{"self":[{"href":"https:\/\/www.mundilibros.cl\/web\/wp-json\/wp\/v2\/product\/1204","targetHints":{"allow":["GET"]}}],"collection":[{"href":"https:\/\/www.mundilibros.cl\/web\/wp-json\/wp\/v2\/product"}],"about":[{"href":"https:\/\/www.mundilibros.cl\/web\/wp-json\/wp\/v2\/types\/product"}],"replies":[{"embeddable":true,"href":"https:\/\/www.mundilibros.cl\/web\/wp-json\/wp\/v2\/comments?post=1204"}],"wp:featuredmedia":[{"embeddable":true,"href":"https:\/\/www.mundilibros.cl\/web\/wp-json\/wp\/v2\/media\/1214"}],"wp:attachment":[{"href":"https:\/\/www.mundilibros.cl\/web\/wp-json\/wp\/v2\/media?parent=1204"}],"wp:term":[{"taxonomy":"product_brand","embeddable":true,"href":"https:\/\/www.mundilibros.cl\/web\/wp-json\/wp\/v2\/product_brand?post=1204"},{"taxonomy":"product_cat","embeddable":true,"href":"https:\/\/www.mundilibros.cl\/web\/wp-json\/wp\/v2\/product_cat?post=1204"},{"taxonomy":"product_tag","embeddable":true,"href":"https:\/\/www.mundilibros.cl\/web\/wp-json\/wp\/v2\/product_tag?post=1204"}],"curies":[{"name":"wp","href":"https:\/\/api.w.org\/{rel}","templated":true}]}}

<p>Estimado Veganomicón: Llevo años alejada de la carne y de los productos lácteos, pero no soy capaz de comer verduras. Me resultan tan sosas e insípidas que bien podría masticar una servilleta para conseguir la misma ración de fibra; así me ahorraría además el elemento verde que tanto repelús me da. No obstante, tengo entendido que ingerir estos productos que crecen del estiércol tiene sus ventajas. ¿Qué me aconsejas? Un cordial saludo, Doña Cautelosa de las Hierbas Estimada Cautelosa: No temas. A nosotras nos gusta la comida sabrosa tanto como a ti. Permítenos presentarte 250 deliciosas recetas del Veganomicón elaboradas con sencillas técnicas culinarias. Con tu permiso, te ayudaremos a transformar raíces, brotes, hojas y frutos comestibles de gran variedad de plantas en alimentos sumamente gratos al paladar mediante la aplicación puntual de calor, aceites y condimentos. Te encantará el resultado. Post data: A petición del público hemos incluido también diferentes menús para ocasiones especiales, además de numerosas recetas exentas de soja, sin gluten y bajas en calorías. Y en caso de que estés tremendamente ocupada y apenas dispongas de tiempo de preparar la cena, ten en cuenta que muchos de nuestros platos pueden elaborarse en menos de 45 minutos. ¡Incluso hay algunos que requieren menos de 15 minutos! Con cariño, Isa y Terry</p>

<p>Estimado Veganomicón: Llevo años alejada de la carne y de los productos lácteos, pero no soy capaz de comer verduras. Me resultan tan sosas e insípidas<span class="excerpt-hellip"> […]</span></p>
