{"id":1207,"date":"2025-11-14T19:18:28","date_gmt":"2025-11-14T19:18:28","guid":{"rendered":"https:\/\/www.mundilibros.cl\/web\/?post_type=product&#038;p=1207"},"modified":"2026-04-29T00:31:03","modified_gmt":"2026-04-29T00:31:03","slug":"la-noche-del-meteorito","status":"publish","type":"product","link":"https:\/\/www.mundilibros.cl\/web\/producto\/la-noche-del-meteorito\/","title":{"rendered":"LA NOCHE DEL METEORITO"},"content":{"rendered":"<p>Valentino es un adolescente de 14 a\u00f1os, parecido a muchos chicos de su edad, pero con gustos diferentes. Es fan\u00e1tico de los meteoritos, los observatorios y los museos. Cierto d\u00eda, se ve sorprendido cuando una pelota de tenis naranja le habla para pedirle que salve a su planeta, Tit\u00e1n, de la destrucci\u00f3n que la sonda europea Huygens ha causado en su universo. \u00bfPor qu\u00e9 fue elegido para tama\u00f1a misi\u00f3n? \u00bfQu\u00e9 har\u00e1 Mechi, su amiga del alma? \u00bfQu\u00e9 extra\u00f1o misterio rodea al meteorito El Toba? \u00bfQui\u00e9n es verdaderamente Jean Pierre Platini? \u00bfQu\u00e9 es lo que busca? \u00bfLograr\u00e1 Valentino cumplir con la misi\u00f3n?<\/p>\n<p>nro de paginas : 137<\/p>\n","protected":false},"excerpt":{"rendered":"<p>Valentino es un adolescente de 14 a\u00f1os, parecido a muchos chicos de su edad, pero con gustos diferentes. Es fan\u00e1tico de los meteoritos, los observatorios y<span class=\"excerpt-hellip\"> [\u2026]<\/span><\/p>\n","protected":false},"featured_media":1223,"comment_status":"closed","ping_status":"closed","template":"","meta":[],"product_brand":[],"product_cat":[33,89],"product_tag":[],"class_list":{"0":"post-1207","1":"product","2":"type-product","3":"status-publish","4":"has-post-thumbnail","6":"product_cat-literatura-escolar","7":"product_cat-ofertas","9":"first","10":"outofstock","11":"sale","12":"taxable","13":"shipping-taxable","14":"purchasable","15":"product-type-simple"},"_links":{"self":[{"href":"https:\/\/www.mundilibros.cl\/web\/wp-json\/wp\/v2\/product\/1207","targetHints":{"allow":["GET"]}}],"collection":[{"href":"https:\/\/www.mundilibros.cl\/web\/wp-json\/wp\/v2\/product"}],"about":[{"href":"https:\/\/www.mundilibros.cl\/web\/wp-json\/wp\/v2\/types\/product"}],"replies":[{"embeddable":true,"href":"https:\/\/www.mundilibros.cl\/web\/wp-json\/wp\/v2\/comments?post=1207"}],"wp:featuredmedia":[{"embeddable":true,"href":"https:\/\/www.mundilibros.cl\/web\/wp-json\/wp\/v2\/media\/1223"}],"wp:attachment":[{"href":"https:\/\/www.mundilibros.cl\/web\/wp-json\/wp\/v2\/media?parent=1207"}],"wp:term":[{"taxonomy":"product_brand","embeddable":true,"href":"https:\/\/www.mundilibros.cl\/web\/wp-json\/wp\/v2\/product_brand?post=1207"},{"taxonomy":"product_cat","embeddable":true,"href":"https:\/\/www.mundilibros.cl\/web\/wp-json\/wp\/v2\/product_cat?post=1207"},{"taxonomy":"product_tag","embeddable":true,"href":"https:\/\/www.mundilibros.cl\/web\/wp-json\/wp\/v2\/product_tag?post=1207"}],"curies":[{"name":"wp","href":"https:\/\/api.w.org\/{rel}","templated":true}]}}