{"id":1208,"date":"2025-11-14T19:18:28","date_gmt":"2025-11-14T19:18:28","guid":{"rendered":"https:\/\/www.mundilibros.cl\/web\/?post_type=product&#038;p=1208"},"modified":"2025-11-14T19:18:53","modified_gmt":"2025-11-14T19:18:53","slug":"pideme-lo-que-quieras-o-dejame-3","status":"publish","type":"product","link":"https:\/\/www.mundilibros.cl\/web\/producto\/pideme-lo-que-quieras-o-dejame-3\/","title":{"rendered":"PIDEME LO QUE QUIERAS O DEJAME 3"},"content":{"rendered":"<div class=\"frase-mkt\">\n<p><strong>Una intensa y atrevida historia de amor y atracci\u00f3n sexual.<\/strong><\/p>\n<\/div>\n<p><strong><em>P\u00eddeme lo que quieras o d\u00e9jame\u00a0<\/em><\/strong><strong>es el tercer volumen de la serie er\u00f3tica m\u00e1s morbosa y adictiva de Megan Maxwell.<\/strong><\/p>\n<p>Judith y Eric regresan de su viaje de novios tras una boda de ensue\u00f1o. \u00c9l se siente el hombre m\u00e1s feliz del universo y no se imagina su vida sin ella; sin embargo, los celos y el af\u00e1n de protecci\u00f3n de Eric los enfrentan una y otra vez. Por su parte, Judith est\u00e1 encantada con su Iceman particular y siempre intenta verlo todo por el lado positivo, aunque en m\u00e1s de una ocasi\u00f3n se llene el cuello de ronchones&#8230; Disfruta de Eric y de sus juegos sexuales, excepto cuando \u00e9l le susurra que uno de sus mayores deseos es tener un hijo con ella.<\/p>\n<p><strong>Una historia de amor, plagada de morbo y erotismo, en la que los protagonistas luchan por preservar su relaci\u00f3n, a pesar de que el precio que tendr\u00e1n que pagar por ello sea demasiado alto.<\/strong><\/p>\n","protected":false},"excerpt":{"rendered":"<p>Una intensa y atrevida historia de amor y atracci\u00f3n sexual. P\u00eddeme lo que quieras o d\u00e9jame\u00a0es el tercer volumen de la serie er\u00f3tica m\u00e1s morbosa y<span class=\"excerpt-hellip\"> [\u2026]<\/span><\/p>\n","protected":false},"featured_media":1224,"comment_status":"closed","ping_status":"closed","template":"","meta":[],"product_brand":[],"product_cat":[323],"product_tag":[],"class_list":{"0":"post-1208","1":"product","2":"type-product","3":"status-publish","4":"has-post-thumbnail","6":"product_cat-novela-erotica","8":"first","9":"outofstock","10":"taxable","11":"shipping-taxable","12":"purchasable","13":"product-type-simple"},"_links":{"self":[{"href":"https:\/\/www.mundilibros.cl\/web\/wp-json\/wp\/v2\/product\/1208","targetHints":{"allow":["GET"]}}],"collection":[{"href":"https:\/\/www.mundilibros.cl\/web\/wp-json\/wp\/v2\/product"}],"about":[{"href":"https:\/\/www.mundilibros.cl\/web\/wp-json\/wp\/v2\/types\/product"}],"replies":[{"embeddable":true,"href":"https:\/\/www.mundilibros.cl\/web\/wp-json\/wp\/v2\/comments?post=1208"}],"wp:featuredmedia":[{"embeddable":true,"href":"https:\/\/www.mundilibros.cl\/web\/wp-json\/wp\/v2\/media\/1224"}],"wp:attachment":[{"href":"https:\/\/www.mundilibros.cl\/web\/wp-json\/wp\/v2\/media?parent=1208"}],"wp:term":[{"taxonomy":"product_brand","embeddable":true,"href":"https:\/\/www.mundilibros.cl\/web\/wp-json\/wp\/v2\/product_brand?post=1208"},{"taxonomy":"product_cat","embeddable":true,"href":"https:\/\/www.mundilibros.cl\/web\/wp-json\/wp\/v2\/product_cat?post=1208"},{"taxonomy":"product_tag","embeddable":true,"href":"https:\/\/www.mundilibros.cl\/web\/wp-json\/wp\/v2\/product_tag?post=1208"}],"curies":[{"name":"wp","href":"https:\/\/api.w.org\/{rel}","templated":true}]}}