{"id":1209,"date":"2025-11-14T19:18:28","date_gmt":"2025-11-14T19:18:28","guid":{"rendered":"https:\/\/www.mundilibros.cl\/web\/?post_type=product&#038;p=1209"},"modified":"2025-11-14T19:18:53","modified_gmt":"2025-11-14T19:18:53","slug":"pideme-lo-que-quieras-y-te-lo-dare-4","status":"publish","type":"product","link":"https:\/\/www.mundilibros.cl\/web\/producto\/pideme-lo-que-quieras-y-te-lo-dare-4\/","title":{"rendered":"PIDEME LO QUE QUIERAS Y TE LO DARE 4"},"content":{"rendered":"<div class=\"frase-mkt\">\n<p><strong>La novela m\u00e1s er\u00f3tica, sensual y morbosa de la serie.<\/strong><\/p>\n<\/div>\n<p><strong><em>P\u00eddeme lo que quieras y yo te lo dar\u00e9<\/em><\/strong><strong>\u00a0es el cuarto volumen de la serie er\u00f3tica m\u00e1s morbosa y adictiva de Megan Maxwell.<\/strong><\/p>\n<p>A pesar de sus diferentes caracteres, Eric Zimmerman y Judith Flores siguen tan enamorados como el d\u00eda en que sus miradas se cruzaron por primera vez. Juntos han formado una preciosa familia a la que adoran y por la que son capaces de hacer cualquier cosa. El abogado Bj\u00f6rn y la exteniente Mel contin\u00faan con su bonita historia de amor junto a la\u00a0<em>pinsesa<\/em>\u00a0Sami. Sin duda, la convivencia les ha beneficiado mucho. Pero hay algo que Bj\u00f6rn no consigue de Mel: que se case con \u00e9l. Las relaciones de las dos parejas van viento en popa. Se quieren, se respetan, nada parece fuera de lugar, hasta que de repente personas y sorpresas del pasado irrumpen en sus vidas y lo ponen todo patas arriba. \u00bfSer\u00e1n capaces de superar este giro inesperado? \u00bfPodr\u00e1 con todo el amor que se profesan?; o, por el contrario, \u00bfcambiar\u00e1n sus sentimientos para siempre?<\/p>\n","protected":false},"excerpt":{"rendered":"<p>La novela m\u00e1s er\u00f3tica, sensual y morbosa de la serie. P\u00eddeme lo que quieras y yo te lo dar\u00e9\u00a0es el cuarto volumen de la serie er\u00f3tica<span class=\"excerpt-hellip\"> [\u2026]<\/span><\/p>\n","protected":false},"featured_media":1225,"comment_status":"closed","ping_status":"closed","template":"","meta":[],"product_brand":[],"product_cat":[323],"product_tag":[],"class_list":{"0":"post-1209","1":"product","2":"type-product","3":"status-publish","4":"has-post-thumbnail","6":"product_cat-novela-erotica","8":"first","9":"outofstock","10":"taxable","11":"shipping-taxable","12":"purchasable","13":"product-type-simple"},"_links":{"self":[{"href":"https:\/\/www.mundilibros.cl\/web\/wp-json\/wp\/v2\/product\/1209","targetHints":{"allow":["GET"]}}],"collection":[{"href":"https:\/\/www.mundilibros.cl\/web\/wp-json\/wp\/v2\/product"}],"about":[{"href":"https:\/\/www.mundilibros.cl\/web\/wp-json\/wp\/v2\/types\/product"}],"replies":[{"embeddable":true,"href":"https:\/\/www.mundilibros.cl\/web\/wp-json\/wp\/v2\/comments?post=1209"}],"wp:featuredmedia":[{"embeddable":true,"href":"https:\/\/www.mundilibros.cl\/web\/wp-json\/wp\/v2\/media\/1225"}],"wp:attachment":[{"href":"https:\/\/www.mundilibros.cl\/web\/wp-json\/wp\/v2\/media?parent=1209"}],"wp:term":[{"taxonomy":"product_brand","embeddable":true,"href":"https:\/\/www.mundilibros.cl\/web\/wp-json\/wp\/v2\/product_brand?post=1209"},{"taxonomy":"product_cat","embeddable":true,"href":"https:\/\/www.mundilibros.cl\/web\/wp-json\/wp\/v2\/product_cat?post=1209"},{"taxonomy":"product_tag","embeddable":true,"href":"https:\/\/www.mundilibros.cl\/web\/wp-json\/wp\/v2\/product_tag?post=1209"}],"curies":[{"name":"wp","href":"https:\/\/api.w.org\/{rel}","templated":true}]}}