{"id":1217,"date":"2025-11-14T19:18:52","date_gmt":"2025-11-14T19:18:52","guid":{"rendered":"https:\/\/www.mundilibros.cl\/web\/?post_type=product&#038;p=1217"},"modified":"2025-11-14T19:19:04","modified_gmt":"2025-11-14T19:19:04","slug":"violeta","status":"publish","type":"product","link":"https:\/\/www.mundilibros.cl\/web\/producto\/violeta\/","title":{"rendered":"VIOLETA"},"content":{"rendered":"<p>Violeta viene al mundo un tormentoso d\u00eda de 1920, siendo la primera ni\u00f1a de una familia de cinco bulliciosos hermanos. Desde el principio su vida estar\u00e1 marcada por acontecimientos extraordinarios, pues todav\u00eda se sienten las ondas expansivas de la Gran Guerra cuando la gripe espa\u00f1ola llega a las orillas de su pa\u00eds sudamericano natal, casi en el momento exacto de su nacimiento.<\/p>\n<p>Gracias a la clarividencia del padre, la familia saldr\u00e1 indemne de esta crisis para darse de bruces con una nueva, cuando la Gran Depresi\u00f3n altera la elegante vida urbana que Violeta ha conocido hasta ahora. Su familia lo perder\u00e1 todo y se ver\u00e1 obligada a retirarse a una regi\u00f3n salvaje y remota del pa\u00eds. All\u00ed Violeta alcanzar\u00e1 la mayor\u00eda de edad y tendr\u00e1 su primer pretendiente&#8230;<\/p>\n<p>En una carta dirigida a una persona a la que ama por encima de todas las dem\u00e1s, Violeta rememora devastadores desenga\u00f1os amorosos y romances apasionados, momentos de pobreza y tambi\u00e9n de prosperidad, p\u00e9rdidas terribles e inmensas alegr\u00edas. Moldear\u00e1n su vida algunos de los grandes sucesos de la historia: la lucha por los derechos de la mujer, el auge y ca\u00edda de tiranos y, en \u00faltima instancia, no una, sino dos pandemias.<\/p>\n<p><strong>Vista con los ojos de una mujer poseedora de una pasi\u00f3n, una determinaci\u00f3n y un sentido del humor inolvidables que la sostienen a lo largo de una vida turbulenta, Isabel Allende nos regala, una vez m\u00e1s, una historia \u00e9pica furiosamente inspiradora y profundamente emotiva.<\/strong><\/p>\n","protected":false},"excerpt":{"rendered":"<p>Disponible<\/p>\n","protected":false},"featured_media":1228,"comment_status":"closed","ping_status":"closed","template":"","meta":[],"product_brand":[],"product_cat":[25],"product_tag":[],"class_list":{"0":"post-1217","1":"product","2":"type-product","3":"status-publish","4":"has-post-thumbnail","6":"product_cat-novelas","8":"first","9":"outofstock","10":"sale","11":"taxable","12":"shipping-taxable","13":"purchasable","14":"product-type-simple"},"_links":{"self":[{"href":"https:\/\/www.mundilibros.cl\/web\/wp-json\/wp\/v2\/product\/1217","targetHints":{"allow":["GET"]}}],"collection":[{"href":"https:\/\/www.mundilibros.cl\/web\/wp-json\/wp\/v2\/product"}],"about":[{"href":"https:\/\/www.mundilibros.cl\/web\/wp-json\/wp\/v2\/types\/product"}],"replies":[{"embeddable":true,"href":"https:\/\/www.mundilibros.cl\/web\/wp-json\/wp\/v2\/comments?post=1217"}],"wp:featuredmedia":[{"embeddable":true,"href":"https:\/\/www.mundilibros.cl\/web\/wp-json\/wp\/v2\/media\/1228"}],"wp:attachment":[{"href":"https:\/\/www.mundilibros.cl\/web\/wp-json\/wp\/v2\/media?parent=1217"}],"wp:term":[{"taxonomy":"product_brand","embeddable":true,"href":"https:\/\/www.mundilibros.cl\/web\/wp-json\/wp\/v2\/product_brand?post=1217"},{"taxonomy":"product_cat","embeddable":true,"href":"https:\/\/www.mundilibros.cl\/web\/wp-json\/wp\/v2\/product_cat?post=1217"},{"taxonomy":"product_tag","embeddable":true,"href":"https:\/\/www.mundilibros.cl\/web\/wp-json\/wp\/v2\/product_tag?post=1217"}],"curies":[{"name":"wp","href":"https:\/\/api.w.org\/{rel}","templated":true}]}}