{"id":1219,"date":"2025-11-14T19:18:52","date_gmt":"2025-11-14T19:18:52","guid":{"rendered":"https:\/\/www.mundilibros.cl\/web\/?post_type=product&#038;p=1219"},"modified":"2025-11-14T19:19:10","modified_gmt":"2025-11-14T19:19:10","slug":"la-destructora-de-reinos","status":"publish","type":"product","link":"https:\/\/www.mundilibros.cl\/web\/producto\/la-destructora-de-reinos\/","title":{"rendered":"LA DESTRUCTORA DE REINOS"},"content":{"rendered":"<p><b>SALVA EL MUNDO O ACABA CON \u00c9L.<\/b><\/p>\n<p>UNA EXTRA\u00d1A OSCURIDAD crece en Allward. Incluso Corayne an-Amarat puede sentirlo, confinada en su pueblo al borde del mar. Para confirmarlo, un m\u00edtico inmortal y una implacable asesina aparecen inesperadamente y revelan a Corayne que es la \u00faltima descendiente de un antiguo linaje con el poder de salvar el mundo de la destrucci\u00f3n. Con el coraz\u00f3n envenenado y armado con una espada que no es suya, un hombre de ambici\u00f3n y locura desmedidas est\u00e1 formando un ej\u00e9rcito como nunca antes se hab\u00eda visto. Y destruir\u00e1 el reino con el fin de reclamarlo.<\/p>\n<p>Poseedora de una magia desconocida por ella misma y con el destino del mundo sobre sus hombros, Corayne, junto con un grupo de reticentes aliados, se embarcar\u00e1 en un desesperado viaje para consumar una misi\u00f3n imposible.<\/p>\n<p><b>\u00abUna verdadera obra maestra de la literatura de fantas\u00eda\u00bb. Sabaa Tahir, autora de la serie Una llama entre cenizas<\/b><\/p>\n<p><b>\u00abUn nuevo cl\u00e1sico de la literatura de fantas\u00eda\u00bb. Marie Lu, autora de\u00a0<i>Legend<\/i>\u00a0y\u00a0<i>Los j\u00f3venes de la \u00e9lite<\/i><\/b><\/p>\n<p><b>\u00abEs la aventura que estaba desesperada por leer cuando era adolescente y el tipo de historia que devoro con entusiasmo de adulta\u00bb. Emma Theriault, autora de\u00a0<i>Rebel Rose<\/i><\/b><\/p>\n","protected":false},"excerpt":{"rendered":"<p>SALVA EL MUNDO O ACABA CON \u00c9L. UNA EXTRA\u00d1A OSCURIDAD crece en Allward. Incluso Corayne an-Amarat puede sentirlo, confinada en su pueblo al borde del mar.<span class=\"excerpt-hellip\"> [\u2026]<\/span><\/p>\n","protected":false},"featured_media":1230,"comment_status":"closed","ping_status":"closed","template":"","meta":[],"product_brand":[],"product_cat":[58],"product_tag":[],"class_list":{"0":"post-1219","1":"product","2":"type-product","3":"status-publish","4":"has-post-thumbnail","6":"product_cat-juvenil","8":"first","9":"instock","10":"sale","11":"taxable","12":"shipping-taxable","13":"purchasable","14":"product-type-simple"},"_links":{"self":[{"href":"https:\/\/www.mundilibros.cl\/web\/wp-json\/wp\/v2\/product\/1219","targetHints":{"allow":["GET"]}}],"collection":[{"href":"https:\/\/www.mundilibros.cl\/web\/wp-json\/wp\/v2\/product"}],"about":[{"href":"https:\/\/www.mundilibros.cl\/web\/wp-json\/wp\/v2\/types\/product"}],"replies":[{"embeddable":true,"href":"https:\/\/www.mundilibros.cl\/web\/wp-json\/wp\/v2\/comments?post=1219"}],"wp:featuredmedia":[{"embeddable":true,"href":"https:\/\/www.mundilibros.cl\/web\/wp-json\/wp\/v2\/media\/1230"}],"wp:attachment":[{"href":"https:\/\/www.mundilibros.cl\/web\/wp-json\/wp\/v2\/media?parent=1219"}],"wp:term":[{"taxonomy":"product_brand","embeddable":true,"href":"https:\/\/www.mundilibros.cl\/web\/wp-json\/wp\/v2\/product_brand?post=1219"},{"taxonomy":"product_cat","embeddable":true,"href":"https:\/\/www.mundilibros.cl\/web\/wp-json\/wp\/v2\/product_cat?post=1219"},{"taxonomy":"product_tag","embeddable":true,"href":"https:\/\/www.mundilibros.cl\/web\/wp-json\/wp\/v2\/product_tag?post=1219"}],"curies":[{"name":"wp","href":"https:\/\/api.w.org\/{rel}","templated":true}]}}