{"id":1276,"date":"2025-11-14T19:20:07","date_gmt":"2025-11-14T19:20:07","guid":{"rendered":"https:\/\/www.mundilibros.cl\/web\/?post_type=product&#038;p=1276"},"modified":"2025-11-14T19:20:49","modified_gmt":"2025-11-14T19:20:49","slug":"harry-potter-y-la-camara-secreta-pop-up-ed-minalima","status":"publish","type":"product","link":"https:\/\/www.mundilibros.cl\/web\/producto\/harry-potter-y-la-camara-secreta-pop-up-ed-minalima\/","title":{"rendered":"HARRY POTTER Y LA CAMARA SECRETA POP UP (ED. MINALIMA)"},"content":{"rendered":"<p><strong>Harry Potter est\u00e1 impaciente por regresar a Hogwarts tras un verano sin amigos y sin magia.<\/strong><\/p>\n<p>Pero su segundo a\u00f1o en el colegio est\u00e1 lleno de aflicciones imprevistas, entre ellas un nuevo profesor exageradamente engre\u00eddo, Gilderoy Lockhart; una fantasma llamada Myrtle la Llorona que vive en los lavabos de chicas del segundo piso; y las atenciones inoportunas de Ginny, la hermana peque\u00f1a de Ron Weasley.<\/p>\n<p>Sin embargo, todo eso parece insignificante cuando llegan los problemas graves de verdad y alguien (o algo) empieza a convertir a los alumnos de Hogwarts en estatuas de piedra. \u00bfSer\u00e1 Draco Malfoy, el mal\u00e9volo rival de Harry? \u00bfSer\u00e1 Hagrid, cuyo misterioso pasado se revela por fin? \u00bfO ser\u00e1 la persona de quien m\u00e1s sospechan todos, el propio Harry Potter? Con ilustraciones a todo color y sorpresas interactivas, esta magn\u00edfica edici\u00f3n del segundo libro de la saga de Harry Potter, obra del prestigioso estudio MinaLima, cautivar\u00e1 a lectores de todas las edades.<\/p>\n","protected":false},"excerpt":{"rendered":"<p>Harry Potter est\u00e1 impaciente por regresar a Hogwarts tras un verano sin amigos y sin magia. Pero su segundo a\u00f1o en el colegio est\u00e1 lleno de<span class=\"excerpt-hellip\"> [\u2026]<\/span><\/p>\n","protected":false},"featured_media":1292,"comment_status":"closed","ping_status":"closed","template":"","meta":[],"product_brand":[],"product_cat":[58],"product_tag":[],"class_list":{"0":"post-1276","1":"product","2":"type-product","3":"status-publish","4":"has-post-thumbnail","6":"product_cat-juvenil","8":"first","9":"outofstock","10":"sale","11":"taxable","12":"shipping-taxable","13":"purchasable","14":"product-type-simple"},"_links":{"self":[{"href":"https:\/\/www.mundilibros.cl\/web\/wp-json\/wp\/v2\/product\/1276","targetHints":{"allow":["GET"]}}],"collection":[{"href":"https:\/\/www.mundilibros.cl\/web\/wp-json\/wp\/v2\/product"}],"about":[{"href":"https:\/\/www.mundilibros.cl\/web\/wp-json\/wp\/v2\/types\/product"}],"replies":[{"embeddable":true,"href":"https:\/\/www.mundilibros.cl\/web\/wp-json\/wp\/v2\/comments?post=1276"}],"wp:featuredmedia":[{"embeddable":true,"href":"https:\/\/www.mundilibros.cl\/web\/wp-json\/wp\/v2\/media\/1292"}],"wp:attachment":[{"href":"https:\/\/www.mundilibros.cl\/web\/wp-json\/wp\/v2\/media?parent=1276"}],"wp:term":[{"taxonomy":"product_brand","embeddable":true,"href":"https:\/\/www.mundilibros.cl\/web\/wp-json\/wp\/v2\/product_brand?post=1276"},{"taxonomy":"product_cat","embeddable":true,"href":"https:\/\/www.mundilibros.cl\/web\/wp-json\/wp\/v2\/product_cat?post=1276"},{"taxonomy":"product_tag","embeddable":true,"href":"https:\/\/www.mundilibros.cl\/web\/wp-json\/wp\/v2\/product_tag?post=1276"}],"curies":[{"name":"wp","href":"https:\/\/api.w.org\/{rel}","templated":true}]}}

<p><strong>Harry Potter está impaciente por regresar a Hogwarts tras un verano sin amigos y sin magia.</strong></p>
<p>Pero su segundo año en el colegio está lleno de aflicciones imprevistas, entre ellas un nuevo profesor exageradamente engreído, Gilderoy Lockhart; una fantasma llamada Myrtle la Llorona que vive en los lavabos de chicas del segundo piso; y las atenciones inoportunas de Ginny, la hermana pequeña de Ron Weasley.</p>
<p>Sin embargo, todo eso parece insignificante cuando llegan los problemas graves de verdad y alguien (o algo) empieza a convertir a los alumnos de Hogwarts en estatuas de piedra. ¿Será Draco Malfoy, el malévolo rival de Harry? ¿Será Hagrid, cuyo misterioso pasado se revela por fin? ¿O será la persona de quien más sospechan todos, el propio Harry Potter? Con ilustraciones a todo color y sorpresas interactivas, esta magnífica edición del segundo libro de la saga de Harry Potter, obra del prestigioso estudio MinaLima, cautivará a lectores de todas las edades.</p>

<p>Harry Potter está impaciente por regresar a Hogwarts tras un verano sin amigos y sin magia. Pero su segundo año en el colegio está lleno de<span class="excerpt-hellip"> […]</span></p>
