{"id":1305,"date":"2025-11-14T19:21:11","date_gmt":"2025-11-14T19:21:11","guid":{"rendered":"https:\/\/www.mundilibros.cl\/web\/?post_type=product&#038;p=1305"},"modified":"2025-11-14T19:21:33","modified_gmt":"2025-11-14T19:21:33","slug":"tarot-osho-zen","status":"publish","type":"product","link":"https:\/\/www.mundilibros.cl\/web\/producto\/tarot-osho-zen\/","title":{"rendered":"TAROT OSHO ZEN"},"content":{"rendered":"<p>Con m\u00e1s de 13 ediciones, se ha convertido en uncl\u00e1sico del tarot. Las im\u00e1genes de estas cartas son totalmente contempor\u00e1neas, con un fascinante dise\u00f1o que resulta ideal incluso para l usuario m\u00e1s inexperto; y el libro ayuda interpretar y comprender las im\u00e1genes gracias a su lenguaje simple y directo.La existencia del tarot se remonta a hace miles de a\u00f1os, desde el Antiguo Egipto o, tal vez, incluso antes. No obstante, su primer uso conocido data de la Edad Media: en aquellos tiempos turbulentos, sus im\u00e1genes se utilizaron a modo de c\u00f3digos para transmitir las ense\u00f1anzas de las Escuelas de Misterio Medievales.Con el tiempo, el tarot ha sido utilizado de muchas formas: como herramienta para predecir el futuro, como un divertido juego de sal\u00f3n, com una forma de buscar informaci\u00f3n\u00bboculta\u00bbsobre diferentes situaciones, etc<\/p>\n<p>Contiene libro +\u00a0 setenta y nueve cartas<br \/>\nmedidas 13 x 18<\/p>\n","protected":false},"excerpt":{"rendered":"<p>Con m\u00e1s de 13 ediciones, se ha convertido en uncl\u00e1sico del tarot. Las im\u00e1genes de estas cartas son totalmente contempor\u00e1neas, con un fascinante dise\u00f1o que resulta<span class=\"excerpt-hellip\"> [\u2026]<\/span><\/p>\n","protected":false},"featured_media":1323,"comment_status":"closed","ping_status":"closed","template":"","meta":[],"product_brand":[],"product_cat":[162],"product_tag":[],"class_list":{"0":"post-1305","1":"product","2":"type-product","3":"status-publish","4":"has-post-thumbnail","6":"product_cat-tarots","8":"first","9":"outofstock","10":"taxable","11":"shipping-taxable","12":"purchasable","13":"product-type-simple"},"_links":{"self":[{"href":"https:\/\/www.mundilibros.cl\/web\/wp-json\/wp\/v2\/product\/1305","targetHints":{"allow":["GET"]}}],"collection":[{"href":"https:\/\/www.mundilibros.cl\/web\/wp-json\/wp\/v2\/product"}],"about":[{"href":"https:\/\/www.mundilibros.cl\/web\/wp-json\/wp\/v2\/types\/product"}],"replies":[{"embeddable":true,"href":"https:\/\/www.mundilibros.cl\/web\/wp-json\/wp\/v2\/comments?post=1305"}],"wp:featuredmedia":[{"embeddable":true,"href":"https:\/\/www.mundilibros.cl\/web\/wp-json\/wp\/v2\/media\/1323"}],"wp:attachment":[{"href":"https:\/\/www.mundilibros.cl\/web\/wp-json\/wp\/v2\/media?parent=1305"}],"wp:term":[{"taxonomy":"product_brand","embeddable":true,"href":"https:\/\/www.mundilibros.cl\/web\/wp-json\/wp\/v2\/product_brand?post=1305"},{"taxonomy":"product_cat","embeddable":true,"href":"https:\/\/www.mundilibros.cl\/web\/wp-json\/wp\/v2\/product_cat?post=1305"},{"taxonomy":"product_tag","embeddable":true,"href":"https:\/\/www.mundilibros.cl\/web\/wp-json\/wp\/v2\/product_tag?post=1305"}],"curies":[{"name":"wp","href":"https:\/\/api.w.org\/{rel}","templated":true}]}}