{"id":1319,"date":"2025-11-14T19:21:32","date_gmt":"2025-11-14T19:21:32","guid":{"rendered":"https:\/\/www.mundilibros.cl\/web\/?post_type=product&#038;p=1319"},"modified":"2025-11-14T19:22:02","modified_gmt":"2025-11-14T19:22:02","slug":"damian","status":"publish","type":"product","link":"https:\/\/www.mundilibros.cl\/web\/producto\/damian\/","title":{"rendered":"DAMIAN"},"content":{"rendered":"<p>Padme ha vivido durante toda su vida en el pueblo de Asfil. Es una chica normal, buena. O eso parece. En el fondo tiene varios secretos, y uno de ellos se llama Dami\u00e1n. Es su peculiar vecino, que siempre le dio la impresi\u00f3n de estar ocultando algo y a quien ella trat\u00f3 de descifrar sin \u00e9xito.<br \/>\nUn d\u00eda, Dami\u00e1n desaparece y su vida sigue un curso corriente, pero meses despu\u00e9s vuelve, y con \u00e9l regresa la peligrosa curiosidad que Padme tanto intent\u00f3 reprimir. Ella decide, finalmente, seguirlo.<br \/>\nEs entonces cuando descubre eso que tanto Dami\u00e1n como Asfil, han intentado&#8230; \u00bfesconder?<br \/>\n\u00bfY si te preparas para adentrarte en este perverso mundo?<br \/>\nAqu\u00ed no existen la moral ni la cordura.<br \/>\nSi decides dejar eso atr\u00e1s, entonces ellos te recibir\u00e1n&#8230;<\/p>\n","protected":false},"excerpt":{"rendered":"<p>Padme ha vivido durante toda su vida en el pueblo de Asfil. Es una chica normal, buena. O eso parece. En el fondo tiene varios secretos,<span class=\"excerpt-hellip\"> [\u2026]<\/span><\/p>\n","protected":false},"featured_media":1336,"comment_status":"closed","ping_status":"closed","template":"","meta":[],"product_brand":[],"product_cat":[58],"product_tag":[],"class_list":{"0":"post-1319","1":"product","2":"type-product","3":"status-publish","4":"has-post-thumbnail","6":"product_cat-juvenil","8":"first","9":"outofstock","10":"taxable","11":"shipping-taxable","12":"purchasable","13":"product-type-simple"},"_links":{"self":[{"href":"https:\/\/www.mundilibros.cl\/web\/wp-json\/wp\/v2\/product\/1319","targetHints":{"allow":["GET"]}}],"collection":[{"href":"https:\/\/www.mundilibros.cl\/web\/wp-json\/wp\/v2\/product"}],"about":[{"href":"https:\/\/www.mundilibros.cl\/web\/wp-json\/wp\/v2\/types\/product"}],"replies":[{"embeddable":true,"href":"https:\/\/www.mundilibros.cl\/web\/wp-json\/wp\/v2\/comments?post=1319"}],"wp:featuredmedia":[{"embeddable":true,"href":"https:\/\/www.mundilibros.cl\/web\/wp-json\/wp\/v2\/media\/1336"}],"wp:attachment":[{"href":"https:\/\/www.mundilibros.cl\/web\/wp-json\/wp\/v2\/media?parent=1319"}],"wp:term":[{"taxonomy":"product_brand","embeddable":true,"href":"https:\/\/www.mundilibros.cl\/web\/wp-json\/wp\/v2\/product_brand?post=1319"},{"taxonomy":"product_cat","embeddable":true,"href":"https:\/\/www.mundilibros.cl\/web\/wp-json\/wp\/v2\/product_cat?post=1319"},{"taxonomy":"product_tag","embeddable":true,"href":"https:\/\/www.mundilibros.cl\/web\/wp-json\/wp\/v2\/product_tag?post=1319"}],"curies":[{"name":"wp","href":"https:\/\/api.w.org\/{rel}","templated":true}]}}