{"id":1320,"date":"2025-11-14T19:21:32","date_gmt":"2025-11-14T19:21:32","guid":{"rendered":"https:\/\/www.mundilibros.cl\/web\/?post_type=product&#038;p=1320"},"modified":"2025-11-14T19:22:02","modified_gmt":"2025-11-14T19:22:02","slug":"cuando-no-queden-mas-estrellas-que-contar","status":"publish","type":"product","link":"https:\/\/www.mundilibros.cl\/web\/producto\/cuando-no-queden-mas-estrellas-que-contar\/","title":{"rendered":"CUANDO NO QUEDEN MAS ESTRELLAS QUE CONTAR"},"content":{"rendered":"<div class=\"frase-mkt\">\n<p>\u00a1L\u00e9ete la vida! Vivir es un viaje extraordinario si es Mar\u00eda Mart\u00ednez quien lo cuenta!<\/p>\n<\/div>\n<p><strong>\u00bfC\u00f3mo se ignora lo que late en tu interior?<\/strong><\/p>\n<p><strong>\u00bfC\u00f3mo se recupera el rumbo de una vida trazada por una mentira?\u00a0<\/strong><\/p>\n<p>&nbsp;<\/p>\n<p>Desde muy peque\u00f1a, Maya se ha sacrificado en cuerpo y alma por el ballet. Trabaja como solista en la Compa\u00f1\u00eda Nacional de Danza y los ballets m\u00e1s prestigiosos han puesto sus ojos en ella. Sin embargo, un grave accidente acaba con su futuro prometedor.<\/p>\n<p>El \u00fanico mundo que Maya conoce se ha derrumbado.<\/p>\n<p>Su abuela, que ha guiado cada uno de sus pasos, la culpa por lo sucedido.<\/p>\n<p>La ausencia de su madre pesa m\u00e1s que nunca.<\/p>\n<p>Y un hallazgo fortuito abrir\u00e1 una profunda herida.<\/p>\n<p>&nbsp;<\/p>\n<p>Un viaje inesperado, una chica incompleta y una verdad escondida en una caja de m\u00fasica.<\/p>\n<p>A veces, dejar que suceda es todo lo que necesitas.<\/p>\n","protected":false},"excerpt":{"rendered":"<p>\u00a1L\u00e9ete la vida! Vivir es un viaje extraordinario si es Mar\u00eda Mart\u00ednez quien lo cuenta! \u00bfC\u00f3mo se ignora lo que late en tu interior? \u00bfC\u00f3mo se<span class=\"excerpt-hellip\"> [\u2026]<\/span><\/p>\n","protected":false},"featured_media":1337,"comment_status":"closed","ping_status":"closed","template":"","meta":[],"product_brand":[],"product_cat":[58],"product_tag":[],"class_list":{"0":"post-1320","1":"product","2":"type-product","3":"status-publish","4":"has-post-thumbnail","6":"product_cat-juvenil","8":"first","9":"outofstock","10":"sale","11":"taxable","12":"shipping-taxable","13":"purchasable","14":"product-type-simple"},"_links":{"self":[{"href":"https:\/\/www.mundilibros.cl\/web\/wp-json\/wp\/v2\/product\/1320","targetHints":{"allow":["GET"]}}],"collection":[{"href":"https:\/\/www.mundilibros.cl\/web\/wp-json\/wp\/v2\/product"}],"about":[{"href":"https:\/\/www.mundilibros.cl\/web\/wp-json\/wp\/v2\/types\/product"}],"replies":[{"embeddable":true,"href":"https:\/\/www.mundilibros.cl\/web\/wp-json\/wp\/v2\/comments?post=1320"}],"wp:featuredmedia":[{"embeddable":true,"href":"https:\/\/www.mundilibros.cl\/web\/wp-json\/wp\/v2\/media\/1337"}],"wp:attachment":[{"href":"https:\/\/www.mundilibros.cl\/web\/wp-json\/wp\/v2\/media?parent=1320"}],"wp:term":[{"taxonomy":"product_brand","embeddable":true,"href":"https:\/\/www.mundilibros.cl\/web\/wp-json\/wp\/v2\/product_brand?post=1320"},{"taxonomy":"product_cat","embeddable":true,"href":"https:\/\/www.mundilibros.cl\/web\/wp-json\/wp\/v2\/product_cat?post=1320"},{"taxonomy":"product_tag","embeddable":true,"href":"https:\/\/www.mundilibros.cl\/web\/wp-json\/wp\/v2\/product_tag?post=1320"}],"curies":[{"name":"wp","href":"https:\/\/api.w.org\/{rel}","templated":true}]}}