{"id":1329,"date":"2025-11-14T19:21:57","date_gmt":"2025-11-14T19:21:57","guid":{"rendered":"https:\/\/www.mundilibros.cl\/web\/?post_type=product&#038;p=1329"},"modified":"2025-11-14T19:22:04","modified_gmt":"2025-11-14T19:22:04","slug":"tan-poca-vida","status":"publish","type":"product","link":"https:\/\/www.mundilibros.cl\/web\/producto\/tan-poca-vida\/","title":{"rendered":"TAN POCA VIDA"},"content":{"rendered":"<p style=\"text-align: left;\" align=\"CENTER\">Una novela que sigue el hilo de la gran literatura norteamericana y que ha llegado para dar un nuevo sentido al silencio y un nuevo valor a las emociones.<br \/>\nLa novela que hay que leer.<\/p>\n<p align=\"CENTER\"><b>Qu\u00e9 dicen y qu\u00e9 callan los hombres.<\/b><\/p>\n<p align=\"CENTER\"><b>De d\u00f3nde viene y d\u00f3nde va la culpa.<\/b><\/p>\n<p align=\"CENTER\"><b>Cu\u00e1nto importa el sexo.<\/b><\/p>\n<p align=\"CENTER\"><b>A quien podemos llamar amigo.<\/b><\/p>\n<p align=\"CENTER\">Y finalmente&#8230;<\/p>\n<p align=\"CENTER\"><b>Qu\u00e9 precio tiene la vida y cu\u00e1ndo deja de tener valor.<\/b><\/p>\n<p>&nbsp;<\/p>\n<p align=\"JUSTIFY\">Para descubrir eso y m\u00e1s, aqu\u00ed est\u00e1\u00a0<b>Tan poca vida<\/b>, una historia que recorre m\u00e1s de tres d\u00e9cadas de amistad en la vida de cuatro hombres que crecen juntos en Manhattan. Cuatro hombres que tienen que sobrevivir al fracaso y al \u00e9xito y que, a lo largo de los a\u00f1os, aprenden a sobreponerse a las crisis econ\u00f3micas, sociales y emocionales. Cuatro hombres que comparten una idea muy peculiar de la intimidad, una manera de estar juntos hecha de pocas palabras y muchos gestos. Cuatro hombres cuya relaci\u00f3n la autora utiliza para realizar una minuciosa indagaci\u00f3n de los l\u00edmites de la naturaleza humana.<\/p>\n<p align=\"JUSTIFY\">\n<p align=\"JUSTIFY\"><b>Tan poca vida<\/b>\u00a0se ha convertido en un aut\u00e9ntico fen\u00f3meno literario, un \u00e9xito sin precedentes en las redes sociales que ha sido un\u00e1nimemente aclamado por la cr\u00edtica y los lectores. Hanya Yanagihara, su autora, ha sido comparada con Jonathan Franzen y Donna Tartt por su capacidad para describir con maestr\u00eda la psicolog\u00eda de personajes complejos y hallar en el camino respuesta a cuestiones universales. Una nueva y joven voz literaria que ha llegado para quedarse.<\/p>\n<p align=\"JUSTIFY\">\n<p align=\"JUSTIFY\"><strong>Mejor novela del a\u00f1o seg\u00fan The New York Times, The Washington Post, The Wall Street Journal, Vanity Fair, Vogue, The Guardian, The Economist, Newsweek, People, Time Out New York, Huffington Post, Publishers Weekly, Kirkus Review, entre otras.<\/strong><\/p>\n","protected":false},"excerpt":{"rendered":"<p>Una novela que sigue el hilo de la gran literatura norteamericana y que ha llegado para dar un nuevo sentido al silencio y un nuevo valor<span class=\"excerpt-hellip\"> [\u2026]<\/span><\/p>\n","protected":false},"featured_media":1340,"comment_status":"closed","ping_status":"closed","template":"","meta":[],"product_brand":[],"product_cat":[14,25],"product_tag":[],"class_list":{"0":"post-1329","1":"product","2":"type-product","3":"status-publish","4":"has-post-thumbnail","6":"product_cat-uncategorized","7":"product_cat-novelas","9":"first","10":"outofstock","11":"taxable","12":"shipping-taxable","13":"purchasable","14":"product-type-simple"},"_links":{"self":[{"href":"https:\/\/www.mundilibros.cl\/web\/wp-json\/wp\/v2\/product\/1329","targetHints":{"allow":["GET"]}}],"collection":[{"href":"https:\/\/www.mundilibros.cl\/web\/wp-json\/wp\/v2\/product"}],"about":[{"href":"https:\/\/www.mundilibros.cl\/web\/wp-json\/wp\/v2\/types\/product"}],"replies":[{"embeddable":true,"href":"https:\/\/www.mundilibros.cl\/web\/wp-json\/wp\/v2\/comments?post=1329"}],"wp:featuredmedia":[{"embeddable":true,"href":"https:\/\/www.mundilibros.cl\/web\/wp-json\/wp\/v2\/media\/1340"}],"wp:attachment":[{"href":"https:\/\/www.mundilibros.cl\/web\/wp-json\/wp\/v2\/media?parent=1329"}],"wp:term":[{"taxonomy":"product_brand","embeddable":true,"href":"https:\/\/www.mundilibros.cl\/web\/wp-json\/wp\/v2\/product_brand?post=1329"},{"taxonomy":"product_cat","embeddable":true,"href":"https:\/\/www.mundilibros.cl\/web\/wp-json\/wp\/v2\/product_cat?post=1329"},{"taxonomy":"product_tag","embeddable":true,"href":"https:\/\/www.mundilibros.cl\/web\/wp-json\/wp\/v2\/product_tag?post=1329"}],"curies":[{"name":"wp","href":"https:\/\/api.w.org\/{rel}","templated":true}]}}