{"id":1349,"date":"2025-11-14T19:22:18","date_gmt":"2025-11-14T19:22:18","guid":{"rendered":"https:\/\/www.mundilibros.cl\/web\/?post_type=product&#038;p=1349"},"modified":"2025-11-14T19:22:38","modified_gmt":"2025-11-14T19:22:38","slug":"sigue-mi-voz","status":"publish","type":"product","link":"https:\/\/www.mundilibros.cl\/web\/producto\/sigue-mi-voz\/","title":{"rendered":"SIGUE MI VOZ"},"content":{"rendered":"<p>Todos conocemos el amor pasional que te nubla la raz\u00f3n, el amor a primera vista que te vac\u00eda el est\u00f3mago y el amor plat\u00f3nico que te llena el coraz\u00f3n de fantas\u00eda y admiraci\u00f3n.<\/p>\n<p>Pero \u00bfes posible enamorarse de alguien sin tan siquiera conocerlo? \u00bfPuede una persona enamorarse de otra sin haberla visto? \u00bfEs posible desarrollar sentimientos por una persona que solo has escuchado?<\/p>\n<p>Klara encontrar\u00e1 la respuesta a esas preguntas, escuchando con dedicaci\u00f3n todos los d\u00edas su programa favorito de radio Sigue Mi Voz.<\/p>\n<p><b>Ariana Godoy\u00a0<\/b>(<i>A trav\u00e9s de mi ventana<\/i>,\u00a0<i>A trav\u00e9s de ti<\/i>,\u00a0<i>Heist\u00a0<\/i>y\u00a0<i>Fleur. Mi desesperada decisi\u00f3n<\/i>, entre otros) firma una historia de amor y de aceptaci\u00f3n y superaci\u00f3n propia tan preciosa como necesaria que nos ense\u00f1a a lidiar con la (falta) de autoestima, la salud mental y much\u00edsimas otras situaciones dif\u00edciles. Un libro que te rompe para volverte a construir pieza por pieza y que te ense\u00f1a la lecci\u00f3n de vida m\u00e1s importante: sentirte bien contigo mismo para volver a hacer todo lo que amas.<\/p>\n","protected":false},"excerpt":{"rendered":"<p>Todos conocemos el amor pasional que te nubla la raz\u00f3n, el amor a primera vista que te vac\u00eda el est\u00f3mago y el amor plat\u00f3nico que te<span class=\"excerpt-hellip\"> [\u2026]<\/span><\/p>\n","protected":false},"featured_media":1360,"comment_status":"closed","ping_status":"closed","template":"","meta":[],"product_brand":[],"product_cat":[58],"product_tag":[],"class_list":{"0":"post-1349","1":"product","2":"type-product","3":"status-publish","4":"has-post-thumbnail","6":"product_cat-juvenil","8":"first","9":"outofstock","10":"sale","11":"taxable","12":"shipping-taxable","13":"purchasable","14":"product-type-simple"},"_links":{"self":[{"href":"https:\/\/www.mundilibros.cl\/web\/wp-json\/wp\/v2\/product\/1349","targetHints":{"allow":["GET"]}}],"collection":[{"href":"https:\/\/www.mundilibros.cl\/web\/wp-json\/wp\/v2\/product"}],"about":[{"href":"https:\/\/www.mundilibros.cl\/web\/wp-json\/wp\/v2\/types\/product"}],"replies":[{"embeddable":true,"href":"https:\/\/www.mundilibros.cl\/web\/wp-json\/wp\/v2\/comments?post=1349"}],"wp:featuredmedia":[{"embeddable":true,"href":"https:\/\/www.mundilibros.cl\/web\/wp-json\/wp\/v2\/media\/1360"}],"wp:attachment":[{"href":"https:\/\/www.mundilibros.cl\/web\/wp-json\/wp\/v2\/media?parent=1349"}],"wp:term":[{"taxonomy":"product_brand","embeddable":true,"href":"https:\/\/www.mundilibros.cl\/web\/wp-json\/wp\/v2\/product_brand?post=1349"},{"taxonomy":"product_cat","embeddable":true,"href":"https:\/\/www.mundilibros.cl\/web\/wp-json\/wp\/v2\/product_cat?post=1349"},{"taxonomy":"product_tag","embeddable":true,"href":"https:\/\/www.mundilibros.cl\/web\/wp-json\/wp\/v2\/product_tag?post=1349"}],"curies":[{"name":"wp","href":"https:\/\/api.w.org\/{rel}","templated":true}]}}

<p>Todos conocemos el amor pasional que te nubla la razón, el amor a primera vista que te vacía el estómago y el amor platónico que te llena el corazón de fantasía y admiración.</p>
<p>Pero ¿es posible enamorarse de alguien sin tan siquiera conocerlo? ¿Puede una persona enamorarse de otra sin haberla visto? ¿Es posible desarrollar sentimientos por una persona que solo has escuchado?</p>
<p>Klara encontrará la respuesta a esas preguntas, escuchando con dedicación todos los días su programa favorito de radio Sigue Mi Voz.</p>
<p><b>Ariana Godoy </b>(<i>A través de mi ventana</i>, <i>A través de ti</i>, <i>Heist </i>y <i>Fleur. Mi desesperada decisión</i>, entre otros) firma una historia de amor y de aceptación y superación propia tan preciosa como necesaria que nos enseña a lidiar con la (falta) de autoestima, la salud mental y muchísimas otras situaciones difíciles. Un libro que te rompe para volverte a construir pieza por pieza y que te enseña la lección de vida más importante: sentirte bien contigo mismo para volver a hacer todo lo que amas.</p>

<p>Todos conocemos el amor pasional que te nubla la razón, el amor a primera vista que te vacía el estómago y el amor platónico que te<span class="excerpt-hellip"> […]</span></p>
