{"id":1385,"date":"2025-11-14T19:23:33","date_gmt":"2025-11-14T19:23:33","guid":{"rendered":"https:\/\/www.mundilibros.cl\/web\/?post_type=product&#038;p=1385"},"modified":"2025-11-14T19:23:56","modified_gmt":"2025-11-14T19:23:56","slug":"y-ahora-supera-mi-beso","status":"publish","type":"product","link":"https:\/\/www.mundilibros.cl\/web\/producto\/y-ahora-supera-mi-beso\/","title":{"rendered":"Y AHORA SUPERA MI BESO"},"content":{"rendered":"<div class=\"frase-mkt\">\n<p><strong>Una novela rom\u00e1ntico-er\u00f3tica que te har\u00e1 entender que no hay que dejar para ma\u00f1ana los besos que puedas dar hoy.<\/strong><\/p>\n<\/div>\n<p><strong>Hola, me llamo Amara y estoy aqu\u00ed no para hablaros de m\u00ed, sino de Liam Acosta,<\/strong>\u00a0ese guap\u00edsimo empresario que se dedica al negocio del vino en Tenerife y que sigue soltero porque quiere, pues siempre tiene a una legi\u00f3n de mujeres pendientes de \u00e9l.<\/p>\n<p>Por lo que s\u00e9, un d\u00eda recibi\u00f3\u00a0<strong>una misteriosa llamada telef\u00f3nica en la que le ped\u00edan viajar a Los \u00c1ngeles por un asunto urgente,<\/strong>\u00a0que result\u00f3 ser, ni m\u00e1s ni menos, que un beb\u00e9. A Liam, al principio, le cost\u00f3 mucho admitir su paternidad, pero cuando vio a la criaturita, el mundo se movi\u00f3 bajo sus pies: al igual que \u00e9l, ten\u00eda el ojo derecho de dos colores.<\/p>\n<p>As\u00ed que, muy agobiado y tremendamente perdido, regres\u00f3 a Canarias con su hijo, pero se dio cuenta de que necesitaba a alguien que le echara una mano y, por recomendaci\u00f3n de mi amiga Ver\u00f3nica, me contrat\u00f3 a m\u00ed.<\/p>\n<p><strong>De pronto, Liam y yo, dos personas independientes y acostumbradas a no tener que dar explicaciones a nadie, hemos tenido que ponernos de acuerdo<\/strong>\u00a0<strong>por el bien del peque\u00f1o<\/strong>. Y eso ha hecho que, sin apenas darnos cuenta, hayamos reconocido el uno en el otro a la persona que nunca hubi\u00e9ramos esperado encontrar.<\/p>\n","protected":false},"excerpt":{"rendered":"<p>Una novela rom\u00e1ntico-er\u00f3tica que te har\u00e1 entender que no hay que dejar para ma\u00f1ana los besos que puedas dar hoy. Hola, me llamo Amara y estoy<span class=\"excerpt-hellip\"> [\u2026]<\/span><\/p>\n","protected":false},"featured_media":1396,"comment_status":"closed","ping_status":"closed","template":"","meta":[],"product_brand":[],"product_cat":[323,26],"product_tag":[],"class_list":{"0":"post-1385","1":"product","2":"type-product","3":"status-publish","4":"has-post-thumbnail","6":"product_cat-novela-erotica","7":"product_cat-romanticas","9":"first","10":"instock","11":"sale","12":"taxable","13":"shipping-taxable","14":"purchasable","15":"product-type-simple"},"_links":{"self":[{"href":"https:\/\/www.mundilibros.cl\/web\/wp-json\/wp\/v2\/product\/1385","targetHints":{"allow":["GET"]}}],"collection":[{"href":"https:\/\/www.mundilibros.cl\/web\/wp-json\/wp\/v2\/product"}],"about":[{"href":"https:\/\/www.mundilibros.cl\/web\/wp-json\/wp\/v2\/types\/product"}],"replies":[{"embeddable":true,"href":"https:\/\/www.mundilibros.cl\/web\/wp-json\/wp\/v2\/comments?post=1385"}],"wp:featuredmedia":[{"embeddable":true,"href":"https:\/\/www.mundilibros.cl\/web\/wp-json\/wp\/v2\/media\/1396"}],"wp:attachment":[{"href":"https:\/\/www.mundilibros.cl\/web\/wp-json\/wp\/v2\/media?parent=1385"}],"wp:term":[{"taxonomy":"product_brand","embeddable":true,"href":"https:\/\/www.mundilibros.cl\/web\/wp-json\/wp\/v2\/product_brand?post=1385"},{"taxonomy":"product_cat","embeddable":true,"href":"https:\/\/www.mundilibros.cl\/web\/wp-json\/wp\/v2\/product_cat?post=1385"},{"taxonomy":"product_tag","embeddable":true,"href":"https:\/\/www.mundilibros.cl\/web\/wp-json\/wp\/v2\/product_tag?post=1385"}],"curies":[{"name":"wp","href":"https:\/\/api.w.org\/{rel}","templated":true}]}}