{"id":1429,"date":"2025-11-14T19:25:09","date_gmt":"2025-11-14T19:25:09","guid":{"rendered":"https:\/\/www.mundilibros.cl\/web\/?post_type=product&#038;p=1429"},"modified":"2025-11-14T19:25:53","modified_gmt":"2025-11-14T19:25:53","slug":"no-te-olvidare-reminders-of-him","status":"publish","type":"product","link":"https:\/\/www.mundilibros.cl\/web\/producto\/no-te-olvidare-reminders-of-him\/","title":{"rendered":"NO TE OLVIDARE (REMINDERS OF HIM)"},"content":{"rendered":"<p>Despu\u00e9s de pasar cinco a\u00f1os en la c\u00e1rcel por el tr\u00e1gico error que cost\u00f3 la vida de su gran amor Scott,\u00a0<strong>Kenna Rowan<\/strong>\u00a0regresa a casa\u00a0<strong>con un \u00fanico deseo<\/strong>: abrazar a su hija Diem, de cuatro a\u00f1os, que vive con los padres de Scott y a la que no ha visto desde que naci\u00f3.<\/p>\n<p>La \u00fanica persona que no le ha cerrado la puerta por completo es\u00a0<strong>Ledger Ward,<\/strong>\u00a0due\u00f1o del bar local y uno de los pocos v\u00ednculos que le quedan con Diem. Pero ella sabe que si alguien descubre que Ledger se est\u00e1 convirtiendo lentamente en una parte importante de su vida, crece el riesgo de no recuperar a su hija. Kenna deber\u00e1 encontrar una manera de reparar los errores de su pasado si quiere construir un nuevo futuro con Ledger.<\/p>\n","protected":false},"excerpt":{"rendered":"<p>Despu\u00e9s de pasar cinco a\u00f1os en la c\u00e1rcel por el tr\u00e1gico error que cost\u00f3 la vida de su gran amor Scott,\u00a0Kenna Rowan\u00a0regresa a casa\u00a0con un \u00fanico<span class=\"excerpt-hellip\"> [\u2026]<\/span><\/p>\n","protected":false},"featured_media":1444,"comment_status":"closed","ping_status":"closed","template":"","meta":[],"product_brand":[],"product_cat":[58],"product_tag":[],"class_list":{"0":"post-1429","1":"product","2":"type-product","3":"status-publish","4":"has-post-thumbnail","6":"product_cat-juvenil","8":"first","9":"outofstock","10":"sale","11":"taxable","12":"shipping-taxable","13":"purchasable","14":"product-type-simple"},"_links":{"self":[{"href":"https:\/\/www.mundilibros.cl\/web\/wp-json\/wp\/v2\/product\/1429","targetHints":{"allow":["GET"]}}],"collection":[{"href":"https:\/\/www.mundilibros.cl\/web\/wp-json\/wp\/v2\/product"}],"about":[{"href":"https:\/\/www.mundilibros.cl\/web\/wp-json\/wp\/v2\/types\/product"}],"replies":[{"embeddable":true,"href":"https:\/\/www.mundilibros.cl\/web\/wp-json\/wp\/v2\/comments?post=1429"}],"wp:featuredmedia":[{"embeddable":true,"href":"https:\/\/www.mundilibros.cl\/web\/wp-json\/wp\/v2\/media\/1444"}],"wp:attachment":[{"href":"https:\/\/www.mundilibros.cl\/web\/wp-json\/wp\/v2\/media?parent=1429"}],"wp:term":[{"taxonomy":"product_brand","embeddable":true,"href":"https:\/\/www.mundilibros.cl\/web\/wp-json\/wp\/v2\/product_brand?post=1429"},{"taxonomy":"product_cat","embeddable":true,"href":"https:\/\/www.mundilibros.cl\/web\/wp-json\/wp\/v2\/product_cat?post=1429"},{"taxonomy":"product_tag","embeddable":true,"href":"https:\/\/www.mundilibros.cl\/web\/wp-json\/wp\/v2\/product_tag?post=1429"}],"curies":[{"name":"wp","href":"https:\/\/api.w.org\/{rel}","templated":true}]}}