{"id":1455,"date":"2025-11-14T19:26:19","date_gmt":"2025-11-14T19:26:19","guid":{"rendered":"https:\/\/www.mundilibros.cl\/web\/?post_type=product&#038;p=1455"},"modified":"2026-02-04T14:31:10","modified_gmt":"2026-02-04T14:31:10","slug":"terapia-para-llevar","status":"publish","type":"product","link":"https:\/\/www.mundilibros.cl\/web\/producto\/terapia-para-llevar\/","title":{"rendered":"TERAPIA PARA LLEVAR"},"content":{"rendered":"<p>Salud mental, gesti\u00f3n emocional\u2026 palabras de moda que no paramos de escuchar pero, \u00bfqu\u00e9 significan? y, sobre todo, \u00bfc\u00f3mo podemos trabajar en ellos? Nac\u00ed Dram\u00e1tica pone en tus manos 20 conceptos clave de la psicolog\u00eda y 100 herramientas pr\u00e1cticas para llevar mejor el d\u00eda a d\u00eda. Aprende a relativizar, a evitar los pensamientos dicot\u00f3micos, a gestionar el fracaso y el miedo y, en general, a entender tus emociones. Todo con un tono cercano, pr\u00e1ctico y \u00fatil lleno de humor, dibujos y gr\u00e1ficos con la est\u00e9tica pop y llamativa caracter\u00edstica de la cuenta.<\/p>\n","protected":false},"excerpt":{"rendered":"<p>Salud mental, gesti\u00f3n emocional\u2026 palabras de moda que no paramos de escuchar pero, \u00bfqu\u00e9 significan? y, sobre todo, \u00bfc\u00f3mo podemos trabajar en ellos? Nac\u00ed Dram\u00e1tica pone<span class=\"excerpt-hellip\"> [\u2026]<\/span><\/p>\n","protected":false},"featured_media":1470,"comment_status":"closed","ping_status":"closed","template":"","meta":[],"product_brand":[],"product_cat":[46],"product_tag":[],"class_list":{"0":"post-1455","1":"product","2":"type-product","3":"status-publish","4":"has-post-thumbnail","6":"product_cat-autoayuda","8":"first","9":"outofstock","10":"taxable","11":"shipping-taxable","12":"purchasable","13":"product-type-simple"},"_links":{"self":[{"href":"https:\/\/www.mundilibros.cl\/web\/wp-json\/wp\/v2\/product\/1455","targetHints":{"allow":["GET"]}}],"collection":[{"href":"https:\/\/www.mundilibros.cl\/web\/wp-json\/wp\/v2\/product"}],"about":[{"href":"https:\/\/www.mundilibros.cl\/web\/wp-json\/wp\/v2\/types\/product"}],"replies":[{"embeddable":true,"href":"https:\/\/www.mundilibros.cl\/web\/wp-json\/wp\/v2\/comments?post=1455"}],"wp:featuredmedia":[{"embeddable":true,"href":"https:\/\/www.mundilibros.cl\/web\/wp-json\/wp\/v2\/media\/1470"}],"wp:attachment":[{"href":"https:\/\/www.mundilibros.cl\/web\/wp-json\/wp\/v2\/media?parent=1455"}],"wp:term":[{"taxonomy":"product_brand","embeddable":true,"href":"https:\/\/www.mundilibros.cl\/web\/wp-json\/wp\/v2\/product_brand?post=1455"},{"taxonomy":"product_cat","embeddable":true,"href":"https:\/\/www.mundilibros.cl\/web\/wp-json\/wp\/v2\/product_cat?post=1455"},{"taxonomy":"product_tag","embeddable":true,"href":"https:\/\/www.mundilibros.cl\/web\/wp-json\/wp\/v2\/product_tag?post=1455"}],"curies":[{"name":"wp","href":"https:\/\/api.w.org\/{rel}","templated":true}]}}