{"id":1490,"date":"2025-11-14T19:28:00","date_gmt":"2025-11-14T19:28:00","guid":{"rendered":"https:\/\/www.mundilibros.cl\/web\/?post_type=product&#038;p=1490"},"modified":"2025-11-14T19:28:42","modified_gmt":"2025-11-14T19:28:42","slug":"el-espacio-entre-tu-y-yo","status":"publish","type":"product","link":"https:\/\/www.mundilibros.cl\/web\/producto\/el-espacio-entre-tu-y-yo\/","title":{"rendered":"EL ESPACIO ENTRE TU Y YO"},"content":{"rendered":"<p><span class=\"a-text-bold a-text-italic\">El libro que inspir\u00f3 a muchos a amar en libertad, sin miedos, pero sobre todo, a amarse a ellos mismos.<\/span><\/p>\n<p>Dice una antigua leyenda, que las almas gemelas son dos mitades de un alma que fue dividida, y que estas, a lo largo de su existencia, se buscan para volver a unirse y convertirse en una sola alma. Todos tenemos un alma gemela que en alguna parte nos espera, con quien estamos predestinados a reencontrarnos para no separarnos jam\u00e1s. Algunos ya la encontraron, otros estamos a una luz roja y un choque, de encontrarla. Victoria y yo est\u00e1bamos destinadas a encontrarnos, pero el destino no lo pondr\u00eda muy f\u00e1cil, porque yo ten\u00eda novio. Santiago era el chico con el coraz\u00f3n m\u00e1s lindo que alguien puede conocer. Lo amaba y lo que menos quer\u00eda era hacerle da\u00f1o.<\/p>\n<p>\u00bfSe puede querer a dos personas al mismo tiempo?<br \/>\n\u00bfQu\u00e9 haces cuando conoces al amor de tu vida, pero t\u00fa ya est\u00e1s con alguien m\u00e1s?<\/p>\n<p>En\u00a0<span class=\"a-text-bold a-text-italic\">El espacio entre t\u00fa y yo<\/span>, se exploran los complejos matices del amor y la conexi\u00f3n, y se demuestra que a veces la l\u00ednea entre el amor y la amistad puede ser borrosa. Una emocionante y conmovedora historia que te invita a explorar la magia del amor verdadero y a considerar lo que est\u00e1s dispuesto a arriesgar para encontrar tu alma gemela.<\/p>\n","protected":false},"excerpt":{"rendered":"<p>El libro que inspir\u00f3 a muchos a amar en libertad, sin miedos, pero sobre todo, a amarse a ellos mismos. Dice una antigua leyenda, que las<span class=\"excerpt-hellip\"> [\u2026]<\/span><\/p>\n","protected":false},"featured_media":1506,"comment_status":"closed","ping_status":"closed","template":"","meta":[],"product_brand":[],"product_cat":[58],"product_tag":[],"class_list":{"0":"post-1490","1":"product","2":"type-product","3":"status-publish","4":"has-post-thumbnail","6":"product_cat-juvenil","8":"first","9":"outofstock","10":"featured","11":"taxable","12":"shipping-taxable","13":"purchasable","14":"product-type-simple"},"_links":{"self":[{"href":"https:\/\/www.mundilibros.cl\/web\/wp-json\/wp\/v2\/product\/1490","targetHints":{"allow":["GET"]}}],"collection":[{"href":"https:\/\/www.mundilibros.cl\/web\/wp-json\/wp\/v2\/product"}],"about":[{"href":"https:\/\/www.mundilibros.cl\/web\/wp-json\/wp\/v2\/types\/product"}],"replies":[{"embeddable":true,"href":"https:\/\/www.mundilibros.cl\/web\/wp-json\/wp\/v2\/comments?post=1490"}],"wp:featuredmedia":[{"embeddable":true,"href":"https:\/\/www.mundilibros.cl\/web\/wp-json\/wp\/v2\/media\/1506"}],"wp:attachment":[{"href":"https:\/\/www.mundilibros.cl\/web\/wp-json\/wp\/v2\/media?parent=1490"}],"wp:term":[{"taxonomy":"product_brand","embeddable":true,"href":"https:\/\/www.mundilibros.cl\/web\/wp-json\/wp\/v2\/product_brand?post=1490"},{"taxonomy":"product_cat","embeddable":true,"href":"https:\/\/www.mundilibros.cl\/web\/wp-json\/wp\/v2\/product_cat?post=1490"},{"taxonomy":"product_tag","embeddable":true,"href":"https:\/\/www.mundilibros.cl\/web\/wp-json\/wp\/v2\/product_tag?post=1490"}],"curies":[{"name":"wp","href":"https:\/\/api.w.org\/{rel}","templated":true}]}}