{"id":1511,"date":"2025-11-14T19:28:48","date_gmt":"2025-11-14T19:28:48","guid":{"rendered":"https:\/\/www.mundilibros.cl\/web\/?post_type=product&#038;p=1511"},"modified":"2025-11-14T19:29:16","modified_gmt":"2025-11-14T19:29:16","slug":"la-pajarera-de-samuel-encino","status":"publish","type":"product","link":"https:\/\/www.mundilibros.cl\/web\/producto\/la-pajarera-de-samuel-encino\/","title":{"rendered":"LA PAJARERA DE SAMUEL ENCINO"},"content":{"rendered":"<p>SAMUEL ENCINO ES UN HOMBRE AMABLE PERO SOLITARIO. DESDE NINO TUVO UNA ESPECIAL CONEXI\u00d3N CON LAS AVES; SIN EMBARGO, AL CRECER SE FUE ALEJANDO DEL MARAVILLOSO MUNDO DE LOS PAJAROS. HASTA QUE UN D\u00cdA, EMPRENDE LA MAS GRANDE AVENTURA DE SU VIDA JUNTO A UN MUY BUEN AMIGO: UN GORRION. EN ESTAS P\u00c1GINAS PODR\u00c1S CONOCER A LOS DIFERENTES P\u00c1JAROS QUE VISITARON A SAMUEL.<\/p>\n","protected":false},"excerpt":{"rendered":"<p>SAMUEL ENCINO ES UN HOMBRE AMABLE PERO SOLITARIO. DESDE NINO TUVO UNA ESPECIAL CONEXI\u00d3N CON LAS AVES; SIN EMBARGO, AL CRECER SE FUE ALEJANDO DEL MARAVILLOSO<span class=\"excerpt-hellip\"> [\u2026]<\/span><\/p>\n","protected":false},"featured_media":1528,"comment_status":"closed","ping_status":"closed","template":"","meta":[],"product_brand":[],"product_cat":[33,89],"product_tag":[],"class_list":{"0":"post-1511","1":"product","2":"type-product","3":"status-publish","4":"has-post-thumbnail","6":"product_cat-literatura-escolar","7":"product_cat-ofertas","9":"first","10":"instock","11":"sale","12":"taxable","13":"shipping-taxable","14":"purchasable","15":"product-type-simple"},"_links":{"self":[{"href":"https:\/\/www.mundilibros.cl\/web\/wp-json\/wp\/v2\/product\/1511","targetHints":{"allow":["GET"]}}],"collection":[{"href":"https:\/\/www.mundilibros.cl\/web\/wp-json\/wp\/v2\/product"}],"about":[{"href":"https:\/\/www.mundilibros.cl\/web\/wp-json\/wp\/v2\/types\/product"}],"replies":[{"embeddable":true,"href":"https:\/\/www.mundilibros.cl\/web\/wp-json\/wp\/v2\/comments?post=1511"}],"wp:featuredmedia":[{"embeddable":true,"href":"https:\/\/www.mundilibros.cl\/web\/wp-json\/wp\/v2\/media\/1528"}],"wp:attachment":[{"href":"https:\/\/www.mundilibros.cl\/web\/wp-json\/wp\/v2\/media?parent=1511"}],"wp:term":[{"taxonomy":"product_brand","embeddable":true,"href":"https:\/\/www.mundilibros.cl\/web\/wp-json\/wp\/v2\/product_brand?post=1511"},{"taxonomy":"product_cat","embeddable":true,"href":"https:\/\/www.mundilibros.cl\/web\/wp-json\/wp\/v2\/product_cat?post=1511"},{"taxonomy":"product_tag","embeddable":true,"href":"https:\/\/www.mundilibros.cl\/web\/wp-json\/wp\/v2\/product_tag?post=1511"}],"curies":[{"name":"wp","href":"https:\/\/api.w.org\/{rel}","templated":true}]}}