{"id":1513,"date":"2025-11-14T19:28:48","date_gmt":"2025-11-14T19:28:48","guid":{"rendered":"https:\/\/www.mundilibros.cl\/web\/?post_type=product&#038;p=1513"},"modified":"2025-11-14T19:29:23","modified_gmt":"2025-11-14T19:29:23","slug":"romper-el-circulo-portada-pelicula","status":"publish","type":"product","link":"https:\/\/www.mundilibros.cl\/web\/producto\/romper-el-circulo-portada-pelicula\/","title":{"rendered":"ROMPER EL CIRCULO &#8211; (Portada Pel\u00edcula)"},"content":{"rendered":"<div class=\"frase-mkt\">\n<p><strong>Colleen Hoover, el gran fen\u00f3meno internacional.\u00a0<\/strong><strong>M\u00e1s de 7 millones de ejemplares vendidos.<\/strong><\/p>\n<\/div>\n<p><strong>A veces quien m\u00e1s te quiere es quien m\u00e1s da\u00f1o te hace<\/strong>.<\/p>\n<p>Lily no siempre lo ha tenido f\u00e1cil, pero eso nunca le ha impedido luchar por la vida que quiere y ha recorrido un largo camino para llegar donde est\u00e1 ahora. Su vida comienza a cambiar el d\u00eda que Ryle Kincaid, un extraordinario neurocirujano, se fija en ella. Ryle es asertivo, terco, tal vez incluso un poco arrogante, pero tambi\u00e9n es sensible, tremendamente atractivo, brillante y tiene una debilidad total por ella. Todo en \u00e9l es perfecto salvo su completa aversi\u00f3n a las relaciones, as\u00ed que cuando Lily se da cuenta de que ella es la excepci\u00f3n a su regla de\u00a0\u00abno tener citas\u00bb, no puede evitar preguntarse por qu\u00e9 ha tomado esa decisi\u00f3n.<\/p>\n<p>A medida que las preguntas sobre su nueva relaci\u00f3n la asaltan, tambi\u00e9n lo hacen los pensamientos sobre Atlas Corrigan, su primer amor y un v\u00ednculo con el pasado que dej\u00f3 atr\u00e1s. \u00c9l era su alma gemela, su protector. Cuando Atlas reaparece repentinamente y Ryle comienza a mostrar su verdadera cara, todo lo que Lily ha construido con \u00e9l se ve amenazado.<\/p>\n","protected":false},"excerpt":{"rendered":"<p>Colleen Hoover, el gran fen\u00f3meno internacional.\u00a0M\u00e1s de 7 millones de ejemplares vendidos. A veces quien m\u00e1s te quiere es quien m\u00e1s da\u00f1o te hace. Lily no<span class=\"excerpt-hellip\"> [\u2026]<\/span><\/p>\n","protected":false},"featured_media":1530,"comment_status":"closed","ping_status":"closed","template":"","meta":[],"product_brand":[],"product_cat":[58],"product_tag":[],"class_list":{"0":"post-1513","1":"product","2":"type-product","3":"status-publish","4":"has-post-thumbnail","6":"product_cat-juvenil","8":"first","9":"outofstock","10":"sale","11":"taxable","12":"shipping-taxable","13":"purchasable","14":"product-type-simple"},"_links":{"self":[{"href":"https:\/\/www.mundilibros.cl\/web\/wp-json\/wp\/v2\/product\/1513","targetHints":{"allow":["GET"]}}],"collection":[{"href":"https:\/\/www.mundilibros.cl\/web\/wp-json\/wp\/v2\/product"}],"about":[{"href":"https:\/\/www.mundilibros.cl\/web\/wp-json\/wp\/v2\/types\/product"}],"replies":[{"embeddable":true,"href":"https:\/\/www.mundilibros.cl\/web\/wp-json\/wp\/v2\/comments?post=1513"}],"wp:featuredmedia":[{"embeddable":true,"href":"https:\/\/www.mundilibros.cl\/web\/wp-json\/wp\/v2\/media\/1530"}],"wp:attachment":[{"href":"https:\/\/www.mundilibros.cl\/web\/wp-json\/wp\/v2\/media?parent=1513"}],"wp:term":[{"taxonomy":"product_brand","embeddable":true,"href":"https:\/\/www.mundilibros.cl\/web\/wp-json\/wp\/v2\/product_brand?post=1513"},{"taxonomy":"product_cat","embeddable":true,"href":"https:\/\/www.mundilibros.cl\/web\/wp-json\/wp\/v2\/product_cat?post=1513"},{"taxonomy":"product_tag","embeddable":true,"href":"https:\/\/www.mundilibros.cl\/web\/wp-json\/wp\/v2\/product_tag?post=1513"}],"curies":[{"name":"wp","href":"https:\/\/api.w.org\/{rel}","templated":true}]}}