{"id":1526,"date":"2025-11-14T19:29:11","date_gmt":"2025-11-14T19:29:11","guid":{"rendered":"https:\/\/www.mundilibros.cl\/web\/?post_type=product&#038;p=1526"},"modified":"2025-11-14T19:30:02","modified_gmt":"2025-11-14T19:30:02","slug":"valentia-1","status":"publish","type":"product","link":"https:\/\/www.mundilibros.cl\/web\/producto\/valentia-1\/","title":{"rendered":"VALENTIA 1"},"content":{"rendered":"<p>Este no es un libro de esos que dejas olvidados en un rinc\u00f3n, es un libro de esos que vuelves cada vez que lo necesitas. Es de esos que logran derrumbarte, pero tambi\u00e9n hacerte brillar. Te har\u00e1 llorar y re\u00edr, te acercar\u00e1 m\u00e1s a la vida. Aqu\u00ed encontrar\u00e1s verdades, de esas sin filtro, que te hacen reflexionar. No encontrar\u00e1s utop\u00edas, pues cada palabra nace de una experiencia. Valent\u00eda es un camino, tiene sus obst\u00e1culos, sus dolores y tristezas, pero tambi\u00e9n est\u00e1 lleno de esperanza, de fe. Es un libro que avivar\u00e1 el fuego de tu coraz\u00f3n, pondr\u00e1 tus emociones a flor de piel y, sobre todo, te recordar\u00e1 que en esta vida vale mucho m\u00e1s ser valiente que cualquier otra cosa<\/p>\n","protected":false},"excerpt":{"rendered":"<p>Este no es un libro de esos que dejas olvidados en un rinc\u00f3n, es un libro de esos que vuelves cada vez que lo necesitas. Es<span class=\"excerpt-hellip\"> [\u2026]<\/span><\/p>\n","protected":false},"featured_media":1547,"comment_status":"closed","ping_status":"closed","template":"","meta":[],"product_brand":[],"product_cat":[46],"product_tag":[],"class_list":{"0":"post-1526","1":"product","2":"type-product","3":"status-publish","4":"has-post-thumbnail","6":"product_cat-autoayuda","8":"first","9":"instock","10":"sale","11":"featured","12":"taxable","13":"shipping-taxable","14":"purchasable","15":"product-type-simple"},"_links":{"self":[{"href":"https:\/\/www.mundilibros.cl\/web\/wp-json\/wp\/v2\/product\/1526","targetHints":{"allow":["GET"]}}],"collection":[{"href":"https:\/\/www.mundilibros.cl\/web\/wp-json\/wp\/v2\/product"}],"about":[{"href":"https:\/\/www.mundilibros.cl\/web\/wp-json\/wp\/v2\/types\/product"}],"replies":[{"embeddable":true,"href":"https:\/\/www.mundilibros.cl\/web\/wp-json\/wp\/v2\/comments?post=1526"}],"wp:featuredmedia":[{"embeddable":true,"href":"https:\/\/www.mundilibros.cl\/web\/wp-json\/wp\/v2\/media\/1547"}],"wp:attachment":[{"href":"https:\/\/www.mundilibros.cl\/web\/wp-json\/wp\/v2\/media?parent=1526"}],"wp:term":[{"taxonomy":"product_brand","embeddable":true,"href":"https:\/\/www.mundilibros.cl\/web\/wp-json\/wp\/v2\/product_brand?post=1526"},{"taxonomy":"product_cat","embeddable":true,"href":"https:\/\/www.mundilibros.cl\/web\/wp-json\/wp\/v2\/product_cat?post=1526"},{"taxonomy":"product_tag","embeddable":true,"href":"https:\/\/www.mundilibros.cl\/web\/wp-json\/wp\/v2\/product_tag?post=1526"}],"curies":[{"name":"wp","href":"https:\/\/api.w.org\/{rel}","templated":true}]}}