{"id":1545,"date":"2025-11-14T19:29:57","date_gmt":"2025-11-14T19:29:57","guid":{"rendered":"https:\/\/www.mundilibros.cl\/web\/?post_type=product&#038;p=1545"},"modified":"2025-11-14T19:30:32","modified_gmt":"2025-11-14T19:30:32","slug":"mas-fuerte-que-el-peligro","status":"publish","type":"product","link":"https:\/\/www.mundilibros.cl\/web\/producto\/mas-fuerte-que-el-peligro\/","title":{"rendered":"MAS FUERTE QUE EL PELIGRO"},"content":{"rendered":"<p><b>Una visita puede cambiarlo todo.<\/b><\/p>\n<p>Ember Howard lo supo al momento: la repentina visita de aquellos soldados significaba que su padre no iba a volver a casa. Lo que no sab\u00eda era de d\u00f3nde sacar fuerzas para que su familia no se desmoronase.<\/p>\n<p>Entonces, Josh Walker, estrella del hockey, irrumpe en su vida.<\/p>\n<p>Una sola mirada, un solo roce, bastan para borrar el dolor de Ember. Y por mucho que intente negar sus sentimientos y soportar sola el dolor, la atracci\u00f3n que hay entre ellos es evidente.<\/p>\n<p>Pero Josh guarda un secreto. Cuando Ember lo descubra, su mundo se romper\u00e1 en pedazos, y deber\u00e1 decidir si vale la pena amar a un hombre capaz de romperle el coraz\u00f3n.<\/p>\n","protected":false},"excerpt":{"rendered":"<p>Una visita puede cambiarlo todo. Ember Howard lo supo al momento: la repentina visita de aquellos soldados significaba que su padre no iba a volver a<span class=\"excerpt-hellip\"> [\u2026]<\/span><\/p>\n","protected":false},"featured_media":1562,"comment_status":"closed","ping_status":"closed","template":"","meta":[],"product_brand":[],"product_cat":[58,26],"product_tag":[],"class_list":{"0":"post-1545","1":"product","2":"type-product","3":"status-publish","4":"has-post-thumbnail","6":"product_cat-juvenil","7":"product_cat-romanticas","9":"first","10":"instock","11":"featured","12":"taxable","13":"shipping-taxable","14":"purchasable","15":"product-type-simple"},"_links":{"self":[{"href":"https:\/\/www.mundilibros.cl\/web\/wp-json\/wp\/v2\/product\/1545","targetHints":{"allow":["GET"]}}],"collection":[{"href":"https:\/\/www.mundilibros.cl\/web\/wp-json\/wp\/v2\/product"}],"about":[{"href":"https:\/\/www.mundilibros.cl\/web\/wp-json\/wp\/v2\/types\/product"}],"replies":[{"embeddable":true,"href":"https:\/\/www.mundilibros.cl\/web\/wp-json\/wp\/v2\/comments?post=1545"}],"wp:featuredmedia":[{"embeddable":true,"href":"https:\/\/www.mundilibros.cl\/web\/wp-json\/wp\/v2\/media\/1562"}],"wp:attachment":[{"href":"https:\/\/www.mundilibros.cl\/web\/wp-json\/wp\/v2\/media?parent=1545"}],"wp:term":[{"taxonomy":"product_brand","embeddable":true,"href":"https:\/\/www.mundilibros.cl\/web\/wp-json\/wp\/v2\/product_brand?post=1545"},{"taxonomy":"product_cat","embeddable":true,"href":"https:\/\/www.mundilibros.cl\/web\/wp-json\/wp\/v2\/product_cat?post=1545"},{"taxonomy":"product_tag","embeddable":true,"href":"https:\/\/www.mundilibros.cl\/web\/wp-json\/wp\/v2\/product_tag?post=1545"}],"curies":[{"name":"wp","href":"https:\/\/api.w.org\/{rel}","templated":true}]}}