{"id":1555,"date":"2025-11-14T19:30:18","date_gmt":"2025-11-14T19:30:18","guid":{"rendered":"https:\/\/www.mundilibros.cl\/web\/?post_type=product&#038;p=1555"},"modified":"2025-12-13T14:52:43","modified_gmt":"2025-12-13T14:52:43","slug":"mi-psicologa-me-dijo","status":"publish","type":"product","link":"https:\/\/www.mundilibros.cl\/web\/producto\/mi-psicologa-me-dijo\/","title":{"rendered":"MI PSICOLOGA ME DIJO"},"content":{"rendered":"<p>Mi psic\u00f3loga me dijo \u2013 110 sesiones para elegirte sin culpas y dejar de aguantar tanta m***d@ no es un libro para quien quiere seguir fingiendo que puede con todo. Aqu\u00ed vas a encontrar frases que duelen, que confrontan y que rompen\u2026 pero que tambi\u00e9n te ayudar\u00e1n a reencontrarte con esa parte de ti que lleva demasiado tiempo perdida. Es para quien ya no puede m\u00e1s. Para quien se cans\u00f3 de ser fuerte todo el tiempo, de quedarse donde ya no cabe, de tragarse lo que siente para que no le digan que exagera. Este libro nace de conversaciones reales. De esas veces en que una terapeuta te mira a los ojos y te dice justo lo que no quer\u00edas escuchar, pero sab\u00edas que necesitabas. De charlas crudas con una psic\u00f3loga que no te deja seguir minti\u00e9ndote. Es para ti, que te hartaste de cargar culpas que no son tuyas, de callarte lo que te duele, de fingir que todo est\u00e1 bien para no romper con nadie, excepto contigo misma. Aqu\u00ed no vas a encontrar respuestas perfectas. Vas a encontrar verdades inc\u00f3modas. Y, sobre todo, vas a encontrarte contigo. En estas 110 sesiones convertidas en p\u00e1ginas, hablamos de lo que cansa, lo que duele, lo que callas y lo que ya es hora de soltar. Un espacio seguro para recordar esto: elegirte no es ego\u00edsmo, es una necesidad. Una invitaci\u00f3n a decidir por ti, vivir para ti y dejar, por fin, de aguantar tanta basura disfrazada de amor. Katherine Hoyer y Yulibeth R.G. son las autoras del aclamado libro Posdata: Dejar\u00e1s de doler, y cuentan con miles de lectores en Wattpad.<\/p>\n","protected":false},"excerpt":{"rendered":"<p>Mi psic\u00f3loga me dijo \u2013 110 sesiones para elegirte sin culpas y dejar de aguantar tanta m***d@ no es un libro para quien quiere seguir fingiendo<span class=\"excerpt-hellip\"> [\u2026]<\/span><\/p>\n","protected":false},"featured_media":1566,"comment_status":"closed","ping_status":"closed","template":"","meta":[],"product_brand":[],"product_cat":[46],"product_tag":[],"class_list":{"0":"post-1555","1":"product","2":"type-product","3":"status-publish","4":"has-post-thumbnail","6":"product_cat-autoayuda","8":"first","9":"outofstock","10":"taxable","11":"shipping-taxable","12":"purchasable","13":"product-type-simple"},"_links":{"self":[{"href":"https:\/\/www.mundilibros.cl\/web\/wp-json\/wp\/v2\/product\/1555","targetHints":{"allow":["GET"]}}],"collection":[{"href":"https:\/\/www.mundilibros.cl\/web\/wp-json\/wp\/v2\/product"}],"about":[{"href":"https:\/\/www.mundilibros.cl\/web\/wp-json\/wp\/v2\/types\/product"}],"replies":[{"embeddable":true,"href":"https:\/\/www.mundilibros.cl\/web\/wp-json\/wp\/v2\/comments?post=1555"}],"wp:featuredmedia":[{"embeddable":true,"href":"https:\/\/www.mundilibros.cl\/web\/wp-json\/wp\/v2\/media\/1566"}],"wp:attachment":[{"href":"https:\/\/www.mundilibros.cl\/web\/wp-json\/wp\/v2\/media?parent=1555"}],"wp:term":[{"taxonomy":"product_brand","embeddable":true,"href":"https:\/\/www.mundilibros.cl\/web\/wp-json\/wp\/v2\/product_brand?post=1555"},{"taxonomy":"product_cat","embeddable":true,"href":"https:\/\/www.mundilibros.cl\/web\/wp-json\/wp\/v2\/product_cat?post=1555"},{"taxonomy":"product_tag","embeddable":true,"href":"https:\/\/www.mundilibros.cl\/web\/wp-json\/wp\/v2\/product_tag?post=1555"}],"curies":[{"name":"wp","href":"https:\/\/api.w.org\/{rel}","templated":true}]}}