{"id":1558,"date":"2025-11-14T19:30:18","date_gmt":"2025-11-14T19:30:18","guid":{"rendered":"https:\/\/www.mundilibros.cl\/web\/?post_type=product&#038;p=1558"},"modified":"2026-01-26T21:56:34","modified_gmt":"2026-01-26T21:56:34","slug":"somos-tontos-hasta-las-doce","status":"publish","type":"product","link":"https:\/\/www.mundilibros.cl\/web\/producto\/somos-tontos-hasta-las-doce\/","title":{"rendered":"SOMOS TONTOS HASTA LAS DOCE"},"content":{"rendered":"<p>Carlos Gajardo fue el fiscal que lider\u00f3 el caso Penta, uno de los mayores esc\u00e1ndalos de corrupci\u00f3n en Chile en las \u00faltimas d\u00e9cadas y que afect\u00f3 a la clase pol\u00edtica de manera transversal. El caso termin\u00f3 con su salida de fiscal\u00eda. Ahora, dedicado a ejercer como abogado y analista en medios de comunicaci\u00f3n, se refiere a la crisis que atraviesa la justicia chilena.<\/p>\n<p>Tras las revelaciones del Caso Audios y el tr\u00e1fico de influencias de Luis Hermosilla, sus cr\u00edticas al manejo de los casos m\u00e1s emblem\u00e1ticos y su mirada sobre la crisis de las instituciones cobra mayor relevancia. En esta \u00abcarta abierta\u00bb aborda desde su experiencia y conocimientos temas como el poder, el sistema penal, su salida de la fiscal\u00eda, el rol de la justicia, la asimetr\u00eda entre lo privado y lo p\u00fablico, la ingerencia de lo pol\u00edtico y la impunidad. As\u00ed como las grandes amenazas que se ciernen sobre el pa\u00eds, el crimen organizado y los tiempos inciertos que se avecinan.<\/p>\n","protected":false},"excerpt":{"rendered":"<p>Carlos Gajardo fue el fiscal que lider\u00f3 el caso Penta, uno de los mayores esc\u00e1ndalos de corrupci\u00f3n en Chile en las \u00faltimas d\u00e9cadas y que afect\u00f3<span class=\"excerpt-hellip\"> [\u2026]<\/span><\/p>\n","protected":false},"featured_media":1569,"comment_status":"closed","ping_status":"closed","template":"","meta":[],"product_brand":[],"product_cat":[32],"product_tag":[],"class_list":{"0":"post-1558","1":"product","2":"type-product","3":"status-publish","4":"has-post-thumbnail","6":"product_cat-ciencias-sociales","8":"first","9":"outofstock","10":"taxable","11":"shipping-taxable","12":"purchasable","13":"product-type-simple"},"_links":{"self":[{"href":"https:\/\/www.mundilibros.cl\/web\/wp-json\/wp\/v2\/product\/1558","targetHints":{"allow":["GET"]}}],"collection":[{"href":"https:\/\/www.mundilibros.cl\/web\/wp-json\/wp\/v2\/product"}],"about":[{"href":"https:\/\/www.mundilibros.cl\/web\/wp-json\/wp\/v2\/types\/product"}],"replies":[{"embeddable":true,"href":"https:\/\/www.mundilibros.cl\/web\/wp-json\/wp\/v2\/comments?post=1558"}],"wp:featuredmedia":[{"embeddable":true,"href":"https:\/\/www.mundilibros.cl\/web\/wp-json\/wp\/v2\/media\/1569"}],"wp:attachment":[{"href":"https:\/\/www.mundilibros.cl\/web\/wp-json\/wp\/v2\/media?parent=1558"}],"wp:term":[{"taxonomy":"product_brand","embeddable":true,"href":"https:\/\/www.mundilibros.cl\/web\/wp-json\/wp\/v2\/product_brand?post=1558"},{"taxonomy":"product_cat","embeddable":true,"href":"https:\/\/www.mundilibros.cl\/web\/wp-json\/wp\/v2\/product_cat?post=1558"},{"taxonomy":"product_tag","embeddable":true,"href":"https:\/\/www.mundilibros.cl\/web\/wp-json\/wp\/v2\/product_tag?post=1558"}],"curies":[{"name":"wp","href":"https:\/\/api.w.org\/{rel}","templated":true}]}}

<p>Carlos Gajardo fue el fiscal que lideró el caso Penta, uno de los mayores escándalos de corrupción en Chile en las últimas décadas y que afectó a la clase política de manera transversal. El caso terminó con su salida de fiscalía. Ahora, dedicado a ejercer como abogado y analista en medios de comunicación, se refiere a la crisis que atraviesa la justicia chilena.</p>
<p>Tras las revelaciones del Caso Audios y el tráfico de influencias de Luis Hermosilla, sus críticas al manejo de los casos más emblemáticos y su mirada sobre la crisis de las instituciones cobra mayor relevancia. En esta «carta abierta» aborda desde su experiencia y conocimientos temas como el poder, el sistema penal, su salida de la fiscalía, el rol de la justicia, la asimetría entre lo privado y lo público, la ingerencia de lo político y la impunidad. Así como las grandes amenazas que se ciernen sobre el país, el crimen organizado y los tiempos inciertos que se avecinan.</p>

<p>Carlos Gajardo fue el fiscal que lideró el caso Penta, uno de los mayores escándalos de corrupción en Chile en las últimas décadas y que afectó<span class="excerpt-hellip"> […]</span></p>
