{"id":1637,"date":"2026-01-24T18:42:27","date_gmt":"2026-01-24T18:42:27","guid":{"rendered":"https:\/\/www.mundilibros.cl\/web\/?post_type=product&#038;p=1637"},"modified":"2026-03-04T13:53:12","modified_gmt":"2026-03-04T13:53:12","slug":"trazos-y-letras-nro-1-edicion-2026","status":"publish","type":"product","link":"https:\/\/www.mundilibros.cl\/web\/producto\/trazos-y-letras-nro-1-edicion-2026\/","title":{"rendered":"TRAZOS Y LETRAS NRO 1 NUEVA EDICION"},"content":{"rendered":"<p><strong>EDICION 2026<\/strong><\/p>\n<p><strong>Trazos y Letras N\u00b01<\/strong>\u00a0es un cuaderno did\u00e1ctico que fortalece las habilidades del lenguaje oral y escrito desde la educaci\u00f3n inicial, mediante una propuesta pedag\u00f3gica integral que articula el desarrollo motriz, ling\u00fc\u00edstico y comunicativo.<\/p>\n<p>Sus actividades est\u00e1n dise\u00f1adas para fomentar la expresi\u00f3n, comprensi\u00f3n y conciencia fonol\u00f3gica a trav\u00e9s de juegos gr\u00e1ficos, lectoescritura inicial y acercamiento a los textos.<\/p>\n<p>La edici\u00f3n incluye ilustraciones, im\u00e1genes reales y personajes que acompa\u00f1an el aprendizaje, promoviendo la motivaci\u00f3n, la participaci\u00f3n activa y el desarrollo de la autonom\u00eda.<\/p>\n<p>Adem\u00e1s, incorpora marcadores PleIQ con realidad aumentada, los que permiten acceder a experiencias digitales que refuerzan habilidades grafomotrices, fonol\u00f3gicas y lectoras, promoviendo el aprendizaje aut\u00f3nomo y ofreciendo seguimiento del progreso en tiempo real.<\/p>\n","protected":false},"excerpt":{"rendered":"<p><strong>DISPONIBLE DESDE EL 8 DE FEBRERO<\/strong><\/p>\n","protected":false},"featured_media":1643,"comment_status":"open","ping_status":"closed","template":"","meta":[],"product_brand":[],"product_cat":[537,88],"product_tag":[],"class_list":{"0":"post-1637","1":"product","2":"type-product","3":"status-publish","4":"has-post-thumbnail","6":"product_cat-novedades","7":"product_cat-textos-escolares","9":"first","10":"instock","11":"taxable","12":"shipping-taxable","13":"purchasable","14":"product-type-simple"},"_links":{"self":[{"href":"https:\/\/www.mundilibros.cl\/web\/wp-json\/wp\/v2\/product\/1637","targetHints":{"allow":["GET"]}}],"collection":[{"href":"https:\/\/www.mundilibros.cl\/web\/wp-json\/wp\/v2\/product"}],"about":[{"href":"https:\/\/www.mundilibros.cl\/web\/wp-json\/wp\/v2\/types\/product"}],"replies":[{"embeddable":true,"href":"https:\/\/www.mundilibros.cl\/web\/wp-json\/wp\/v2\/comments?post=1637"}],"wp:featuredmedia":[{"embeddable":true,"href":"https:\/\/www.mundilibros.cl\/web\/wp-json\/wp\/v2\/media\/1643"}],"wp:attachment":[{"href":"https:\/\/www.mundilibros.cl\/web\/wp-json\/wp\/v2\/media?parent=1637"}],"wp:term":[{"taxonomy":"product_brand","embeddable":true,"href":"https:\/\/www.mundilibros.cl\/web\/wp-json\/wp\/v2\/product_brand?post=1637"},{"taxonomy":"product_cat","embeddable":true,"href":"https:\/\/www.mundilibros.cl\/web\/wp-json\/wp\/v2\/product_cat?post=1637"},{"taxonomy":"product_tag","embeddable":true,"href":"https:\/\/www.mundilibros.cl\/web\/wp-json\/wp\/v2\/product_tag?post=1637"}],"curies":[{"name":"wp","href":"https:\/\/api.w.org\/{rel}","templated":true}]}}

<p><strong>EDICION 2026</strong></p>
<p><strong>Trazos y Letras N°1</strong> es un cuaderno didáctico que fortalece las habilidades del lenguaje oral y escrito desde la educación inicial, mediante una propuesta pedagógica integral que articula el desarrollo motriz, lingüístico y comunicativo.</p>
<p>Sus actividades están diseñadas para fomentar la expresión, comprensión y conciencia fonológica a través de juegos gráficos, lectoescritura inicial y acercamiento a los textos.</p>
<p>La edición incluye ilustraciones, imágenes reales y personajes que acompañan el aprendizaje, promoviendo la motivación, la participación activa y el desarrollo de la autonomía.</p>
<p>Además, incorpora marcadores PleIQ con realidad aumentada, los que permiten acceder a experiencias digitales que refuerzan habilidades grafomotrices, fonológicas y lectoras, promoviendo el aprendizaje autónomo y ofreciendo seguimiento del progreso en tiempo real.</p>
