{"id":1680,"date":"2026-02-13T16:09:08","date_gmt":"2026-02-13T16:09:08","guid":{"rendered":"https:\/\/www.mundilibros.cl\/web\/?post_type=product&#038;p=1680"},"modified":"2026-04-08T01:16:04","modified_gmt":"2026-04-08T01:16:04","slug":"el-convento","status":"publish","type":"product","link":"https:\/\/www.mundilibros.cl\/web\/producto\/el-convento\/","title":{"rendered":"EL CONVENTO"},"content":{"rendered":"<p><strong>Un convento. Un exorcismo. El viral de TikTok donde la realidad supera a la ficci\u00f3n<\/strong><\/p>\n<p data-start=\"311\" data-end=\"385\">\u00bfQu\u00e9 har\u00edas si el lugar que promet\u00eda paz se convierte en tu peor tormento?<\/p>\n<p data-start=\"387\" data-end=\"616\"><em data-start=\"387\" data-end=\"400\">El convento<\/em>\u00a0es el testimonio que millones conocieron en fragmentos virales y que ahora se revela completo: una historia real, intensa y perturbadora que te har\u00e1 cuestionar todo lo que cre\u00edas sobre la fe, el poder y la libertad.<\/p>\n<p data-start=\"618\" data-end=\"894\">A los 18 a\u00f1os, Kamila crey\u00f3 haber encontrado su camino: un retiro espiritual en el sur de Chile que promet\u00eda silencio, oraci\u00f3n y cercan\u00eda con Dios. Pero tras las rejas del convento, la calma se transform\u00f3 en control, las sonrisas en \u00f3rdenes y la fe en un arma de sometimiento.<\/p>\n<p data-start=\"896\" data-end=\"1071\">Lo que comenz\u00f3 como una experiencia m\u00edstica termin\u00f3 siendo una lucha por sobrevivir entre sombras, presencias malignas, exorcismos y secretos que la Iglesia preferir\u00eda callar.<\/p>\n<p data-start=\"1073\" data-end=\"1165\">Prep\u00e1rate para entrar en un mundo donde el silencio grita y la oscuridad se disfraza de luz.<\/p>\n","protected":false},"excerpt":{"rendered":"<p>Un convento. Un exorcismo. El viral de TikTok donde la realidad supera a la ficci\u00f3n \u00bfQu\u00e9 har\u00edas si el lugar que promet\u00eda paz se convierte en<span class=\"excerpt-hellip\"> [\u2026]<\/span><\/p>\n","protected":false},"featured_media":1681,"comment_status":"open","ping_status":"closed","template":"","meta":[],"product_brand":[],"product_cat":[537,25],"product_tag":[],"class_list":{"0":"post-1680","1":"product","2":"type-product","3":"status-publish","4":"has-post-thumbnail","6":"product_cat-novedades","7":"product_cat-novelas","9":"first","10":"instock","11":"taxable","12":"shipping-taxable","13":"purchasable","14":"product-type-simple"},"_links":{"self":[{"href":"https:\/\/www.mundilibros.cl\/web\/wp-json\/wp\/v2\/product\/1680","targetHints":{"allow":["GET"]}}],"collection":[{"href":"https:\/\/www.mundilibros.cl\/web\/wp-json\/wp\/v2\/product"}],"about":[{"href":"https:\/\/www.mundilibros.cl\/web\/wp-json\/wp\/v2\/types\/product"}],"replies":[{"embeddable":true,"href":"https:\/\/www.mundilibros.cl\/web\/wp-json\/wp\/v2\/comments?post=1680"}],"wp:featuredmedia":[{"embeddable":true,"href":"https:\/\/www.mundilibros.cl\/web\/wp-json\/wp\/v2\/media\/1681"}],"wp:attachment":[{"href":"https:\/\/www.mundilibros.cl\/web\/wp-json\/wp\/v2\/media?parent=1680"}],"wp:term":[{"taxonomy":"product_brand","embeddable":true,"href":"https:\/\/www.mundilibros.cl\/web\/wp-json\/wp\/v2\/product_brand?post=1680"},{"taxonomy":"product_cat","embeddable":true,"href":"https:\/\/www.mundilibros.cl\/web\/wp-json\/wp\/v2\/product_cat?post=1680"},{"taxonomy":"product_tag","embeddable":true,"href":"https:\/\/www.mundilibros.cl\/web\/wp-json\/wp\/v2\/product_tag?post=1680"}],"curies":[{"name":"wp","href":"https:\/\/api.w.org\/{rel}","templated":true}]}}

<p><strong>Un convento. Un exorcismo. El viral de TikTok donde la realidad supera a la ficción</strong></p>
<p data-start="311" data-end="385">¿Qué harías si el lugar que prometía paz se convierte en tu peor tormento?</p>
<p data-start="387" data-end="616"><em data-start="387" data-end="400">El convento</em> es el testimonio que millones conocieron en fragmentos virales y que ahora se revela completo: una historia real, intensa y perturbadora que te hará cuestionar todo lo que creías sobre la fe, el poder y la libertad.</p>
<p data-start="618" data-end="894">A los 18 años, Kamila creyó haber encontrado su camino: un retiro espiritual en el sur de Chile que prometía silencio, oración y cercanía con Dios. Pero tras las rejas del convento, la calma se transformó en control, las sonrisas en órdenes y la fe en un arma de sometimiento.</p>
<p data-start="896" data-end="1071">Lo que comenzó como una experiencia mística terminó siendo una lucha por sobrevivir entre sombras, presencias malignas, exorcismos y secretos que la Iglesia preferiría callar.</p>
<p data-start="1073" data-end="1165">Prepárate para entrar en un mundo donde el silencio grita y la oscuridad se disfraza de luz.</p>

<p>Un convento. Un exorcismo. El viral de TikTok donde la realidad supera a la ficción ¿Qué harías si el lugar que prometía paz se convierte en<span class="excerpt-hellip"> […]</span></p>
