{"id":364,"date":"2025-11-14T19:02:03","date_gmt":"2025-11-14T19:02:03","guid":{"rendered":"https:\/\/www.mundilibros.cl\/web\/?post_type=product&#038;p=364"},"modified":"2025-11-14T19:02:06","modified_gmt":"2025-11-14T19:02:06","slug":"el-chupacabras-de-pirque","status":"publish","type":"product","link":"https:\/\/www.mundilibros.cl\/web\/producto\/el-chupacabras-de-pirque\/","title":{"rendered":"EL CHUPACABRAS DE PIRQUE"},"content":{"rendered":"<p>En Pirque est\u00e1n ocurriendo extra\u00f1as muertes de perros, gallinas y pavos, entre otros animales. Y Ricky, un fan\u00e1tico del baloncesto y de las bromas, decide descubrir al asesino. Pero \u00bfser\u00e1 ese asesino el chupacabras?<\/p>\n","protected":false},"excerpt":{"rendered":"<p>En Pirque est\u00e1n ocurriendo extra\u00f1as muertes de perros, gallinas y pavos, entre otros animales. Y Ricky, un fan\u00e1tico del baloncesto y de las bromas, decide descubrir<span class=\"excerpt-hellip\"> [\u2026]<\/span><\/p>\n","protected":false},"featured_media":388,"comment_status":"open","ping_status":"closed","template":"","meta":[],"product_brand":[],"product_cat":[33],"product_tag":[],"class_list":{"0":"post-364","1":"product","2":"type-product","3":"status-publish","4":"has-post-thumbnail","6":"product_cat-literatura-escolar","8":"first","9":"outofstock","10":"taxable","11":"shipping-taxable","12":"purchasable","13":"product-type-simple"},"_links":{"self":[{"href":"https:\/\/www.mundilibros.cl\/web\/wp-json\/wp\/v2\/product\/364","targetHints":{"allow":["GET"]}}],"collection":[{"href":"https:\/\/www.mundilibros.cl\/web\/wp-json\/wp\/v2\/product"}],"about":[{"href":"https:\/\/www.mundilibros.cl\/web\/wp-json\/wp\/v2\/types\/product"}],"replies":[{"embeddable":true,"href":"https:\/\/www.mundilibros.cl\/web\/wp-json\/wp\/v2\/comments?post=364"}],"wp:featuredmedia":[{"embeddable":true,"href":"https:\/\/www.mundilibros.cl\/web\/wp-json\/wp\/v2\/media\/388"}],"wp:attachment":[{"href":"https:\/\/www.mundilibros.cl\/web\/wp-json\/wp\/v2\/media?parent=364"}],"wp:term":[{"taxonomy":"product_brand","embeddable":true,"href":"https:\/\/www.mundilibros.cl\/web\/wp-json\/wp\/v2\/product_brand?post=364"},{"taxonomy":"product_cat","embeddable":true,"href":"https:\/\/www.mundilibros.cl\/web\/wp-json\/wp\/v2\/product_cat?post=364"},{"taxonomy":"product_tag","embeddable":true,"href":"https:\/\/www.mundilibros.cl\/web\/wp-json\/wp\/v2\/product_tag?post=364"}],"curies":[{"name":"wp","href":"https:\/\/api.w.org\/{rel}","templated":true}]}}