{"id":491,"date":"2025-11-14T19:02:48","date_gmt":"2025-11-14T19:02:48","guid":{"rendered":"https:\/\/www.mundilibros.cl\/web\/?post_type=product&#038;p=491"},"modified":"2025-11-14T19:03:02","modified_gmt":"2025-11-14T19:03:02","slug":"la-voz-de-tu-alma","status":"publish","type":"product","link":"https:\/\/www.mundilibros.cl\/web\/producto\/la-voz-de-tu-alma\/","title":{"rendered":"LA VOZ DE TU ALMA"},"content":{"rendered":"<p>Imagina como te sentir\u00edas si por primera vez fueras guiado de dentro hacia fuera. Todo el mundo trata de decirnos c\u00f3mo debemos vivir la vida, y nuestra mente con sus programas subconscientes del pasado, no deja de advertirnos y de recomendarnos que tomemos ciertas decisiones que siempre nos llevan a la misma zona de confort.<\/p>\n<p>El principal desaf\u00edo no es cambiarte, \u00a1t\u00fa ya eres perfecto! El principal desaf\u00edo es convertirte en ti mismo, en que siempre deber\u00edas haber sido\u2026<\/p>\n<p>Aprende a escuchar el susurro interior, lo que algunos llaman \u201cintuici\u00f3n\u201d, los millonarios llaman \u201ctener olfato para los negocios\u201d, LA VOZ DE TU ALMA que te ayudar\u00e1 a pasar de la personas que has venido siendo, a la persona que realmente has venido a ser. \u00bfY quien has venido a ser? Conoce la verdad: VINISTE AQU\u00cd PARA BRILLAR, LO TIENES TODO.<\/p>\n<p>&nbsp;<\/p>\n<p>nro de paginas : 390<\/p>\n","protected":false},"excerpt":{"rendered":"<p>Imagina como te sentir\u00edas si por primera vez fueras guiado de dentro hacia fuera. Todo el mundo trata de decirnos c\u00f3mo debemos vivir la vida, y<span class=\"excerpt-hellip\"> [\u2026]<\/span><\/p>\n","protected":false},"featured_media":521,"comment_status":"open","ping_status":"closed","template":"","meta":[],"product_brand":[],"product_cat":[46],"product_tag":[],"class_list":{"0":"post-491","1":"product","2":"type-product","3":"status-publish","4":"has-post-thumbnail","6":"product_cat-autoayuda","8":"first","9":"outofstock","10":"taxable","11":"shipping-taxable","12":"purchasable","13":"product-type-simple"},"_links":{"self":[{"href":"https:\/\/www.mundilibros.cl\/web\/wp-json\/wp\/v2\/product\/491","targetHints":{"allow":["GET"]}}],"collection":[{"href":"https:\/\/www.mundilibros.cl\/web\/wp-json\/wp\/v2\/product"}],"about":[{"href":"https:\/\/www.mundilibros.cl\/web\/wp-json\/wp\/v2\/types\/product"}],"replies":[{"embeddable":true,"href":"https:\/\/www.mundilibros.cl\/web\/wp-json\/wp\/v2\/comments?post=491"}],"wp:featuredmedia":[{"embeddable":true,"href":"https:\/\/www.mundilibros.cl\/web\/wp-json\/wp\/v2\/media\/521"}],"wp:attachment":[{"href":"https:\/\/www.mundilibros.cl\/web\/wp-json\/wp\/v2\/media?parent=491"}],"wp:term":[{"taxonomy":"product_brand","embeddable":true,"href":"https:\/\/www.mundilibros.cl\/web\/wp-json\/wp\/v2\/product_brand?post=491"},{"taxonomy":"product_cat","embeddable":true,"href":"https:\/\/www.mundilibros.cl\/web\/wp-json\/wp\/v2\/product_cat?post=491"},{"taxonomy":"product_tag","embeddable":true,"href":"https:\/\/www.mundilibros.cl\/web\/wp-json\/wp\/v2\/product_tag?post=491"}],"curies":[{"name":"wp","href":"https:\/\/api.w.org\/{rel}","templated":true}]}}