{"id":494,"date":"2025-11-14T19:02:48","date_gmt":"2025-11-14T19:02:48","guid":{"rendered":"https:\/\/www.mundilibros.cl\/web\/?post_type=product&#038;p=494"},"modified":"2025-11-14T19:03:05","modified_gmt":"2025-11-14T19:03:05","slug":"conectate-con-el-dinero","status":"publish","type":"product","link":"https:\/\/www.mundilibros.cl\/web\/producto\/conectate-con-el-dinero\/","title":{"rendered":"CON\u00c9CTATE CON EL DINERO"},"content":{"rendered":"<p>LA GENTE DICE QUE LE GUSTA EL DINERO, PERO EN ESTE LIBRO DESCUBRIR\u00c1S QUE LO QUE TE GUSTA ES LO QUE COMPRA Y NADA M\u00c1S, por esto es que 7 de cada 10 personas le tienen miedo al dinero y no se expresan bien de \u00e9l.<\/p>\n<p>Hablar de este tema se ha vuelto un tab\u00fa, y adem\u00e1s se ha convertido en algo doloroso, a causa de lo que nos han ense\u00f1ado nuestros padres y la religi\u00f3n.<\/p>\n<p>Leer este libro puerde cambiar tu forma de ver el dinero y, lo m\u00e1s importante, va a cambiar tu forma de relacionarte con \u00e9l, con lo que tendr\u00e1s las claves para alcanzar la riqueza.<\/p>\n<p>&nbsp;<\/p>\n<p>N\u00famero de p\u00e1ginas: 216<br \/>\nmedidas :\u00a0 15 x 23 cms<\/p>\n","protected":false},"excerpt":{"rendered":"<p>LA GENTE DICE QUE LE GUSTA EL DINERO, PERO EN ESTE LIBRO DESCUBRIR\u00c1S QUE LO QUE TE GUSTA ES LO QUE COMPRA Y NADA M\u00c1S<\/p>\n","protected":false},"featured_media":526,"comment_status":"open","ping_status":"closed","template":"","meta":[],"product_brand":[],"product_cat":[87],"product_tag":[],"class_list":{"0":"post-494","1":"product","2":"type-product","3":"status-publish","4":"has-post-thumbnail","6":"product_cat-negocios","8":"first","9":"outofstock","10":"taxable","11":"shipping-taxable","12":"purchasable","13":"product-type-simple"},"_links":{"self":[{"href":"https:\/\/www.mundilibros.cl\/web\/wp-json\/wp\/v2\/product\/494","targetHints":{"allow":["GET"]}}],"collection":[{"href":"https:\/\/www.mundilibros.cl\/web\/wp-json\/wp\/v2\/product"}],"about":[{"href":"https:\/\/www.mundilibros.cl\/web\/wp-json\/wp\/v2\/types\/product"}],"replies":[{"embeddable":true,"href":"https:\/\/www.mundilibros.cl\/web\/wp-json\/wp\/v2\/comments?post=494"}],"wp:featuredmedia":[{"embeddable":true,"href":"https:\/\/www.mundilibros.cl\/web\/wp-json\/wp\/v2\/media\/526"}],"wp:attachment":[{"href":"https:\/\/www.mundilibros.cl\/web\/wp-json\/wp\/v2\/media?parent=494"}],"wp:term":[{"taxonomy":"product_brand","embeddable":true,"href":"https:\/\/www.mundilibros.cl\/web\/wp-json\/wp\/v2\/product_brand?post=494"},{"taxonomy":"product_cat","embeddable":true,"href":"https:\/\/www.mundilibros.cl\/web\/wp-json\/wp\/v2\/product_cat?post=494"},{"taxonomy":"product_tag","embeddable":true,"href":"https:\/\/www.mundilibros.cl\/web\/wp-json\/wp\/v2\/product_tag?post=494"}],"curies":[{"name":"wp","href":"https:\/\/api.w.org\/{rel}","templated":true}]}}