{"id":495,"date":"2025-11-14T19:02:48","date_gmt":"2025-11-14T19:02:48","guid":{"rendered":"https:\/\/www.mundilibros.cl\/web\/?post_type=product&#038;p=495"},"modified":"2025-11-14T19:03:06","modified_gmt":"2025-11-14T19:03:06","slug":"el-autodidacta","status":"publish","type":"product","link":"https:\/\/www.mundilibros.cl\/web\/producto\/el-autodidacta\/","title":{"rendered":"EL AUTODIDACTA"},"content":{"rendered":"<p>[kc_row use_container=\u00bbyes\u00bb force=\u00bbno\u00bb column_align=\u00bbmiddle\u00bb video_mute=\u00bbno\u00bb _id=\u00bb964389&#8243;][kc_column width=\u00bb12\/12&#8243; video_mute=\u00bbno\u00bb _id=\u00bb776153&#8243;][kc_column_text]<\/p>\n<p>El autodidacta es una novela inspirada en el descubrimiento del propio Hern\u00e1n Rivera Letelier de la literatura y la escritura, cuando era un joven que trabajaba en una de las \u00faltimas salitreras del norte de Chile. Por una parte, descubre a partir de una antolog\u00eda de poes\u00eda chilena el valor y la fuerza brutal de la literatura y por otra, se enamora de una joven por la que disputar\u00e1 con un nuevo integrante de la comunidad: un boxeador reci\u00e9n llegado que se robar\u00e1 todas las miradas del pueblo.<\/p>\n<p>[\/kc_column_text][\/kc_column][\/kc_row]<\/p>\n<p>&nbsp;<\/p>\n<p>Encuadernaci\u00f3n: R\u00fastica<br \/>\nP\u00e1ginas: 140<br \/>\nFormato: 15 x 24 cm.<\/p>\n","protected":false},"excerpt":{"rendered":"<p>[kc_row use_container=\u00bbyes\u00bb force=\u00bbno\u00bb column_align=\u00bbmiddle\u00bb video_mute=\u00bbno\u00bb _id=\u00bb964389&#8243;][kc_column width=\u00bb12\/12&#8243; video_mute=\u00bbno\u00bb _id=\u00bb776153&#8243;][kc_column_text] El autodidacta es una novela inspirada en el descubrimiento del propio Hern\u00e1n Rivera Letelier de la literatura<span class=\"excerpt-hellip\"> [\u2026]<\/span><\/p>\n","protected":false},"featured_media":527,"comment_status":"open","ping_status":"closed","template":"","meta":[],"product_brand":[],"product_cat":[25],"product_tag":[],"class_list":{"0":"post-495","1":"product","2":"type-product","3":"status-publish","4":"has-post-thumbnail","6":"product_cat-novelas","8":"first","9":"outofstock","10":"taxable","11":"shipping-taxable","12":"purchasable","13":"product-type-simple"},"_links":{"self":[{"href":"https:\/\/www.mundilibros.cl\/web\/wp-json\/wp\/v2\/product\/495","targetHints":{"allow":["GET"]}}],"collection":[{"href":"https:\/\/www.mundilibros.cl\/web\/wp-json\/wp\/v2\/product"}],"about":[{"href":"https:\/\/www.mundilibros.cl\/web\/wp-json\/wp\/v2\/types\/product"}],"replies":[{"embeddable":true,"href":"https:\/\/www.mundilibros.cl\/web\/wp-json\/wp\/v2\/comments?post=495"}],"wp:featuredmedia":[{"embeddable":true,"href":"https:\/\/www.mundilibros.cl\/web\/wp-json\/wp\/v2\/media\/527"}],"wp:attachment":[{"href":"https:\/\/www.mundilibros.cl\/web\/wp-json\/wp\/v2\/media?parent=495"}],"wp:term":[{"taxonomy":"product_brand","embeddable":true,"href":"https:\/\/www.mundilibros.cl\/web\/wp-json\/wp\/v2\/product_brand?post=495"},{"taxonomy":"product_cat","embeddable":true,"href":"https:\/\/www.mundilibros.cl\/web\/wp-json\/wp\/v2\/product_cat?post=495"},{"taxonomy":"product_tag","embeddable":true,"href":"https:\/\/www.mundilibros.cl\/web\/wp-json\/wp\/v2\/product_tag?post=495"}],"curies":[{"name":"wp","href":"https:\/\/api.w.org\/{rel}","templated":true}]}}

<p>[kc_row use_container=»yes» force=»no» column_align=»middle» video_mute=»no» _id=»964389&#8243;][kc_column width=»12/12&#8243; video_mute=»no» _id=»776153&#8243;][kc_column_text]</p>
<p>El autodidacta es una novela inspirada en el descubrimiento del propio Hernán Rivera Letelier de la literatura y la escritura, cuando era un joven que trabajaba en una de las últimas salitreras del norte de Chile. Por una parte, descubre a partir de una antología de poesía chilena el valor y la fuerza brutal de la literatura y por otra, se enamora de una joven por la que disputará con un nuevo integrante de la comunidad: un boxeador recién llegado que se robará todas las miradas del pueblo.</p>
<p>[/kc_column_text][/kc_column][/kc_row]</p>
<p>&nbsp;</p>
<p>Encuadernación: Rústica<br />
Páginas: 140<br />
Formato: 15 x 24 cm.</p>

<p>[kc_row use_container=»yes» force=»no» column_align=»middle» video_mute=»no» _id=»964389&#8243;][kc_column width=»12/12&#8243; video_mute=»no» _id=»776153&#8243;][kc_column_text] El autodidacta es una novela inspirada en el descubrimiento del propio Hernán Rivera Letelier de la literatura<span class="excerpt-hellip"> […]</span></p>
