{"id":508,"date":"2025-11-14T19:02:49","date_gmt":"2025-11-14T19:02:49","guid":{"rendered":"https:\/\/www.mundilibros.cl\/web\/?post_type=product&#038;p=508"},"modified":"2026-02-16T17:38:22","modified_gmt":"2026-02-16T17:38:22","slug":"caligrafia-1-basico-1er-semestre-vertical","status":"publish","type":"product","link":"https:\/\/www.mundilibros.cl\/web\/producto\/caligrafia-1-basico-1er-semestre-vertical\/","title":{"rendered":"CALIGRAF\u00cdA 1\u00b0 BASICO &#8211; 1er SEMESTRE VERTICAL"},"content":{"rendered":"<p>Caracter\u00edsticas de nuestra propuesta pedag\u00f3gica:<\/p>\n<ul>\n<li>Apresto y ubicaci\u00f3n en los rieles de escritura.<\/li>\n<li>Escritura de letras: Vocales: a, e, i, o, u; consonantes: l, m, y, p, s, t, d, c, n, f, r, h, j, q, g, z, b, nexo \u201cy\u201d.<\/li>\n<li>Escritura de s\u00edlabas directas, palabras y oraciones.<\/li>\n<li>Presentaci\u00f3n de cada letra en may\u00fascula y min\u00fascula, imprenta y ligada.<\/li>\n<li>La presentaci\u00f3n va acompa\u00f1ada de un dibujo que comienza con la letra en estudio.<\/li>\n<li>Formato grande de la letra ligada en may\u00fascula y min\u00fascula con flecha de inicio, trayectoria de la letra en l\u00ednea discontinua y punto de t\u00e9rmino.<\/li>\n<li>Actividades para desarrollar la conciencia fonol\u00f3gica.<\/li>\n<li>Actividades de comprensi\u00f3n lectora a trav\u00e9s de oraciones.<\/li>\n<li>Juegos educativos (crucigrama, sopa de letras).<\/li>\n<li>Hojas en blanco para reforzar letras, en el caso que el ni\u00f1o o ni\u00f1a lo requiera.<\/li>\n<\/ul>\n","protected":false},"excerpt":{"rendered":"<p>Edici\u00f3n 2022<\/p>\n","protected":false},"featured_media":552,"comment_status":"open","ping_status":"closed","template":"","meta":[],"product_brand":[],"product_cat":[88],"product_tag":[],"class_list":{"0":"post-508","1":"product","2":"type-product","3":"status-publish","4":"has-post-thumbnail","6":"product_cat-textos-escolares","8":"first","9":"instock","10":"taxable","11":"shipping-taxable","12":"purchasable","13":"product-type-simple"},"_links":{"self":[{"href":"https:\/\/www.mundilibros.cl\/web\/wp-json\/wp\/v2\/product\/508","targetHints":{"allow":["GET"]}}],"collection":[{"href":"https:\/\/www.mundilibros.cl\/web\/wp-json\/wp\/v2\/product"}],"about":[{"href":"https:\/\/www.mundilibros.cl\/web\/wp-json\/wp\/v2\/types\/product"}],"replies":[{"embeddable":true,"href":"https:\/\/www.mundilibros.cl\/web\/wp-json\/wp\/v2\/comments?post=508"}],"wp:featuredmedia":[{"embeddable":true,"href":"https:\/\/www.mundilibros.cl\/web\/wp-json\/wp\/v2\/media\/552"}],"wp:attachment":[{"href":"https:\/\/www.mundilibros.cl\/web\/wp-json\/wp\/v2\/media?parent=508"}],"wp:term":[{"taxonomy":"product_brand","embeddable":true,"href":"https:\/\/www.mundilibros.cl\/web\/wp-json\/wp\/v2\/product_brand?post=508"},{"taxonomy":"product_cat","embeddable":true,"href":"https:\/\/www.mundilibros.cl\/web\/wp-json\/wp\/v2\/product_cat?post=508"},{"taxonomy":"product_tag","embeddable":true,"href":"https:\/\/www.mundilibros.cl\/web\/wp-json\/wp\/v2\/product_tag?post=508"}],"curies":[{"name":"wp","href":"https:\/\/api.w.org\/{rel}","templated":true}]}}