{"id":529,"date":"2025-11-14T19:03:10","date_gmt":"2025-11-14T19:03:10","guid":{"rendered":"https:\/\/www.mundilibros.cl\/web\/?post_type=product&#038;p=529"},"modified":"2025-11-14T19:03:45","modified_gmt":"2025-11-14T19:03:45","slug":"el-arte-de-la-guerra","status":"publish","type":"product","link":"https:\/\/www.mundilibros.cl\/web\/producto\/el-arte-de-la-guerra\/","title":{"rendered":"EL ARTE DE LA GUERRA"},"content":{"rendered":"<p>El Arte de la Guerra es, probablemente, el mejor libro de estrategia de todos los tiempos. Escritas hace dos mil quinientos a\u00f1os, las m\u00e1ximas que encierra este libro\u00a0mantienen una sorprendente vigencia.\u00bb El arte de la guerra ense\u00f1a a ganar desde la paz. En eso consiste la estrategia: la mejor manera de vencer es situarnos en una\u00a0posici\u00f3n ganadora de antemano, que haga la guerra innecesaria. Si no alcanzamos esa posici\u00f3n, la guerra es una locura. Y para alcanzarla, un general chino llamado Sun Tzu escribi\u00f3 hace veinticinco siglos este brillante tratado repleto de sabidur\u00eda pr\u00e1ctica. Las ideas del legendario general Sun Tzu se extendieron por toda Asia, dando forma al car\u00e1cter oriental, y llegaron por primera vez a Europa a finales del siglo XVIII<\/p>\n","protected":false},"excerpt":{"rendered":"<p>El Arte de la Guerra es, probablemente, el mejor libro de estrategia de todos los tiempos. Escritas hace dos mil quinientos a\u00f1os, las m\u00e1ximas que encierra<span class=\"excerpt-hellip\"> [\u2026]<\/span><\/p>\n","protected":false},"featured_media":573,"comment_status":"open","ping_status":"closed","template":"","meta":[],"product_brand":[],"product_cat":[46],"product_tag":[],"class_list":{"0":"post-529","1":"product","2":"type-product","3":"status-publish","4":"has-post-thumbnail","6":"product_cat-autoayuda","8":"first","9":"instock","10":"taxable","11":"shipping-taxable","12":"purchasable","13":"product-type-simple"},"_links":{"self":[{"href":"https:\/\/www.mundilibros.cl\/web\/wp-json\/wp\/v2\/product\/529","targetHints":{"allow":["GET"]}}],"collection":[{"href":"https:\/\/www.mundilibros.cl\/web\/wp-json\/wp\/v2\/product"}],"about":[{"href":"https:\/\/www.mundilibros.cl\/web\/wp-json\/wp\/v2\/types\/product"}],"replies":[{"embeddable":true,"href":"https:\/\/www.mundilibros.cl\/web\/wp-json\/wp\/v2\/comments?post=529"}],"wp:featuredmedia":[{"embeddable":true,"href":"https:\/\/www.mundilibros.cl\/web\/wp-json\/wp\/v2\/media\/573"}],"wp:attachment":[{"href":"https:\/\/www.mundilibros.cl\/web\/wp-json\/wp\/v2\/media?parent=529"}],"wp:term":[{"taxonomy":"product_brand","embeddable":true,"href":"https:\/\/www.mundilibros.cl\/web\/wp-json\/wp\/v2\/product_brand?post=529"},{"taxonomy":"product_cat","embeddable":true,"href":"https:\/\/www.mundilibros.cl\/web\/wp-json\/wp\/v2\/product_cat?post=529"},{"taxonomy":"product_tag","embeddable":true,"href":"https:\/\/www.mundilibros.cl\/web\/wp-json\/wp\/v2\/product_tag?post=529"}],"curies":[{"name":"wp","href":"https:\/\/api.w.org\/{rel}","templated":true}]}}