{"id":540,"date":"2025-11-14T19:03:11","date_gmt":"2025-11-14T19:03:11","guid":{"rendered":"https:\/\/www.mundilibros.cl\/web\/?post_type=product&#038;p=540"},"modified":"2025-11-14T19:03:57","modified_gmt":"2025-11-14T19:03:57","slug":"hippie","status":"publish","type":"product","link":"https:\/\/www.mundilibros.cl\/web\/producto\/hippie\/","title":{"rendered":"HIPPIE"},"content":{"rendered":"<p>Hippie, con una portada llena de colores que har\u00e1 que lo voltees a ver indudablemente. Esta novela explora una parte del escritor que nunca hab\u00eda dejado salir a la luz con tanto detalle y lo envuelve en una interesante historia de amor, tan cautivadora como s\u00f3lo \u00e9l sabe hacerla. No faltan los detalles reflexivos e inspiradores que caracterizan al autor y una redacci\u00f3n detallada que te remontar\u00e1 al sue\u00f1o transformador y pacifista de la generaci\u00f3n hippie<\/p>\n","protected":false},"excerpt":{"rendered":"<p>Hippie, con una portada llena de colores que har\u00e1 que lo voltees a ver indudablemente. Esta novela explora una parte del escritor que nunca hab\u00eda dejado<span class=\"excerpt-hellip\"> [\u2026]<\/span><\/p>\n","protected":false},"featured_media":602,"comment_status":"open","ping_status":"closed","template":"","meta":[],"product_brand":[],"product_cat":[89],"product_tag":[],"class_list":{"0":"post-540","1":"product","2":"type-product","3":"status-publish","4":"has-post-thumbnail","6":"product_cat-ofertas","8":"first","9":"instock","10":"sale","11":"taxable","12":"shipping-taxable","13":"purchasable","14":"product-type-simple"},"_links":{"self":[{"href":"https:\/\/www.mundilibros.cl\/web\/wp-json\/wp\/v2\/product\/540","targetHints":{"allow":["GET"]}}],"collection":[{"href":"https:\/\/www.mundilibros.cl\/web\/wp-json\/wp\/v2\/product"}],"about":[{"href":"https:\/\/www.mundilibros.cl\/web\/wp-json\/wp\/v2\/types\/product"}],"replies":[{"embeddable":true,"href":"https:\/\/www.mundilibros.cl\/web\/wp-json\/wp\/v2\/comments?post=540"}],"wp:featuredmedia":[{"embeddable":true,"href":"https:\/\/www.mundilibros.cl\/web\/wp-json\/wp\/v2\/media\/602"}],"wp:attachment":[{"href":"https:\/\/www.mundilibros.cl\/web\/wp-json\/wp\/v2\/media?parent=540"}],"wp:term":[{"taxonomy":"product_brand","embeddable":true,"href":"https:\/\/www.mundilibros.cl\/web\/wp-json\/wp\/v2\/product_brand?post=540"},{"taxonomy":"product_cat","embeddable":true,"href":"https:\/\/www.mundilibros.cl\/web\/wp-json\/wp\/v2\/product_cat?post=540"},{"taxonomy":"product_tag","embeddable":true,"href":"https:\/\/www.mundilibros.cl\/web\/wp-json\/wp\/v2\/product_tag?post=540"}],"curies":[{"name":"wp","href":"https:\/\/api.w.org\/{rel}","templated":true}]}}