{"id":587,"date":"2025-11-14T19:03:55","date_gmt":"2025-11-14T19:03:55","guid":{"rendered":"https:\/\/www.mundilibros.cl\/web\/?post_type=product&#038;p=587"},"modified":"2026-02-04T14:42:59","modified_gmt":"2026-02-04T14:42:59","slug":"amadeo-va-al-colegio","status":"publish","type":"product","link":"https:\/\/www.mundilibros.cl\/web\/producto\/amadeo-va-al-colegio\/","title":{"rendered":"AMADEO VA AL COLEGIO"},"content":{"rendered":"<p>Amadeo el perro de los Mart\u00ednez est\u00e1 preocupado. Ha escuchado que algo terrible e injusto va a suceder con el abuelo, y eso \u00e9l no puede permitirlo. Cuando los acontecimientos se precipitan y la situaci\u00f3n parece no tener salida, decide actuar con toda su energ\u00eda. Otra encantadora aventura del fiel Amadeo y sus confusiones.<\/p>\n<p>&nbsp;<\/p>\n<p>autor: Cecilia Beuchat<\/p>\n<p>p\u00e1ginas: 64<\/p>\n","protected":false},"excerpt":{"rendered":"<p>Amadeo el perro de los Mart\u00ednez est\u00e1 preocupado. Ha escuchado que algo terrible e injusto va a suceder con el abuelo, y eso \u00e9l no puede<span class=\"excerpt-hellip\"> [\u2026]<\/span><\/p>\n","protected":false},"featured_media":620,"comment_status":"open","ping_status":"closed","template":"","meta":[],"product_brand":[],"product_cat":[33],"product_tag":[],"class_list":{"0":"post-587","1":"product","2":"type-product","3":"status-publish","4":"has-post-thumbnail","6":"product_cat-literatura-escolar","8":"first","9":"instock","10":"taxable","11":"shipping-taxable","12":"purchasable","13":"product-type-simple"},"_links":{"self":[{"href":"https:\/\/www.mundilibros.cl\/web\/wp-json\/wp\/v2\/product\/587","targetHints":{"allow":["GET"]}}],"collection":[{"href":"https:\/\/www.mundilibros.cl\/web\/wp-json\/wp\/v2\/product"}],"about":[{"href":"https:\/\/www.mundilibros.cl\/web\/wp-json\/wp\/v2\/types\/product"}],"replies":[{"embeddable":true,"href":"https:\/\/www.mundilibros.cl\/web\/wp-json\/wp\/v2\/comments?post=587"}],"wp:featuredmedia":[{"embeddable":true,"href":"https:\/\/www.mundilibros.cl\/web\/wp-json\/wp\/v2\/media\/620"}],"wp:attachment":[{"href":"https:\/\/www.mundilibros.cl\/web\/wp-json\/wp\/v2\/media?parent=587"}],"wp:term":[{"taxonomy":"product_brand","embeddable":true,"href":"https:\/\/www.mundilibros.cl\/web\/wp-json\/wp\/v2\/product_brand?post=587"},{"taxonomy":"product_cat","embeddable":true,"href":"https:\/\/www.mundilibros.cl\/web\/wp-json\/wp\/v2\/product_cat?post=587"},{"taxonomy":"product_tag","embeddable":true,"href":"https:\/\/www.mundilibros.cl\/web\/wp-json\/wp\/v2\/product_tag?post=587"}],"curies":[{"name":"wp","href":"https:\/\/api.w.org\/{rel}","templated":true}]}}