{"id":652,"date":"2025-11-14T19:04:17","date_gmt":"2025-11-14T19:04:17","guid":{"rendered":"https:\/\/www.mundilibros.cl\/web\/?post_type=product&#038;p=652"},"modified":"2025-11-14T19:06:01","modified_gmt":"2025-11-14T19:06:01","slug":"las-tienieblas-y-el-alba","status":"publish","type":"product","link":"https:\/\/www.mundilibros.cl\/web\/producto\/las-tienieblas-y-el-alba\/","title":{"rendered":"LAS TIENIEBLAS Y EL ALBA"},"content":{"rendered":"<p>A\u00f1o 997, finales de la Edad Oscura. Inglaterra se enfrenta a los ataques de los galeses por el oeste y de los vikingos por el este. La vida es dif\u00edcil y aquellos que ostentan algo de poder lo ejercen con pu\u00f1o de hierro y, a menudo, en conflicto con el propio rey.<\/p>\n<p>En estos tiempos turbulentos, tres vidas se entrecruzan: el joven constructor de barcos Edgar, a punto de fugarse con la mujer a la que ama, comprende que su futuro ser\u00e1 muy diferente a lo que hab\u00eda imaginado cuando su hogar es arrasado por los vikingos; Ragna, la rebelde hija de un noble normando, acompa\u00f1a a su marido a una nueva tierra al otro lado del mar solo para descubrir que las costumbres all\u00ed son peligrosamente distintas; y Aldred, un monje idealista, sue\u00f1a con transformar su humilde abad\u00eda en un centro de saber admirado en toda Europa. Los tres se ver\u00e1n abocados a un enfrentamiento con el despiadado obispo Wynstan, decidido a aumentar su poder a cualquier precio.<\/p>\n<p>El gran maestro de la narrativa de acci\u00f3n y suspense nos transporta al ocaso de una \u00e9poca violenta y brutal y el comienzo de un nuevo tiempo en un monumental y emocionante relato de ambici\u00f3n y rivalidad, nacimiento y muerte, amor y odio.<\/p>\n<p>Formato Tapa blanda<br \/>\np\u00e1ginas: 936<br \/>\nMedidas: 15,5 X 23 cm<\/p>\n","protected":false},"excerpt":{"rendered":"<p>A\u00f1o 997, finales de la Edad Oscura. Inglaterra se enfrenta a los ataques de los galeses por el oeste y de los vikingos por el este.<span class=\"excerpt-hellip\"> [\u2026]<\/span><\/p>\n","protected":false},"featured_media":718,"comment_status":"closed","ping_status":"closed","template":"","meta":[],"product_brand":[],"product_cat":[34,25],"product_tag":[],"class_list":{"0":"post-652","1":"product","2":"type-product","3":"status-publish","4":"has-post-thumbnail","6":"product_cat-novela-historica","7":"product_cat-novelas","9":"first","10":"outofstock","11":"sale","12":"taxable","13":"shipping-taxable","14":"purchasable","15":"product-type-simple"},"_links":{"self":[{"href":"https:\/\/www.mundilibros.cl\/web\/wp-json\/wp\/v2\/product\/652","targetHints":{"allow":["GET"]}}],"collection":[{"href":"https:\/\/www.mundilibros.cl\/web\/wp-json\/wp\/v2\/product"}],"about":[{"href":"https:\/\/www.mundilibros.cl\/web\/wp-json\/wp\/v2\/types\/product"}],"replies":[{"embeddable":true,"href":"https:\/\/www.mundilibros.cl\/web\/wp-json\/wp\/v2\/comments?post=652"}],"wp:featuredmedia":[{"embeddable":true,"href":"https:\/\/www.mundilibros.cl\/web\/wp-json\/wp\/v2\/media\/718"}],"wp:attachment":[{"href":"https:\/\/www.mundilibros.cl\/web\/wp-json\/wp\/v2\/media?parent=652"}],"wp:term":[{"taxonomy":"product_brand","embeddable":true,"href":"https:\/\/www.mundilibros.cl\/web\/wp-json\/wp\/v2\/product_brand?post=652"},{"taxonomy":"product_cat","embeddable":true,"href":"https:\/\/www.mundilibros.cl\/web\/wp-json\/wp\/v2\/product_cat?post=652"},{"taxonomy":"product_tag","embeddable":true,"href":"https:\/\/www.mundilibros.cl\/web\/wp-json\/wp\/v2\/product_tag?post=652"}],"curies":[{"name":"wp","href":"https:\/\/api.w.org\/{rel}","templated":true}]}}

<p>Año 997, finales de la Edad Oscura. Inglaterra se enfrenta a los ataques de los galeses por el oeste y de los vikingos por el este. La vida es difícil y aquellos que ostentan algo de poder lo ejercen con puño de hierro y, a menudo, en conflicto con el propio rey.</p>
<p>En estos tiempos turbulentos, tres vidas se entrecruzan: el joven constructor de barcos Edgar, a punto de fugarse con la mujer a la que ama, comprende que su futuro será muy diferente a lo que había imaginado cuando su hogar es arrasado por los vikingos; Ragna, la rebelde hija de un noble normando, acompaña a su marido a una nueva tierra al otro lado del mar solo para descubrir que las costumbres allí son peligrosamente distintas; y Aldred, un monje idealista, sueña con transformar su humilde abadía en un centro de saber admirado en toda Europa. Los tres se verán abocados a un enfrentamiento con el despiadado obispo Wynstan, decidido a aumentar su poder a cualquier precio.</p>
<p>El gran maestro de la narrativa de acción y suspense nos transporta al ocaso de una época violenta y brutal y el comienzo de un nuevo tiempo en un monumental y emocionante relato de ambición y rivalidad, nacimiento y muerte, amor y odio.</p>
<p>Formato Tapa blanda<br />
páginas: 936<br />
Medidas: 15,5 X 23 cm</p>

<p>Año 997, finales de la Edad Oscura. Inglaterra se enfrenta a los ataques de los galeses por el oeste y de los vikingos por el este.<span class="excerpt-hellip"> […]</span></p>
