{"id":686,"date":"2025-11-14T19:05:11","date_gmt":"2025-11-14T19:05:11","guid":{"rendered":"https:\/\/www.mundilibros.cl\/web\/?post_type=product&#038;p=686"},"modified":"2025-11-14T19:06:12","modified_gmt":"2025-11-14T19:06:12","slug":"el-mono-imitamonos","status":"publish","type":"product","link":"https:\/\/www.mundilibros.cl\/web\/producto\/el-mono-imitamonos\/","title":{"rendered":"EL MONO IMITAMONOS"},"content":{"rendered":"<p>Autor: Consuelo Armijo<\/p>\n<p>Serie Blanca<\/p>\n<p>Paginas 45<\/p>\n","protected":false},"excerpt":{"rendered":"<p>Un peque\u00f1o mono muy travieso se divierte imitando a los dem\u00e1s. Un d\u00eda, tratando de imitar al viento, llega a la ciudad. All\u00ed intenta imitar a los humanos. \u00c9stos reaccionan de maneras muy distintas: una se\u00f1ora lo confunde con su prima, otra con un chino y un se\u00f1or se asusta y sale corriendo. Dos hermanos, Tere y Pepito, lo encuentran y se lo llevan a casa. Aunque hace muchas trastadas, deciden acogerlo, pero cuando van a ba\u00f1arlo, se escapa. La madre del monito, que estaba muy preocupada, lo encuentra y juntos regresan al bosque. El peque\u00f1o mono no olvida a los amigos que ha hecho. Cuando llega la primavera, va a verlos con un gran ramo de flores para la madre de los ni\u00f1os.<\/p>\n","protected":false},"featured_media":732,"comment_status":"closed","ping_status":"closed","template":"","meta":[],"product_brand":[],"product_cat":[33],"product_tag":[],"class_list":{"0":"post-686","1":"product","2":"type-product","3":"status-publish","4":"has-post-thumbnail","6":"product_cat-literatura-escolar","8":"first","9":"instock","10":"sale","11":"taxable","12":"shipping-taxable","13":"purchasable","14":"product-type-simple"},"_links":{"self":[{"href":"https:\/\/www.mundilibros.cl\/web\/wp-json\/wp\/v2\/product\/686","targetHints":{"allow":["GET"]}}],"collection":[{"href":"https:\/\/www.mundilibros.cl\/web\/wp-json\/wp\/v2\/product"}],"about":[{"href":"https:\/\/www.mundilibros.cl\/web\/wp-json\/wp\/v2\/types\/product"}],"replies":[{"embeddable":true,"href":"https:\/\/www.mundilibros.cl\/web\/wp-json\/wp\/v2\/comments?post=686"}],"wp:featuredmedia":[{"embeddable":true,"href":"https:\/\/www.mundilibros.cl\/web\/wp-json\/wp\/v2\/media\/732"}],"wp:attachment":[{"href":"https:\/\/www.mundilibros.cl\/web\/wp-json\/wp\/v2\/media?parent=686"}],"wp:term":[{"taxonomy":"product_brand","embeddable":true,"href":"https:\/\/www.mundilibros.cl\/web\/wp-json\/wp\/v2\/product_brand?post=686"},{"taxonomy":"product_cat","embeddable":true,"href":"https:\/\/www.mundilibros.cl\/web\/wp-json\/wp\/v2\/product_cat?post=686"},{"taxonomy":"product_tag","embeddable":true,"href":"https:\/\/www.mundilibros.cl\/web\/wp-json\/wp\/v2\/product_tag?post=686"}],"curies":[{"name":"wp","href":"https:\/\/api.w.org\/{rel}","templated":true}]}}