{"id":700,"date":"2025-11-14T19:05:34","date_gmt":"2025-11-14T19:05:34","guid":{"rendered":"https:\/\/www.mundilibros.cl\/web\/?post_type=product&#038;p=700"},"modified":"2025-11-14T19:06:16","modified_gmt":"2025-11-14T19:06:16","slug":"la-historia-de-ernesto","status":"publish","type":"product","link":"https:\/\/www.mundilibros.cl\/web\/producto\/la-historia-de-ernesto\/","title":{"rendered":"LA HISTORIA DE ERNESTO"},"content":{"rendered":"<p>Autor: Merc\u00e9 Company<\/p>\n<p>Serie Blanca<\/p>\n<p>Paginas: 64<\/p>\n","protected":false},"excerpt":{"rendered":"<p>Ernesto es un ni\u00f1o adoptado. En cada cumplea\u00f1os pide que le detallen los preparativos de su adopci\u00f3n. En este cumplea\u00f1os, adem\u00e1s de preguntar cosas nuevas, \u00e9l adoptar\u00e1 a una gatita.<\/p>\n<p>&nbsp;<\/p>\n<p>Paginas: 64<\/p>\n","protected":false},"featured_media":737,"comment_status":"closed","ping_status":"closed","template":"","meta":[],"product_brand":[],"product_cat":[33],"product_tag":[],"class_list":{"0":"post-700","1":"product","2":"type-product","3":"status-publish","4":"has-post-thumbnail","6":"product_cat-literatura-escolar","8":"first","9":"instock","10":"sale","11":"taxable","12":"shipping-taxable","13":"purchasable","14":"product-type-simple"},"_links":{"self":[{"href":"https:\/\/www.mundilibros.cl\/web\/wp-json\/wp\/v2\/product\/700","targetHints":{"allow":["GET"]}}],"collection":[{"href":"https:\/\/www.mundilibros.cl\/web\/wp-json\/wp\/v2\/product"}],"about":[{"href":"https:\/\/www.mundilibros.cl\/web\/wp-json\/wp\/v2\/types\/product"}],"replies":[{"embeddable":true,"href":"https:\/\/www.mundilibros.cl\/web\/wp-json\/wp\/v2\/comments?post=700"}],"wp:featuredmedia":[{"embeddable":true,"href":"https:\/\/www.mundilibros.cl\/web\/wp-json\/wp\/v2\/media\/737"}],"wp:attachment":[{"href":"https:\/\/www.mundilibros.cl\/web\/wp-json\/wp\/v2\/media?parent=700"}],"wp:term":[{"taxonomy":"product_brand","embeddable":true,"href":"https:\/\/www.mundilibros.cl\/web\/wp-json\/wp\/v2\/product_brand?post=700"},{"taxonomy":"product_cat","embeddable":true,"href":"https:\/\/www.mundilibros.cl\/web\/wp-json\/wp\/v2\/product_cat?post=700"},{"taxonomy":"product_tag","embeddable":true,"href":"https:\/\/www.mundilibros.cl\/web\/wp-json\/wp\/v2\/product_tag?post=700"}],"curies":[{"name":"wp","href":"https:\/\/api.w.org\/{rel}","templated":true}]}}