{"id":703,"date":"2025-11-14T19:05:34","date_gmt":"2025-11-14T19:05:34","guid":{"rendered":"https:\/\/www.mundilibros.cl\/web\/?post_type=product&#038;p=703"},"modified":"2026-02-04T14:40:34","modified_gmt":"2026-02-04T14:40:34","slug":"las-palabras-de-kensia-loran","status":"publish","type":"product","link":"https:\/\/www.mundilibros.cl\/web\/producto\/las-palabras-de-kensia-loran\/","title":{"rendered":"LAS PALABRAS DE KENSIA .Loran"},"content":{"rendered":"<p>Kensia viene de un pa\u00eds muy diferente y no conoce el idioma que se habla en su nueva escuela. Entre todos los cambios y dificultades que experimenta, la amistad ser\u00e1 el veh\u00edculo que la ayudar\u00e1 a descubrir nuevas formas de vivir.<\/p>\n<p>Autor: Antonio Rosell\u00f3<\/p>\n<p>Serie Blanca<\/p>\n<p>Paginas: 64<\/p>\n","protected":false},"excerpt":{"rendered":"<p>Kensia viene de un pa\u00eds muy diferente y no conoce el idioma que se habla en su nueva escuela. Entre todos los cambios y dificultades que<span class=\"excerpt-hellip\"> [\u2026]<\/span><\/p>\n","protected":false},"featured_media":760,"comment_status":"closed","ping_status":"closed","template":"","meta":[],"product_brand":[],"product_cat":[33],"product_tag":[],"class_list":{"0":"post-703","1":"product","2":"type-product","3":"status-publish","4":"has-post-thumbnail","6":"product_cat-literatura-escolar","8":"first","9":"outofstock","10":"taxable","11":"shipping-taxable","12":"purchasable","13":"product-type-simple"},"_links":{"self":[{"href":"https:\/\/www.mundilibros.cl\/web\/wp-json\/wp\/v2\/product\/703","targetHints":{"allow":["GET"]}}],"collection":[{"href":"https:\/\/www.mundilibros.cl\/web\/wp-json\/wp\/v2\/product"}],"about":[{"href":"https:\/\/www.mundilibros.cl\/web\/wp-json\/wp\/v2\/types\/product"}],"replies":[{"embeddable":true,"href":"https:\/\/www.mundilibros.cl\/web\/wp-json\/wp\/v2\/comments?post=703"}],"wp:featuredmedia":[{"embeddable":true,"href":"https:\/\/www.mundilibros.cl\/web\/wp-json\/wp\/v2\/media\/760"}],"wp:attachment":[{"href":"https:\/\/www.mundilibros.cl\/web\/wp-json\/wp\/v2\/media?parent=703"}],"wp:term":[{"taxonomy":"product_brand","embeddable":true,"href":"https:\/\/www.mundilibros.cl\/web\/wp-json\/wp\/v2\/product_brand?post=703"},{"taxonomy":"product_cat","embeddable":true,"href":"https:\/\/www.mundilibros.cl\/web\/wp-json\/wp\/v2\/product_cat?post=703"},{"taxonomy":"product_tag","embeddable":true,"href":"https:\/\/www.mundilibros.cl\/web\/wp-json\/wp\/v2\/product_tag?post=703"}],"curies":[{"name":"wp","href":"https:\/\/api.w.org\/{rel}","templated":true}]}}