{"id":746,"date":"2025-11-14T19:06:17","date_gmt":"2025-11-14T19:06:17","guid":{"rendered":"https:\/\/www.mundilibros.cl\/web\/?post_type=product&#038;p=746"},"modified":"2025-11-14T19:07:21","modified_gmt":"2025-11-14T19:07:21","slug":"biblia-de-los-cristales-vol-1","status":"publish","type":"product","link":"https:\/\/www.mundilibros.cl\/web\/producto\/biblia-de-los-cristales-vol-1\/","title":{"rendered":"BIBLIA DE LOS CRISTALES VOL. 1"},"content":{"rendered":"<p>La biblia de los cristales abarca tanto las principales gemas actualmente disponibles como los cristales que han sido descubiertos recientemente. Bellamente ilustrada, \u00e9sta es una gu\u00eda completa sobre los cristales, su morfolog\u00eda, su cromatismo y sus diversas aplicaciones. Su forma y presentaci\u00f3n hacen de ella una gu\u00eda \u00fanica en su g\u00e9nero, permitiendo encontrar de manera inmediata cualquier tipo de cristal, as\u00ed como toda la informaci\u00f3n relativa a sus propiedades esot\u00e9ricas (efectos espirituales, mentales, psicol\u00f3gicos, emocionales y f\u00edsicos) y terap\u00e9uticas, lo que la convierte en una referencia indispensable para todas aquellas personas amantes de los cristales.<\/p>\n<p>Esta obra viene avalada por la dilatada experiencia de la autora en este campo -m\u00e1s de treinta a\u00f1os-, y a\u00fana el saber tradicional y contempor\u00e1neo relativo al conocimiento de los cristales, Judy Hall es, adem\u00e1s, autora de \u00abThe Illustrated Guide to Crystals\u00bb y \u00abThe Crystals User\u00b4s Handbook\u00bb.<\/p>\n<p>p\u00e1ginas : 400<br \/>\nmedidas : 14 x 17 cms<\/p>\n","protected":false},"excerpt":{"rendered":"<p>La biblia de los cristales abarca tanto las principales gemas actualmente disponibles como los cristales que han sido descubiertos recientemente. Bellamente ilustrada.<\/p>\n","protected":false},"featured_media":788,"comment_status":"closed","ping_status":"closed","template":"","meta":[],"product_brand":[],"product_cat":[161],"product_tag":[],"class_list":{"0":"post-746","1":"product","2":"type-product","3":"status-publish","4":"has-post-thumbnail","6":"product_cat-ciencias-alternativas","8":"first","9":"outofstock","10":"taxable","11":"shipping-taxable","12":"purchasable","13":"product-type-simple"},"_links":{"self":[{"href":"https:\/\/www.mundilibros.cl\/web\/wp-json\/wp\/v2\/product\/746","targetHints":{"allow":["GET"]}}],"collection":[{"href":"https:\/\/www.mundilibros.cl\/web\/wp-json\/wp\/v2\/product"}],"about":[{"href":"https:\/\/www.mundilibros.cl\/web\/wp-json\/wp\/v2\/types\/product"}],"replies":[{"embeddable":true,"href":"https:\/\/www.mundilibros.cl\/web\/wp-json\/wp\/v2\/comments?post=746"}],"wp:featuredmedia":[{"embeddable":true,"href":"https:\/\/www.mundilibros.cl\/web\/wp-json\/wp\/v2\/media\/788"}],"wp:attachment":[{"href":"https:\/\/www.mundilibros.cl\/web\/wp-json\/wp\/v2\/media?parent=746"}],"wp:term":[{"taxonomy":"product_brand","embeddable":true,"href":"https:\/\/www.mundilibros.cl\/web\/wp-json\/wp\/v2\/product_brand?post=746"},{"taxonomy":"product_cat","embeddable":true,"href":"https:\/\/www.mundilibros.cl\/web\/wp-json\/wp\/v2\/product_cat?post=746"},{"taxonomy":"product_tag","embeddable":true,"href":"https:\/\/www.mundilibros.cl\/web\/wp-json\/wp\/v2\/product_tag?post=746"}],"curies":[{"name":"wp","href":"https:\/\/api.w.org\/{rel}","templated":true}]}}