{"id":768,"date":"2025-11-14T19:06:39","date_gmt":"2025-11-14T19:06:39","guid":{"rendered":"https:\/\/www.mundilibros.cl\/web\/?post_type=product&#038;p=768"},"modified":"2025-11-14T19:08:01","modified_gmt":"2025-11-14T19:08:01","slug":"el-temor-de-un-hombre-sabio","status":"publish","type":"product","link":"https:\/\/www.mundilibros.cl\/web\/producto\/el-temor-de-un-hombre-sabio\/","title":{"rendered":"EL TEMOR DE UN HOMBRE SABIO"},"content":{"rendered":"<p><i>\u00abTodo hombre sabio teme tres cosas: la tormenta en el mar, la noche sin luna y la ira de un hombre amable.\u00bb<\/i><\/p>\n<p>El hombre hab\u00eda desaparecido. El mito no. M\u00fasico, mendigo, ladr\u00f3n, estudiante, mago, trotamundos, heroe y asesino, Kvothe hab\u00eda borrado su rastro. Y ni siquiera ahora que le han encontrado, ni siquiera ahora que las tinieblas invaden los rincones del mundo, est\u00e1 dispuesto a regresar. Pero su historia prosigue, la aventura contin\u00faa, y Kvothe seguir\u00e1 cont\u00e1ndola para revelar la verdad tras la leyenda.<\/p>\n","protected":false},"excerpt":{"rendered":"<p><b>Llega\u00a0<\/b><i><b>El temor de un hombre sabio<\/b><\/i><b>, la esperada continuaci\u00f3n de la historia de Kvothe y\u00a0<\/b><i><b>El nombre del viento<\/b><\/i><b>.<\/b><\/p>\n","protected":false},"featured_media":816,"comment_status":"closed","ping_status":"closed","template":"","meta":[],"product_brand":[],"product_cat":[65],"product_tag":[],"class_list":{"0":"post-768","1":"product","2":"type-product","3":"status-publish","4":"has-post-thumbnail","6":"product_cat-narrativa-fantastica","8":"first","9":"outofstock","10":"taxable","11":"shipping-taxable","12":"purchasable","13":"product-type-simple"},"_links":{"self":[{"href":"https:\/\/www.mundilibros.cl\/web\/wp-json\/wp\/v2\/product\/768","targetHints":{"allow":["GET"]}}],"collection":[{"href":"https:\/\/www.mundilibros.cl\/web\/wp-json\/wp\/v2\/product"}],"about":[{"href":"https:\/\/www.mundilibros.cl\/web\/wp-json\/wp\/v2\/types\/product"}],"replies":[{"embeddable":true,"href":"https:\/\/www.mundilibros.cl\/web\/wp-json\/wp\/v2\/comments?post=768"}],"wp:featuredmedia":[{"embeddable":true,"href":"https:\/\/www.mundilibros.cl\/web\/wp-json\/wp\/v2\/media\/816"}],"wp:attachment":[{"href":"https:\/\/www.mundilibros.cl\/web\/wp-json\/wp\/v2\/media?parent=768"}],"wp:term":[{"taxonomy":"product_brand","embeddable":true,"href":"https:\/\/www.mundilibros.cl\/web\/wp-json\/wp\/v2\/product_brand?post=768"},{"taxonomy":"product_cat","embeddable":true,"href":"https:\/\/www.mundilibros.cl\/web\/wp-json\/wp\/v2\/product_cat?post=768"},{"taxonomy":"product_tag","embeddable":true,"href":"https:\/\/www.mundilibros.cl\/web\/wp-json\/wp\/v2\/product_tag?post=768"}],"curies":[{"name":"wp","href":"https:\/\/api.w.org\/{rel}","templated":true}]}}