{"id":792,"date":"2025-11-14T19:07:22","date_gmt":"2025-11-14T19:07:22","guid":{"rendered":"https:\/\/www.mundilibros.cl\/web\/?post_type=product&#038;p=792"},"modified":"2025-11-14T19:08:11","modified_gmt":"2025-11-14T19:08:11","slug":"el-libro-de-los-mediums","status":"publish","type":"product","link":"https:\/\/www.mundilibros.cl\/web\/producto\/el-libro-de-los-mediums\/","title":{"rendered":"EL LIBRO DE LOS MEDIUMS"},"content":{"rendered":"<p>Allan Kardec, cuyo verdadero nombre fue Le\u00f3n Hippolyte Rivail, naci\u00f3 en Lyon en 1804 y muri\u00f3 en Par\u00eds en 1869. Su vida la dedic\u00f3 a promover y modificar la ciencia espiritista tratando de dar al espiritismo el car\u00e1cter grave que es su esencia y evitar que fuera objeto de ocupaci\u00f3n fr\u00edvola y de diversi\u00f3n. Trat\u00f3 de que el espiritismo entrara por la v\u00eda filos\u00f3fica y fuera apreciado por las gentes ilustradas. Sus obras principales son El evangelio seg\u00fan el espiritismo, El libro de los Esp\u00edritus y El libro de los m\u00e9diums. La presente obra est\u00e1 destinada a facilitar el camino a aquellas personas que, ocup\u00e1ndose del espiritismo, desean entrar por s\u00ed mismas en comunicaci\u00f3n con los Esp\u00edritus. Allan Kardec comparte sus laboriosos y largos estudios en este volumen, que viene a ser la parte pr\u00e1ctica de la filosof\u00eda Espiritista. Como \u00e9l mismo dijo, este libro est\u00e1 dirigido a las personas que ven en el espiritismo un fin serio, que comprenden toda su gravedad, y las comunicaciones con el mundo invisible no les sirven de juguete.<\/p>\n<p>p\u00e1ginas : 448<br \/>\nmedidas: 13,5 x 20 cm<\/p>\n","protected":false},"excerpt":{"rendered":"<p>Allan Kardec,\u00a0 Se dedic\u00f3 a promover y modificar la ciencia espiritista tratando de dar al espiritismo el car\u00e1cter grave que es su esencia y evitar que fuera objeto de ocupaci\u00f3n fr\u00edvola y de diversi\u00f3n.<\/p>\n","protected":false},"featured_media":840,"comment_status":"closed","ping_status":"closed","template":"","meta":[],"product_brand":[],"product_cat":[161],"product_tag":[],"class_list":{"0":"post-792","1":"product","2":"type-product","3":"status-publish","4":"has-post-thumbnail","6":"product_cat-ciencias-alternativas","8":"first","9":"outofstock","10":"taxable","11":"shipping-taxable","12":"purchasable","13":"product-type-simple"},"_links":{"self":[{"href":"https:\/\/www.mundilibros.cl\/web\/wp-json\/wp\/v2\/product\/792","targetHints":{"allow":["GET"]}}],"collection":[{"href":"https:\/\/www.mundilibros.cl\/web\/wp-json\/wp\/v2\/product"}],"about":[{"href":"https:\/\/www.mundilibros.cl\/web\/wp-json\/wp\/v2\/types\/product"}],"replies":[{"embeddable":true,"href":"https:\/\/www.mundilibros.cl\/web\/wp-json\/wp\/v2\/comments?post=792"}],"wp:featuredmedia":[{"embeddable":true,"href":"https:\/\/www.mundilibros.cl\/web\/wp-json\/wp\/v2\/media\/840"}],"wp:attachment":[{"href":"https:\/\/www.mundilibros.cl\/web\/wp-json\/wp\/v2\/media?parent=792"}],"wp:term":[{"taxonomy":"product_brand","embeddable":true,"href":"https:\/\/www.mundilibros.cl\/web\/wp-json\/wp\/v2\/product_brand?post=792"},{"taxonomy":"product_cat","embeddable":true,"href":"https:\/\/www.mundilibros.cl\/web\/wp-json\/wp\/v2\/product_cat?post=792"},{"taxonomy":"product_tag","embeddable":true,"href":"https:\/\/www.mundilibros.cl\/web\/wp-json\/wp\/v2\/product_tag?post=792"}],"curies":[{"name":"wp","href":"https:\/\/api.w.org\/{rel}","templated":true}]}}