{"id":805,"date":"2025-11-14T19:07:44","date_gmt":"2025-11-14T19:07:44","guid":{"rendered":"https:\/\/www.mundilibros.cl\/web\/?post_type=product&#038;p=805"},"modified":"2025-11-29T17:01:06","modified_gmt":"2025-11-29T17:01:06","slug":"enciclopedia-infantil-de-dinosaurios","status":"publish","type":"product","link":"https:\/\/www.mundilibros.cl\/web\/producto\/enciclopedia-infantil-de-dinosaurios\/","title":{"rendered":"ENCICLOPEDIA INFANTIL DE DINOSAURIOS"},"content":{"rendered":"<p>Viaja en el tiempo a la era de los dinosaurios. Explora un mundo prehist\u00f3rico completamente diferente y fascinante en el que los dinosaurios dominaban el planeta. Descubre las muchas especies de dinosaurios, desde el enorme Tyrannosaurus rex hasta el Microraptor, del tama\u00f1o de una paloma. Conoce las causas que pueden haber provocado la extinci\u00f3n de los poderosos dinosaurios. Finalmente, ent\u00e9rate de la forma en que los cient\u00edficos obtienen informaci\u00f3n sobre los dinosaurios y otros animales prehist\u00f3ricos a partir de los f\u00f3siles. Las hermosas ilustraciones y los numerosos recuadros de datos interesantes en este libro hacen que la lectura sea muy amena.<\/p>\n<p>\u00a1El Se\u00f1or T. Rex, Dippy el Diplodocus, Tricky el Triceratops y Steggy el Stegosaurio ense\u00f1an a los ni\u00f1os las caracter\u00edsticas y los h\u00e1bitos de los dinosaurios!<\/p>\n","protected":false},"excerpt":{"rendered":"<p>Viaja en el tiempo a la era de los dinosaurios. Explora un mundo prehist\u00f3rico completamente diferente y fascinante en el que los dinosaurios dominaban el planeta.<span class=\"excerpt-hellip\"> [\u2026]<\/span><\/p>\n","protected":false},"featured_media":856,"comment_status":"closed","ping_status":"closed","template":"","meta":[],"product_brand":[],"product_cat":[64],"product_tag":[],"class_list":{"0":"post-805","1":"product","2":"type-product","3":"status-publish","4":"has-post-thumbnail","6":"product_cat-libros-infantiles","8":"first","9":"instock","10":"sale","11":"featured","12":"taxable","13":"shipping-taxable","14":"purchasable","15":"product-type-simple"},"_links":{"self":[{"href":"https:\/\/www.mundilibros.cl\/web\/wp-json\/wp\/v2\/product\/805","targetHints":{"allow":["GET"]}}],"collection":[{"href":"https:\/\/www.mundilibros.cl\/web\/wp-json\/wp\/v2\/product"}],"about":[{"href":"https:\/\/www.mundilibros.cl\/web\/wp-json\/wp\/v2\/types\/product"}],"replies":[{"embeddable":true,"href":"https:\/\/www.mundilibros.cl\/web\/wp-json\/wp\/v2\/comments?post=805"}],"wp:featuredmedia":[{"embeddable":true,"href":"https:\/\/www.mundilibros.cl\/web\/wp-json\/wp\/v2\/media\/856"}],"wp:attachment":[{"href":"https:\/\/www.mundilibros.cl\/web\/wp-json\/wp\/v2\/media?parent=805"}],"wp:term":[{"taxonomy":"product_brand","embeddable":true,"href":"https:\/\/www.mundilibros.cl\/web\/wp-json\/wp\/v2\/product_brand?post=805"},{"taxonomy":"product_cat","embeddable":true,"href":"https:\/\/www.mundilibros.cl\/web\/wp-json\/wp\/v2\/product_cat?post=805"},{"taxonomy":"product_tag","embeddable":true,"href":"https:\/\/www.mundilibros.cl\/web\/wp-json\/wp\/v2\/product_tag?post=805"}],"curies":[{"name":"wp","href":"https:\/\/api.w.org\/{rel}","templated":true}]}}