{"id":809,"date":"2025-11-14T19:07:44","date_gmt":"2025-11-14T19:07:44","guid":{"rendered":"https:\/\/www.mundilibros.cl\/web\/?post_type=product&#038;p=809"},"modified":"2025-11-14T19:08:47","modified_gmt":"2025-11-14T19:08:47","slug":"el-libro-del-hombre","status":"publish","type":"product","link":"https:\/\/www.mundilibros.cl\/web\/producto\/el-libro-del-hombre\/","title":{"rendered":"EL LIBRO DEL HOMBRE"},"content":{"rendered":"<p>Osho define al hombre a trav\u00e9s de diferentes estereotipos: desde el Ad\u00e1n, el esclavo, el hijo, el homosexual, el marido, el pol\u00edtico, el sacerdote, etc\u00e9tera, a trav\u00e9s de veintinueve cap\u00edtulos, aportando nuevas ideas para convertir toda la carga negativa que normalmente ha conllevado el ser hombre en aspectos positivos. Toda la sabidur\u00eda de Osho, adem\u00e1s de sus an\u00e9cdotas, chistes y t\u00e9cnicas de meditaci\u00f3n, sirven en este libro para que los hombres se descubran a s\u00ed mismos y tambi\u00e9n para que las mujeres entiendan las cualidades positivas que puede contener la masculinidad. Un libro que, junto a\u00a0<i>El libro de la mujer<\/i>\u00a0y\u00a0<i>El libro del ni\u00f1o<\/i>, supone una aportaci\u00f3n imprescindible para el conocimiento del ser humano a las puertas de un nuevo milenio.<\/p>\n","protected":false},"excerpt":{"rendered":"<p>Osho define al hombre a trav\u00e9s de diferentes estereotipos: desde el Ad\u00e1n, el esclavo, el hijo, el homosexual, el marido, el pol\u00edtico, el sacerdote, etc\u00e9tera, a<span class=\"excerpt-hellip\"> [\u2026]<\/span><\/p>\n","protected":false},"featured_media":862,"comment_status":"closed","ping_status":"closed","template":"","meta":[],"product_brand":[],"product_cat":[46],"product_tag":[],"class_list":{"0":"post-809","1":"product","2":"type-product","3":"status-publish","4":"has-post-thumbnail","6":"product_cat-autoayuda","8":"first","9":"outofstock","10":"taxable","11":"shipping-taxable","12":"purchasable","13":"product-type-simple"},"_links":{"self":[{"href":"https:\/\/www.mundilibros.cl\/web\/wp-json\/wp\/v2\/product\/809","targetHints":{"allow":["GET"]}}],"collection":[{"href":"https:\/\/www.mundilibros.cl\/web\/wp-json\/wp\/v2\/product"}],"about":[{"href":"https:\/\/www.mundilibros.cl\/web\/wp-json\/wp\/v2\/types\/product"}],"replies":[{"embeddable":true,"href":"https:\/\/www.mundilibros.cl\/web\/wp-json\/wp\/v2\/comments?post=809"}],"wp:featuredmedia":[{"embeddable":true,"href":"https:\/\/www.mundilibros.cl\/web\/wp-json\/wp\/v2\/media\/862"}],"wp:attachment":[{"href":"https:\/\/www.mundilibros.cl\/web\/wp-json\/wp\/v2\/media?parent=809"}],"wp:term":[{"taxonomy":"product_brand","embeddable":true,"href":"https:\/\/www.mundilibros.cl\/web\/wp-json\/wp\/v2\/product_brand?post=809"},{"taxonomy":"product_cat","embeddable":true,"href":"https:\/\/www.mundilibros.cl\/web\/wp-json\/wp\/v2\/product_cat?post=809"},{"taxonomy":"product_tag","embeddable":true,"href":"https:\/\/www.mundilibros.cl\/web\/wp-json\/wp\/v2\/product_tag?post=809"}],"curies":[{"name":"wp","href":"https:\/\/api.w.org\/{rel}","templated":true}]}}