{"id":821,"date":"2025-11-14T19:08:05","date_gmt":"2025-11-14T19:08:05","guid":{"rendered":"https:\/\/www.mundilibros.cl\/web\/?post_type=product&#038;p=821"},"modified":"2025-11-14T19:08:47","modified_gmt":"2025-11-14T19:08:47","slug":"un-curso-de-milagros-rustico","status":"publish","type":"product","link":"https:\/\/www.mundilibros.cl\/web\/producto\/un-curso-de-milagros-rustico\/","title":{"rendered":"UN CURSO DE MILAGROS RUSTICO"},"content":{"rendered":"<p>Segunda edici\u00f3n, obra completa.<\/p>\n<p>\u00c9ste es un curso de milagros. Es un curso obligatorio. S\u00f3lo el momento en que decides tomarlo es voluntario. Tener libre albedr\u00edo no quiere decir que t\u00fa mismo puedas establecer el plan de estudios. Significa \u00fanicamente que puedes elegir lo que quieres aprender en cualquier momento dado.<\/p>\n<p>Este curso no pretende ense\u00f1ar el significado del amor, pues eso est\u00e1 m\u00e1s all\u00e1 de lo que se puede ense\u00f1ar. Pretende, no obstante, despejar los obst\u00e1culos que impiden experimentar la presencia del amor, \u00e9l cual es tu herencia natural. Lo opuesto al amor es el miedo, pero aquello que todo lo abarca no puede tener opuestos. Este curso puede, por lo tanto, resumirse muy simplemente de la siguiente manera: Nada real puede ser amenazado. Nada irreal existe. En esto radica la paz de Dios.<\/p>\n<p>Encuadernaci\u00f3n: Tapa Blanda<br \/>\nN\u00ba P\u00e1g.: 1.496<br \/>\nDimensiones: 14 x 21 cm<\/p>\n","protected":false},"excerpt":{"rendered":"<p>Segunda edici\u00f3n, obra completa. \u00c9ste es un curso de milagros. Es un curso obligatorio. S\u00f3lo el momento en que decides tomarlo es voluntario. Tener libre albedr\u00edo<span class=\"excerpt-hellip\"> [\u2026]<\/span><\/p>\n","protected":false},"featured_media":863,"comment_status":"closed","ping_status":"closed","template":"","meta":[],"product_brand":[],"product_cat":[46],"product_tag":[],"class_list":{"0":"post-821","1":"product","2":"type-product","3":"status-publish","4":"has-post-thumbnail","6":"product_cat-autoayuda","8":"first","9":"outofstock","10":"taxable","11":"shipping-taxable","12":"purchasable","13":"product-type-simple"},"_links":{"self":[{"href":"https:\/\/www.mundilibros.cl\/web\/wp-json\/wp\/v2\/product\/821","targetHints":{"allow":["GET"]}}],"collection":[{"href":"https:\/\/www.mundilibros.cl\/web\/wp-json\/wp\/v2\/product"}],"about":[{"href":"https:\/\/www.mundilibros.cl\/web\/wp-json\/wp\/v2\/types\/product"}],"replies":[{"embeddable":true,"href":"https:\/\/www.mundilibros.cl\/web\/wp-json\/wp\/v2\/comments?post=821"}],"wp:featuredmedia":[{"embeddable":true,"href":"https:\/\/www.mundilibros.cl\/web\/wp-json\/wp\/v2\/media\/863"}],"wp:attachment":[{"href":"https:\/\/www.mundilibros.cl\/web\/wp-json\/wp\/v2\/media?parent=821"}],"wp:term":[{"taxonomy":"product_brand","embeddable":true,"href":"https:\/\/www.mundilibros.cl\/web\/wp-json\/wp\/v2\/product_brand?post=821"},{"taxonomy":"product_cat","embeddable":true,"href":"https:\/\/www.mundilibros.cl\/web\/wp-json\/wp\/v2\/product_cat?post=821"},{"taxonomy":"product_tag","embeddable":true,"href":"https:\/\/www.mundilibros.cl\/web\/wp-json\/wp\/v2\/product_tag?post=821"}],"curies":[{"name":"wp","href":"https:\/\/api.w.org\/{rel}","templated":true}]}}