{"id":847,"date":"2025-11-14T19:08:29","date_gmt":"2025-11-14T19:08:29","guid":{"rendered":"https:\/\/www.mundilibros.cl\/web\/?post_type=product&#038;p=847"},"modified":"2025-11-14T19:09:07","modified_gmt":"2025-11-14T19:09:07","slug":"obras-completas-de-sherlock-holmes","status":"publish","type":"product","link":"https:\/\/www.mundilibros.cl\/web\/producto\/obras-completas-de-sherlock-holmes\/","title":{"rendered":"OBRAS COMPLETAS DE SHERLOCK HOLMES"},"content":{"rendered":"<p>El d\u00fao detectivesco de Sherlock Holmes y el doctor John Watson, es quiz\u00e1s el m\u00e1s famoso de todos los tiempos y el producto de la imaginaci\u00f3n del autor brit\u00e1nico Arthur Conan Doyle (1859-1930). Sherlock Holmes, con su avasallante intelecto, se enfrenta a toda clase de misterios y cr\u00edmenes, contando siempre con el apoyo del doctor Watson, y sus oportunas dudas, siempre dispuestas a sacar a la luz lo mejor del detective y su complicada mente.<\/p>\n<p>Holmes ha sido el modelo a seguir de innumerables personajes literarios y llevado a todos los medios posibles, convirti\u00e9ndose en un inmortal referente de inteligencia, del razonamiento abstracto y del arte de la deducci\u00f3n.<\/p>\n<p>El presente volumen re\u00fane todas las aventuras del detective de la pluma de Arthur Conan Doyle:\u00a0<em>Estudio en escarlata<\/em>\u00a0(1887),\u00a0<em>El signo de los cuatro<\/em>\u00a0(1890),\u00a0<em>Las aventuras de Sherlock Holmes<\/em>\u00a0(1891-92),\u00a0<em>Las memorias de Sherlock Holmes<\/em>\u00a0(1892-93),\u00a0<em>El sabueso de los Baskerville<\/em>\u00a0(1901-02),\u00a0<em>El regreso de Sherlock Holmes<\/em>\u00a0(1903-04),\u00a0<em>Su \u00faltima reverencia<\/em>\u00a0(1908-17),\u00a0<em>El valle del terror<\/em>\u00a0(1914-15) y\u00a0<em>El archivo de Sherlock Holmes<\/em>\u00a0(1924-26)<\/p>\n","protected":false},"excerpt":{"rendered":"<p>El d\u00fao detectivesco de Sherlock Holmes y el doctor John Watson, es quiz\u00e1s el m\u00e1s famoso de todos los tiempos y el producto de la imaginaci\u00f3n<span class=\"excerpt-hellip\"> [\u2026]<\/span><\/p>\n","protected":false},"featured_media":889,"comment_status":"closed","ping_status":"closed","template":"","meta":[],"product_brand":[],"product_cat":[110],"product_tag":[],"class_list":{"0":"post-847","1":"product","2":"type-product","3":"status-publish","4":"has-post-thumbnail","6":"product_cat-clasicos","8":"first","9":"instock","10":"taxable","11":"shipping-taxable","12":"purchasable","13":"product-type-simple"},"_links":{"self":[{"href":"https:\/\/www.mundilibros.cl\/web\/wp-json\/wp\/v2\/product\/847","targetHints":{"allow":["GET"]}}],"collection":[{"href":"https:\/\/www.mundilibros.cl\/web\/wp-json\/wp\/v2\/product"}],"about":[{"href":"https:\/\/www.mundilibros.cl\/web\/wp-json\/wp\/v2\/types\/product"}],"replies":[{"embeddable":true,"href":"https:\/\/www.mundilibros.cl\/web\/wp-json\/wp\/v2\/comments?post=847"}],"wp:featuredmedia":[{"embeddable":true,"href":"https:\/\/www.mundilibros.cl\/web\/wp-json\/wp\/v2\/media\/889"}],"wp:attachment":[{"href":"https:\/\/www.mundilibros.cl\/web\/wp-json\/wp\/v2\/media?parent=847"}],"wp:term":[{"taxonomy":"product_brand","embeddable":true,"href":"https:\/\/www.mundilibros.cl\/web\/wp-json\/wp\/v2\/product_brand?post=847"},{"taxonomy":"product_cat","embeddable":true,"href":"https:\/\/www.mundilibros.cl\/web\/wp-json\/wp\/v2\/product_cat?post=847"},{"taxonomy":"product_tag","embeddable":true,"href":"https:\/\/www.mundilibros.cl\/web\/wp-json\/wp\/v2\/product_tag?post=847"}],"curies":[{"name":"wp","href":"https:\/\/api.w.org\/{rel}","templated":true}]}}