{"id":900,"date":"2025-11-14T19:09:39","date_gmt":"2025-11-14T19:09:39","guid":{"rendered":"https:\/\/www.mundilibros.cl\/web\/?post_type=product&#038;p=900"},"modified":"2025-11-14T19:10:50","modified_gmt":"2025-11-14T19:10:50","slug":"nuestra-verdad-kamala-harris","status":"publish","type":"product","link":"https:\/\/www.mundilibros.cl\/web\/producto\/nuestra-verdad-kamala-harris\/","title":{"rendered":"NUESTRA VERDAD &#8211; KAMALA HARRIS"},"content":{"rendered":"<p>En estas memorias, Kamala recorre una trayectoria personal que desde sus or\u00edgenes est\u00e1 impregnada de la lucha constante por la justicia social y la defensa de los m\u00e1s vulnerables; la de los ni\u00f1os v\u00edctima de abusos en su etapa como fiscal, la del matrimonio gay durante su cargo como Fiscal general de California, o la de las familias desahuciadas durante la crisis hipotecaria. Kamala Harris, criada por su madre india en una comunidad afroamericana muy vinculada a los derechos civiles, reflexiona en este libro sobre la importancia de alzar la voz contra los prejuicios y sobre los personajes, p\u00fablicos y privados, que la han inspirado.<\/p>\n<p>Un libro emocionante y escrito con honestidad, cuya lectura no solo nos sumerge en la\u00a0vida de una mujer que ha hecho historia a cada paso de su carrera, sino que adem\u00e1s nos permite evaluar los importantes cambios pol\u00edticos y sociales vividos en las \u00faltimas cinco d\u00e9cadas y los desaf\u00edos que nos aguardan.<\/p>\n","protected":false},"excerpt":{"rendered":"<p><strong>Escrito en primera persona, esta autobiograf\u00eda es la presentaci\u00f3n al mundo de la nueva vicepresidenta de Estados Unidos.<\/strong><\/p>\n","protected":false},"featured_media":950,"comment_status":"closed","ping_status":"closed","template":"","meta":[],"product_brand":[],"product_cat":[48],"product_tag":[],"class_list":{"0":"post-900","1":"product","2":"type-product","3":"status-publish","4":"has-post-thumbnail","6":"product_cat-biografias","8":"first","9":"instock","10":"sale","11":"taxable","12":"shipping-taxable","13":"purchasable","14":"product-type-simple"},"_links":{"self":[{"href":"https:\/\/www.mundilibros.cl\/web\/wp-json\/wp\/v2\/product\/900","targetHints":{"allow":["GET"]}}],"collection":[{"href":"https:\/\/www.mundilibros.cl\/web\/wp-json\/wp\/v2\/product"}],"about":[{"href":"https:\/\/www.mundilibros.cl\/web\/wp-json\/wp\/v2\/types\/product"}],"replies":[{"embeddable":true,"href":"https:\/\/www.mundilibros.cl\/web\/wp-json\/wp\/v2\/comments?post=900"}],"wp:featuredmedia":[{"embeddable":true,"href":"https:\/\/www.mundilibros.cl\/web\/wp-json\/wp\/v2\/media\/950"}],"wp:attachment":[{"href":"https:\/\/www.mundilibros.cl\/web\/wp-json\/wp\/v2\/media?parent=900"}],"wp:term":[{"taxonomy":"product_brand","embeddable":true,"href":"https:\/\/www.mundilibros.cl\/web\/wp-json\/wp\/v2\/product_brand?post=900"},{"taxonomy":"product_cat","embeddable":true,"href":"https:\/\/www.mundilibros.cl\/web\/wp-json\/wp\/v2\/product_cat?post=900"},{"taxonomy":"product_tag","embeddable":true,"href":"https:\/\/www.mundilibros.cl\/web\/wp-json\/wp\/v2\/product_tag?post=900"}],"curies":[{"name":"wp","href":"https:\/\/api.w.org\/{rel}","templated":true}]}}

<p>En estas memorias, Kamala recorre una trayectoria personal que desde sus orígenes está impregnada de la lucha constante por la justicia social y la defensa de los más vulnerables; la de los niños víctima de abusos en su etapa como fiscal, la del matrimonio gay durante su cargo como Fiscal general de California, o la de las familias desahuciadas durante la crisis hipotecaria. Kamala Harris, criada por su madre india en una comunidad afroamericana muy vinculada a los derechos civiles, reflexiona en este libro sobre la importancia de alzar la voz contra los prejuicios y sobre los personajes, públicos y privados, que la han inspirado.</p>
<p>Un libro emocionante y escrito con honestidad, cuya lectura no solo nos sumerge en la vida de una mujer que ha hecho historia a cada paso de su carrera, sino que además nos permite evaluar los importantes cambios políticos y sociales vividos en las últimas cinco décadas y los desafíos que nos aguardan.</p>

<p><strong>Escrito en primera persona, esta autobiografía es la presentación al mundo de la nueva vicepresidenta de Estados Unidos.</strong></p>
